-- Table structure for eqpt_equipment_model_info
-- ----------------------------
CREATE TABLE `eqpt_equipment_model_info`  (
  `id` bigint NOT NULL,
  `equipment_type` char(1) CHARACTER SET utf8mb3 COLLATE utf8mb3_general_ci NULL DEFAULT NULL COMMENT '设备类型(1通用设备;2特种设备)',
  `equipment_name` varchar(255) CHARACTER SET utf8mb3 COLLATE utf8mb3_general_ci NULL DEFAULT NULL COMMENT '设备名称',
  `model` varchar(255) CHARACTER SET utf8mb3 COLLATE utf8mb3_general_ci NULL DEFAULT NULL COMMENT '型号规格',
  `help_instruction` varchar(255) CHARACTER SET utf8mb3 COLLATE utf8mb3_general_ci NULL DEFAULT NULL COMMENT '辅助说明',
  `category` varchar(20) CHARACTER SET utf8mb3 COLLATE utf8mb3_general_ci NULL DEFAULT NULL COMMENT '设备分类(字典code)',
  `check_cycle` int NULL DEFAULT NULL COMMENT '检定周期(月)',
  `instructions_file` varchar(255) CHARACTER SET utf8mb3 COLLATE utf8mb3_general_ci NULL DEFAULT NULL COMMENT '说明书(minio存储文件名)（多个用,拼接）',
  `remark` varchar(255) CHARACTER SET utf8mb3 COLLATE utf8mb3_general_ci NULL DEFAULT NULL COMMENT '备注',
  `inspectable` varchar(8) CHARACTER SET utf8mb3 COLLATE utf8mb3_general_ci NULL DEFAULT '' COMMENT '计量站是否可检(1西昌可检；2海口可检，多个用,拼接)',
  `create_user_id` bigint NULL DEFAULT NULL COMMENT '创建人id',
  `create_dept_id` varchar(255) CHARACTER SET utf8mb3 COLLATE utf8mb3_general_ci NULL DEFAULT NULL COMMENT '创建部门id',
  `create_time` timestamp(0) NULL DEFAULT CURRENT_TIMESTAMP(0) COMMENT '创建时间',
  `update_time` timestamp(0) NULL DEFAULT CURRENT_TIMESTAMP(0) ON UPDATE CURRENT_TIMESTAMP(0) COMMENT '更新时间',
  PRIMARY KEY (`id`) USING BTREE
) ENGINE = InnoDB CHARACTER SET = utf8mb3 COLLATE = utf8mb3_general_ci COMMENT = '受检设备-设备台账-规格型号表' ROW_FORMAT = DYNAMIC;

-- ----------------------------
-- Records of eqpt_equipment_model_info
-- ----------------------------
INSERT INTO `eqpt_equipment_model_info` VALUES (1730406936119111682, '1', '数字示波器', 'TDS1012C', '/', '0', 12, '上传文档_1701396072712.docx', NULL, '1,2', 1730398676901191681, '1703606843143122945', '2023-12-01 00:00:00', '2023-12-01 00:00:00');
INSERT INTO `eqpt_equipment_model_info` VALUES (1730407412227141634, '1', '数字示波器', 'TDS1102', '/', '0', 12, NULL, '1GHz频带宽度', '1,2', 1730398676901191681, '1703606843143122945', '2023-12-01 00:00:00', '2023-12-01 00:00:00');
INSERT INTO `eqpt_equipment_model_info` VALUES (1730408575831928833, '1', '数字多用表', 'UT70C', '/', '1', 24, '数字表UT70C说明书（测试）_1701396309304.docx,数字表UT70C说明书（测试）_1701396344589.pdf', NULL, '1,2', 1711282677995839490, '1707239571046658050', '2023-12-01 10:02:24', '2023-12-01 10:08:15');
INSERT INTO `eqpt_equipment_model_info` VALUES (1730410345547198465, '1', '数字多用表', 'Fluke 8846A', '/', '1', 12, '数字多用表8846A说明书（测试）_1701396947220.pdf', NULL, '1,2', 1711282677995839490, '1707239571046658050', '2023-12-01 10:13:36', '2023-12-01 10:15:17');
INSERT INTO `eqpt_equipment_model_info` VALUES (1730410692202229762, '1', '多功能电力参数测量仪', 'DM6200', '/', '1', 24, NULL, NULL, '1,2', 1711282677995839490, '1707239571046658050', '2023-12-01 10:14:30', '2023-12-01 10:16:39');
INSERT INTO `eqpt_equipment_model_info` VALUES (1730411259536371713, '1', '接地电阻表', 'ZC-８', '/', '1', 12, NULL, NULL, '1,2', 1711282677995839490, '1707239571046658050', '2023-12-01 00:00:00', '2023-12-01 00:00:00');
INSERT INTO `eqpt_equipment_model_info` VALUES (1730411522976411650, '1', '兆欧表', 'ZC25-1', '/', '1', 24, NULL, NULL, '1,2', 1711282677995839490, '1707239571046658050', '2023-12-01 10:18:17', '2023-12-01 10:19:57');
INSERT INTO `eqpt_equipment_model_info` VALUES (1730413538700193793, '1', '数字示波器', 'TDS1012C', 'SC', '0', 12, NULL, NULL, '1', 1730398676901191681, '1703606843143122945', '2023-12-01 00:00:00', '2023-12-01 00:00:00');
INSERT INTO `eqpt_equipment_model_info` VALUES (1730415571729674242, '1', '通用计数器', '53220', '/', '0', 12, NULL, NULL, '2,1', 1730398676901191681, '1703606843143122945', '2023-12-01 10:33:25', '2023-12-01 10:36:03');
INSERT INTO `eqpt_equipment_model_info` VALUES (1730415712826060802, '1', '频谱分析仪', 'N9030A', '/', '0', 12, NULL, NULL, '1,2', 1730398676901191681, '1703606843143122945', '2023-12-01 10:34:05', '2023-12-01 10:36:36');
INSERT INTO `eqpt_equipment_model_info` VALUES (1730416065827074049, '1', '信号发生器', 'E8257D', '/', '0', 12, NULL, NULL, '1,2', 1730398676901191681, '1703606843143122945', '2023-12-01 10:34:45', '2023-12-01 10:38:00');
INSERT INTO `eqpt_equipment_model_info` VALUES (1731210090595328001, '1', '测试通用设备2', 'casic-level100', '测试通用设备22', '0', 2, NULL, '1', '1,2', 1730774761509875714, '1730493328648171522', '2023-12-03 15:00:54', '2023-12-03 15:13:44');
INSERT INTO `eqpt_equipment_model_info` VALUES (1731479868639649794, '2', '特测试23', 'casic2', '/', '0', 1, NULL, NULL, '', 1730408513198383105, '1691998769869987841', '2023-12-04 09:04:42', '2023-12-04 09:05:45');
INSERT INTO `eqpt_equipment_model_info` VALUES (1731502315241840641, '1', '多功能电力参数测量仪', 'DM6200H', '/', '1', 24, NULL, NULL, '2,1', 1731483767400427521, '1702481190331166721', '2023-12-04 10:31:19', '2023-12-04 10:34:56');
INSERT INTO `eqpt_equipment_model_info` VALUES (1731876656773120002, '1', '压力表', '1.5MPa', '/', '2', 6, NULL, NULL, '', 1731483767400427521, '1702481190331166721', '2023-12-05 11:19:44', '2023-12-05 11:22:26');
INSERT INTO `eqpt_equipment_model_info` VALUES (1731876771571220482, '1', '压力表', '4Mpa', '/', '2', 6, NULL, NULL, '1,2', 1731483767400427521, '1702481190331166721', '2023-12-05 11:21:01', '2023-12-05 11:22:54');
INSERT INTO `eqpt_equipment_model_info` VALUES (1731876901535924226, '1', '压力表', '10MPa', '/', '2', 6, NULL, NULL, '', 1731483767400427521, '1702481190331166721', '2023-12-05 11:21:28', '2023-12-05 11:23:25');
INSERT INTO `eqpt_equipment_model_info` VALUES (1731877013779693569, '1', '压力表', '60MPa', '/', '2', 6, NULL, NULL, '', 1731483767400427521, '1702481190331166721', '2023-12-05 11:22:00', '2023-12-05 11:23:52');
INSERT INTO `eqpt_equipment_model_info` VALUES (1731877173184217090, '1', '精密压力表', '40MPa', '/', '2', 12, NULL, NULL, '1,2', 1731483767400427521, '1702481190331166721', '2023-12-05 11:22:28', '2023-12-05 11:24:30');
INSERT INTO `eqpt_equipment_model_info` VALUES (1732008081379844097, '1', '钳形电流表', 'FLUKE 317', '/', '1', 24, NULL, NULL, '1,2', 1731484037169672194, '1702481190331166721', '2023-12-05 20:02:48', '2023-12-05 20:04:41');
INSERT INTO `eqpt_equipment_model_info` VALUES (1732218649546117121, '1', '信号发生器', 'AV1464A', '/', '0', 12, NULL, NULL, '1,2', 1711357073947140097, '1707240004817383425', '2023-12-06 10:01:02', '2023-12-06 10:01:24');
INSERT INTO `eqpt_equipment_model_info` VALUES (1732218797189812225, '1', '信号发生器', 'AV1465A', '/', '0', 12, NULL, NULL, '1,2', 1711357073947140097, '1707240004817383425', '2023-12-06 10:01:44', '2023-12-06 10:01:59');
INSERT INTO `eqpt_equipment_model_info` VALUES (1732218893054824450, '1', '信号发生器', 'AV1466A', '/', '0', 12, NULL, NULL, '1,2', 1711357073947140097, '1707240004817383425', '2023-12-06 10:02:08', '2023-12-06 10:02:22');
INSERT INTO `eqpt_equipment_model_info` VALUES (1732219006837903361, '1', '信号发生器', 'N5183A', '/', '0', 12, NULL, NULL, '1,2', 1711357073947140097, '1707240004817383425', '2023-12-06 10:02:33', '2023-12-06 10:02:49');
INSERT INTO `eqpt_equipment_model_info` VALUES (1732219134994862081, '1', '信号发生器', 'AV1442', '/', '0', 12, NULL, NULL, '1,2', 1711357073947140097, '1707240004817383425', '2023-12-06 10:03:07', '2023-12-06 10:03:20');
INSERT INTO `eqpt_equipment_model_info` VALUES (1732238765826514946, '1', '数字多用表', 'FLUKE 287', '/', '1', 24, NULL, NULL, '1,2', 1731484037169672194, '1702481190331166721', '2023-12-06 11:21:28', '2023-12-06 11:21:20');
INSERT INTO `eqpt_equipment_model_info` VALUES (1732246409618423809, '1', '交流电压表', 'CP-48', '450V--3--2.5级', '1', 24, NULL, NULL, '1,2', 1731484037169672194, '1702481190331166721', '2023-12-06 00:00:00', '2023-12-06 00:00:00');
INSERT INTO `eqpt_equipment_model_info` VALUES (1732563238979162114, '1', '交流电压表', '6L2', '450V--3--2.5级', '1', 24, NULL, NULL, '1,2', 1731484037169672194, '1702481190331166721', '2023-12-07 00:00:00', '2023-12-07 00:00:00');
INSERT INTO `eqpt_equipment_model_info` VALUES (1734112486635929601, '1', '数字多用表', '87V', '/', '1', 24, NULL, NULL, '1,2', 1731291855766810625, '1702481190331166721', '2023-12-11 00:00:00', '2023-12-11 00:00:00');
INSERT INTO `eqpt_equipment_model_info` VALUES (1734115513904201730, '1', '数字多用表', 'FLUKE 17B+', '/', '1', 24, NULL, NULL, '1,2', 1, '0', '2023-12-11 00:00:00', '2023-12-11 00:00:00');
INSERT INTO `eqpt_equipment_model_info` VALUES (1734116162578481153, '1', '数字多用表', 'FLUKE 15B', '/', '1', 24, NULL, NULL, '1,2', 1711282677995839490, '1707239571046658050', '2023-12-11 15:40:23', '2023-12-11 15:41:27');
INSERT INTO `eqpt_equipment_model_info` VALUES (1734117525064581122, '1', '数字多用表', 'FLUKE 15B+', '/', '1', 24, NULL, NULL, '1,2', 1711282677995839490, '1707239571046658050', '2023-12-11 15:45:43', '2023-12-11 15:46:52');
INSERT INTO `eqpt_equipment_model_info` VALUES (1734117848361533442, '1', '钳形电流表', 'FLUKE 319', '/', '1', 24, NULL, NULL, '1,2', 1711282677995839490, '1707239571046658050', '2023-12-11 00:00:00', '2023-12-11 00:00:00');
INSERT INTO `eqpt_equipment_model_info` VALUES (1734118241149714433, '1', '三用表', 'MF500', '/', '1', 24, NULL, NULL, '1,2', 1711282677995839490, '1707239571046658050', '2023-12-11 15:48:52', '2023-12-11 15:49:43');
INSERT INTO `eqpt_equipment_model_info` VALUES (1734118365229809665, '1', '三用表', 'MF500-B', '/', '1', 24, NULL, NULL, '1,2', 1711282677995839490, '1707239571046658050', '2023-12-11 15:49:23', '2023-12-11 15:50:12');
INSERT INTO `eqpt_equipment_model_info` VALUES (1734118479721725953, '1', '三用表', 'MF47', '/', '1', 24, NULL, NULL, '', 1711282677995839490, '1707239571046658050', '2023-12-11 15:49:52', '2023-12-11 15:50:40');
INSERT INTO `eqpt_equipment_model_info` VALUES (1734118683699118081, '1', '接地电阻表', '4105A', '/', '1', 12, NULL, '数字式', '1,2', 1711282677995839490, '1707239571046658050', '2023-12-11 00:00:00', '2023-12-11 00:00:00');
INSERT INTO `eqpt_equipment_model_info` VALUES (1734118815492538370, '1', '接地电阻表', '4102A', '/', '1', 12, NULL, '数字式', '1,2', 1711282677995839490, '1707239571046658050', '2023-12-11 00:00:00', '2023-12-11 00:00:00');
INSERT INTO `eqpt_equipment_model_info` VALUES (1734119114970038273, '1', '接地电阻表', 'ZC-8', 'X1', '1', 12, NULL, NULL, '1,2', 1711282677995839490, '1707239571046658050', '2023-12-11 15:51:53', '2023-12-11 15:53:11');
INSERT INTO `eqpt_equipment_model_info` VALUES (1734119274185818114, '1', '接地电阻表', 'ZC29B-2', '/', '1', 12, NULL, NULL, '1,2', 1711282677995839490, '1707239571046658050', '2023-12-11 15:52:49', '2023-12-11 15:53:49');
INSERT INTO `eqpt_equipment_model_info` VALUES (1734119841616429058, '1', '电子式绝缘电阻表', 'FLUKE 1508', '/', '1', 12, NULL, '数字式', '1,2', 1711282677995839490, '1707239571046658050', '2023-12-11 15:55:04', '2023-12-11 15:56:04');
INSERT INTO `eqpt_equipment_model_info` VALUES (1734120081744527362, '1', '电子式绝缘电阻表', 'FLUKE 1587C', '/', '1', 12, NULL, '数字式', '1,2', 1711282677995839490, '1707239571046658050', '2023-12-11 15:55:49', '2023-12-11 15:57:02');
INSERT INTO `eqpt_equipment_model_info` VALUES (1734120389375754242, '1', '电子式绝缘电阻表', '3161A', '/', '1', 12, NULL, '指针式', '1,2', 1711282677995839490, '1707239571046658050', '2023-12-11 15:57:03', '2023-12-11 15:58:15');
INSERT INTO `eqpt_equipment_model_info` VALUES (1734120490936631297, '1', '电子式绝缘电阻表', '3147A', '/', '1', 12, NULL, '指针式', '1,2', 1711282677995839490, '1707239571046658050', '2023-12-11 00:00:00', '2023-12-11 00:00:00');
INSERT INTO `eqpt_equipment_model_info` VALUES (1734120804263723009, '1', '兆欧表', 'ZC11D-10', '2500V', '1', 24, NULL, NULL, '1,2', 1711282677995839490, '1707239571046658050', '2023-12-11 15:58:44', '2023-12-11 15:59:54');
INSERT INTO `eqpt_equipment_model_info` VALUES (1734120941404880898, '1', '兆欧表', 'ZC-7 ', '2500V', '1', 24, NULL, NULL, '1,2', 1711282677995839490, '1707239571046658050', '2023-12-11 15:59:32', '2023-12-11 16:00:27');
INSERT INTO `eqpt_equipment_model_info` VALUES (1734121132128272386, '1', '兆欧表', 'ZC-7', '500V', '1', 24, NULL, NULL, '1,2', 1711282677995839490, '1707239571046658050', '2023-12-11 16:00:06', '2023-12-11 16:01:12');
INSERT INTO `eqpt_equipment_model_info` VALUES (1734124555456282625, '1', '交流电流表', '6L2', '200A--4--1.5级', '1', 24, NULL, NULL, '1,2', 1711282677995839490, '1707239571046658050', '2023-12-11 16:13:42', '2023-12-11 16:14:48');
INSERT INTO `eqpt_equipment_model_info` VALUES (1734124953319571458, '1', '交流电流表', '6L2', '100A--5--1.5级', '1', 24, NULL, NULL, '1,2', 1711282677995839490, '1707239571046658050', '2023-12-11 16:14:31', '2023-12-11 16:16:23');
INSERT INTO `eqpt_equipment_model_info` VALUES (1734125227924848641, '1', '直流电流表', 'CP-48', '30A--3', '1', 24, NULL, NULL, '1,2', 1711282677995839490, '1707239571046658050', '2023-12-11 16:16:08', '2023-12-11 16:17:28');
INSERT INTO `eqpt_equipment_model_info` VALUES (1734125418706960386, '1', '直流电压表', '6L2', '100V--5--1.5', '1', 24, NULL, NULL, '1,2', 1711282677995839490, '1707239571046658050', '2023-12-11 16:17:07', '2023-12-11 16:18:14');
INSERT INTO `eqpt_equipment_model_info` VALUES (1734125847847174146, '1', '直流电压表', 'CP-48', '250v --5--1.5级', '1', 24, NULL, NULL, '1,2', 1711282677995839490, '1707239571046658050', '2023-12-11 16:17:56', '2023-12-11 16:19:56');
INSERT INTO `eqpt_equipment_model_info` VALUES (1734126020275011586, '1', '交流电压表', '6L2', '450V--3--1.5级', '1', 24, NULL, NULL, '1,2', 1711282677995839490, '1707239571046658050', '2023-12-11 16:19:42', '2023-12-11 16:20:37');
INSERT INTO `eqpt_equipment_model_info` VALUES (1734127094083944450, '1', '交流电压表', 'CP-48', '450V--3--1.5级', '1', 24, NULL, NULL, '1,2', 1711282677995839490, '1707239571046658050', '2023-12-11 16:23:56', '2023-12-11 16:24:53');
INSERT INTO `eqpt_equipment_model_info` VALUES (1734506694119063553, '1', '压力变送器', '3051', '/', '2', 12, NULL, NULL, '2', 1707300433681838081, '1711182927183241218', '2023-12-12 17:30:43', '2023-12-12 17:33:17');
INSERT INTO `eqpt_equipment_model_info` VALUES (1734506931604750338, '1', '压力传感器', 'test-1', '/', '2', 12, NULL, NULL, '2', 1707300433681838081, '1711182927183241218', '2023-12-12 17:31:49', '2023-12-12 17:34:14');
INSERT INTO `eqpt_equipment_model_info` VALUES (1734507175142817794, '1', '电接点一般压力表', '1.6MPa', '/', '2', 6, NULL, NULL, '2', 1707300433681838081, '1711182927183241218', '2023-12-12 17:32:45', '2023-12-12 17:35:12');
INSERT INTO `eqpt_equipment_model_info` VALUES (1734507361374109697, '1', '数字压力计', 'DPI104', '/', '2', 12, NULL, NULL, '2', 1707300433681838081, '1711182927183241218', '2023-12-12 17:33:43', '2023-12-12 17:35:56');
INSERT INTO `eqpt_equipment_model_info` VALUES (1734507515422507009, '1', '精密压力表', '10MPa', '/', '2', 12, NULL, NULL, '2', 1707300433681838081, '1711182927183241218', '2023-12-12 17:34:28', '2023-12-12 17:36:33');

-- ----------------------------
-- Table structure for eqpt_equipment_model_technical_target
-- ----------------------------
CREATE TABLE `eqpt_equipment_model_technical_target`  (
  `id` bigint NOT NULL,
  `model_id` bigint NULL DEFAULT NULL COMMENT '规格型号id',
  `measure_range` text CHARACTER SET utf8mb3 COLLATE utf8mb3_general_ci NULL COMMENT '测量范围',
  `uncertainty` text CHARACTER SET utf8mb3 COLLATE utf8mb3_general_ci NULL COMMENT '不确定度或允许误差极限或准确度等级',
  `based_documents` text CHARACTER SET utf8mb3 COLLATE utf8mb3_general_ci NULL COMMENT '依据的技术文件',
  `create_time` timestamp(0) NULL DEFAULT CURRENT_TIMESTAMP(0),
  `update_time` timestamp(0) NULL DEFAULT CURRENT_TIMESTAMP(0) ON UPDATE CURRENT_TIMESTAMP(0),
  PRIMARY KEY (`id`) USING BTREE
) ENGINE = InnoDB CHARACTER SET = utf8mb3 COLLATE = utf8mb3_general_ci COMMENT = '受检设备-设备台账-技术指标表' ROW_FORMAT = DYNAMIC;

-- ----------------------------
-- Records of eqpt_equipment_model_technical_target
-- ----------------------------
INSERT INTO `eqpt_equipment_model_technical_target` VALUES (1730406936190414849, 1730406936119111682, '频带宽度', '1GHz', NULL, '2023-12-01 00:00:00', '2023-12-01 00:00:00');
INSERT INTO `eqpt_equipment_model_technical_target` VALUES (1730408575852900353, 1730408575831928833, 'DCV 0~1000V', '0.05%', NULL, '2023-12-01 10:08:15', '2023-12-01 10:08:15');
INSERT INTO `eqpt_equipment_model_technical_target` VALUES (1730408575857094657, 1730408575831928833, 'ACV  0~1000V', '0.02%', NULL, '2023-12-01 10:08:15', '2023-12-01 10:08:15');
INSERT INTO `eqpt_equipment_model_technical_target` VALUES (1730408575865483265, 1730408575831928833, 'DCI 0~10A', '0.05%', NULL, '2023-12-01 10:08:15', '2023-12-01 10:08:15');
INSERT INTO `eqpt_equipment_model_technical_target` VALUES (1730408575865483266, 1730408575831928833, 'ACI  0~10A   50Hz', '0.05%', NULL, '2023-12-01 10:08:15', '2023-12-01 10:08:15');
INSERT INTO `eqpt_equipment_model_technical_target` VALUES (1730408575869677570, 1730408575831928833, 'R  0~100MΩ', '0.1%', NULL, '2023-12-01 10:08:15', '2023-12-01 10:08:15');
INSERT INTO `eqpt_equipment_model_technical_target` VALUES (1730411523005771777, 1730411522976411650, NULL, NULL, NULL, '2023-12-01 10:19:57', '2023-12-01 10:19:57');
INSERT INTO `eqpt_equipment_model_technical_target` VALUES (1730839548696567810, 1730839548604293122, '1-12', '2', NULL, '2023-12-02 00:00:00', '2023-12-02 00:00:00');
INSERT INTO `eqpt_equipment_model_technical_target` VALUES (1731210090607910914, 1731210090595328001, NULL, NULL, NULL, '2023-12-03 15:13:44', '2023-12-03 15:13:44');
INSERT INTO `eqpt_equipment_model_technical_target` VALUES (1734506694144229378, 1734506694119063553, '（0-10）MPa', '0.2', NULL, '2023-12-12 17:33:17', '2023-12-12 17:33:17');
INSERT INTO `eqpt_equipment_model_technical_target` VALUES (1734506931621527553, 1734506931604750338, '（0-10）MPa', '0.4级', NULL, '2023-12-12 17:34:14', '2023-12-12 17:34:14');
INSERT INTO `eqpt_equipment_model_technical_target` VALUES (1734507175159595009, 1734507175142817794, '（0-1.6）MPa', '1.6级', NULL, '2023-12-12 17:35:12', '2023-12-12 17:35:12');
INSERT INTO `eqpt_equipment_model_technical_target` VALUES (1734507361395081217, 1734507361374109697, '（0-10）MPa', '0.4级', NULL, '2023-12-12 17:35:56', '2023-12-12 17:35:56');
INSERT INTO `eqpt_equipment_model_technical_target` VALUES (1734507515435089921, 1734507515422507009, '（0-10）MPa', '0.4级', NULL, '2023-12-12 17:36:33', '2023-12-12 17:36:33');

-- ----------------------------
-- Table structure for eqpt_equipment_modify_log
-- ----------------------------
CREATE TABLE `eqpt_equipment_modify_log`  (
  `id` bigint NOT NULL COMMENT '主键',
  `equipment_id` bigint NULL DEFAULT NULL COMMENT '设备id',
  `content` text CHARACTER SET utf8mb3 COLLATE utf8mb3_general_ci NULL COMMENT '变更内容',
  `operate_user_id` bigint NULL DEFAULT NULL COMMENT '变更人',
  `operate_time` timestamp(0) NULL DEFAULT CURRENT_TIMESTAMP(0) COMMENT '变更时间',
  PRIMARY KEY (`id`) USING BTREE
) ENGINE = InnoDB CHARACTER SET = utf8mb3 COLLATE = utf8mb3_general_ci COMMENT = '受检设备-设备台账-设备变更记录' ROW_FORMAT = DYNAMIC;

-- ----------------------------
-- Records of eqpt_equipment_modify_log
-- ----------------------------
INSERT INTO `eqpt_equipment_modify_log` VALUES (1732209026810273793, 1732015644662063105, '字段名=负责人,变更前=测试文发一连连长,变更后=文发一连1岗位1岗操作手02;', 1731291855766810625, '2023-12-06 09:23:10');
INSERT INTO `eqpt_equipment_modify_log` VALUES (1732296001210843137, 1731913376528883714, '字段名=检定(校准)日期,变更前=null,变更后=Sat Aug 06 00:00:00 CST 2022;字段名=证书有效期,变更前=null,变更后=Mon Sep 05 00:00:00 CST 2022;', 1730419883939749889, '2023-12-06 15:08:46');
INSERT INTO `eqpt_equipment_modify_log` VALUES (1732931514464854017, 1732567474257317890, '字段名=在用信息,变更前=在用,变更后=备用;', 1731484037169672194, '2023-12-08 09:14:04');
INSERT INTO `eqpt_equipment_modify_log` VALUES (1732931702533251074, 1732567474257317890, '字段名=在用信息,变更前=备用,变更后=在用;字段名=安装位置,变更前=null,变更后=1l2xt1g-211;', 1731484037169672194, '2023-12-08 09:14:49');
INSERT INTO `eqpt_equipment_modify_log` VALUES (1734116327418822658, 1734115919929606146, '字段名=检定(校准)机构,变更前=null,变更后=test;字段名=检定(校准)日期,变更前=null,变更后=Wed Dec 01 00:00:00 CST 2021;字段名=证书有效期,变更前=null,变更后=Wed Nov 01 00:00:00 CST 2023;字段名=计量标识,变更前=null,变更后=合格;', 1731291855766810625, '2023-12-11 15:42:05');
INSERT INTO `eqpt_equipment_modify_log` VALUES (1734116718025965570, 1731504451086295041, '字段名=检定(校准)机构,变更前=null,变更后=dada;字段名=检定(校准)日期,变更前=null,变更后=Thu Dec 01 00:00:00 CST 2022;字段名=证书有效期,变更前=null,变更后=Wed Nov 01 00:00:00 CST 2023;字段名=计量标识,变更前=null,变更后=合格;', 1731291855766810625, '2023-12-11 15:43:39');
INSERT INTO `eqpt_equipment_modify_log` VALUES (1734141239554539522, 1734112793780617217, '字段名=检定(校准)机构,变更前=null,变更后=514所;字段名=检定(校准)日期,变更前=null,变更后=Fri Dec 31 00:00:00 CST 2021;字段名=证书有效期,变更前=null,变更后=Sat Dec 30 00:00:00 CST 2023;', 1731291855766810625, '2023-12-11 17:21:05');

-- ----------------------------
-- Table structure for eqpt_equipment_special_certificate
-- ----------------------------
CREATE TABLE `eqpt_equipment_special_certificate`  (
  `id` bigint NOT NULL,
  `equipment_id` bigint NULL DEFAULT NULL COMMENT '设备id',
  `certificate_no` varchar(60) CHARACTER SET utf8mb3 COLLATE utf8mb3_general_ci NULL DEFAULT NULL COMMENT '证书编号',
  `certificate_name` varchar(200) CHARACTER SET utf8mb3 COLLATE utf8mb3_general_ci NULL DEFAULT NULL COMMENT '证书名称',
  `check_organization` varchar(255) CHARACTER SET utf8mb3 COLLATE utf8mb3_general_ci NULL DEFAULT NULL COMMENT '检定(校准)机构',
  `check_date` timestamp(0) NULL DEFAULT NULL COMMENT '证书日期',
  `certificate_valid` timestamp(0) NULL DEFAULT NULL COMMENT '证书有效期',
  `minio_file_name` varchar(255) CHARACTER SET utf8mb3 COLLATE utf8mb3_general_ci NULL DEFAULT NULL COMMENT '证书附件(minio存储文件名)',
  `create_time` timestamp(0) NULL DEFAULT CURRENT_TIMESTAMP(0) COMMENT '创建时间',
  `update_time` timestamp(0) NULL DEFAULT CURRENT_TIMESTAMP(0) ON UPDATE CURRENT_TIMESTAMP(0) COMMENT '更新时间',
  `create_user_id` bigint NULL DEFAULT NULL,
  PRIMARY KEY (`id`) USING BTREE
) ENGINE = InnoDB CHARACTER SET = utf8mb3 COLLATE = utf8mb3_general_ci COMMENT = '受检设备-特种设备证书表' ROW_FORMAT = DYNAMIC;

-- ----------------------------
-- Records of eqpt_equipment_special_certificate
-- ----------------------------

-- ----------------------------
-- Table structure for eqpt_equipment_status_approval
-- ----------------------------
CREATE TABLE `eqpt_equipment_status_approval`  (
  `id` bigint NOT NULL COMMENT '主键',
  `approval_no` varchar(32) CHARACTER SET utf8mb3 COLLATE utf8mb3_general_ci NULL DEFAULT NULL COMMENT '登记表编号',
  `approval_name` varchar(255) CHARACTER SET utf8mb3 COLLATE utf8mb3_general_ci NULL DEFAULT NULL COMMENT '登记表名称',
  `approval_type` char(1) CHARACTER SET utf8mb3 COLLATE utf8mb3_general_ci NULL DEFAULT NULL COMMENT '申请类型（1封存;2启封;3禁用;4报废;5延用）',
  `approval_status` varchar(255) CHARACTER SET utf8mb3 COLLATE utf8mb3_general_ci NULL DEFAULT NULL COMMENT '申请状态',
  `create_user_id` bigint NULL DEFAULT NULL COMMENT '申请人id',
  `create_user_name` varchar(255) CHARACTER SET utf8mb3 COLLATE utf8mb3_general_ci NULL DEFAULT NULL COMMENT '申请人姓名',
  `create_time` timestamp(0) NULL DEFAULT CURRENT_TIMESTAMP(0) COMMENT '创建时间',
  `update_time` timestamp(0) NULL DEFAULT CURRENT_TIMESTAMP(0) ON UPDATE CURRENT_TIMESTAMP(0) COMMENT '更新时间',
  `equipment_id` bigint NULL DEFAULT NULL COMMENT '设备id',
  `perform_status` varchar(255) CHARACTER SET utf8mb3 COLLATE utf8mb3_general_ci NULL DEFAULT NULL COMMENT '设备性能状态',
  `approval_reason` varchar(255) CHARACTER SET utf8mb3 COLLATE utf8mb3_general_ci NULL DEFAULT NULL COMMENT '封存原因/启封原因/延用原因/禁用原因/报废原因',
  `approval_address` varchar(255) CHARACTER SET utf8mb3 COLLATE utf8mb3_general_ci NULL DEFAULT NULL COMMENT '封存地点/存放地点/报废地点',
  `approval_time` datetime(0) NULL DEFAULT NULL COMMENT '封存时间/存放时间/报废时间',
  `equipment_status` varchar(255) CHARACTER SET utf8mb3 COLLATE utf8mb3_general_ci NULL DEFAULT NULL COMMENT '启封设备状态',
  `delay_time` datetime(0) NULL DEFAULT NULL COMMENT '预计延用时间',
  `process_id` varchar(255) CHARACTER SET utf8mb3 COLLATE utf8mb3_general_ci NULL DEFAULT NULL COMMENT '流程实例id',
  PRIMARY KEY (`id`) USING BTREE
) ENGINE = InnoDB CHARACTER SET = utf8mb3 COLLATE = utf8mb3_general_ci COMMENT = '受检设备-状态维护登记表' ROW_FORMAT = DYNAMIC;

-- ----------------------------
-- Records of eqpt_equipment_status_approval
-- ----------------------------

-- ----------------------------
-- Table structure for eqpt_equipment_status_log
-- ----------------------------
CREATE TABLE `eqpt_equipment_status_log`  (
  `id` bigint NOT NULL,
  `equipment_id` bigint NULL DEFAULT NULL,
  `status_type` varchar(255) CHARACTER SET utf8mb3 COLLATE utf8mb3_general_ci NULL DEFAULT NULL,
  `start_time` datetime(0) NULL DEFAULT NULL,
  `end_time` datetime(0) NULL DEFAULT NULL,
  `create_user_id` bigint NULL DEFAULT NULL,
  `create_user_name` varchar(255) CHARACTER SET utf8mb3 COLLATE utf8mb3_general_ci NULL DEFAULT NULL,
  `reason` varchar(255) CHARACTER SET utf8mb3 COLLATE utf8mb3_general_ci NULL DEFAULT NULL,
  `status_approval_id` bigint NULL DEFAULT NULL COMMENT '状态维护申请id',
  PRIMARY KEY (`id`) USING BTREE
) ENGINE = InnoDB CHARACTER SET = utf8mb3 COLLATE = utf8mb3_general_ci COMMENT = '受检设备-设备台账-状态变更记录' ROW_FORMAT = DYNAMIC;

-- ----------------------------
-- Records of eqpt_equipment_status_log
-- ----------------------------

-- ----------------------------
-- Table structure for eqpt_equipment_task_info
-- ----------------------------
CREATE TABLE `eqpt_equipment_task_info`  (
  `id` bigint NOT NULL COMMENT '主键',
  `task_name` varchar(255) CHARACTER SET utf8mb3 COLLATE utf8mb3_general_ci NULL DEFAULT NULL COMMENT '任务名称',
  `start_time` timestamp(0) NULL DEFAULT NULL COMMENT '开始时间',
  `end_time` timestamp(0) NULL DEFAULT NULL COMMENT '结束时间',
  `remark` varchar(255) CHARACTER SET utf8mb3 COLLATE utf8mb3_general_ci NULL DEFAULT NULL COMMENT '备注',
  `create_user_id` bigint NULL DEFAULT NULL COMMENT '创建用户',
  `create_dept_id` bigint NULL DEFAULT NULL COMMENT '创建部门',
  `create_time` timestamp(0) NULL DEFAULT CURRENT_TIMESTAMP(0) COMMENT '创建时间',
  `update_time` timestamp(0) NULL DEFAULT CURRENT_TIMESTAMP(0) ON UPDATE CURRENT_TIMESTAMP(0) COMMENT '更新时间',
  PRIMARY KEY (`id`) USING BTREE
) ENGINE = InnoDB CHARACTER SET = utf8mb3 COLLATE = utf8mb3_general_ci ROW_FORMAT = DYNAMIC;

-- ----------------------------
-- Records of eqpt_equipment_task_info
-- ----------------------------

-- ----------------------------
-- Table structure for eqpt_equipment_task_relation
-- ----------------------------
CREATE TABLE `eqpt_equipment_task_relation`  (
  `id` bigint NOT NULL COMMENT '主键',
  `equipment_id` bigint NULL DEFAULT NULL COMMENT '设备id',
  `task_id` bigint NULL DEFAULT NULL COMMENT '任务id',
  `create_time` timestamp(0) NULL DEFAULT CURRENT_TIMESTAMP(0) COMMENT '创建时间',
  `update_time` timestamp(0) NULL DEFAULT CURRENT_TIMESTAMP(0) ON UPDATE CURRENT_TIMESTAMP(0) COMMENT '更新时间',
  PRIMARY KEY (`id`) USING BTREE
) ENGINE = InnoDB CHARACTER SET = utf8mb3 COLLATE = utf8mb3_general_ci ROW_FORMAT = DYNAMIC;

-- ----------------------------
-- Records of eqpt_equipment_task_relation
-- ----------------------------

-- ----------------------------
-- Table structure for eqpt_equipment_technical_target
-- ----------------------------
CREATE TABLE `eqpt_equipment_technical_target`  (
  `id` bigint NOT NULL,
  `equipment_id` bigint NULL DEFAULT NULL COMMENT '设备id',
  `measure_range` text CHARACTER SET utf8mb3 COLLATE utf8mb3_general_ci NULL COMMENT '测量范围',
  `uncertainty` text CHARACTER SET utf8mb3 COLLATE utf8mb3_general_ci NULL COMMENT '不确定度或允许误差极限或准确度等级',
  `based_documents` text CHARACTER SET utf8mb3 COLLATE utf8mb3_general_ci NULL COMMENT '依据的技术文件',
  `create_time` timestamp(0) NULL DEFAULT CURRENT_TIMESTAMP(0),
  `update_time` timestamp(0) NULL DEFAULT CURRENT_TIMESTAMP(0) ON UPDATE CURRENT_TIMESTAMP(0),
  PRIMARY KEY (`id`) USING BTREE
) ENGINE = InnoDB CHARACTER SET = utf8mb3 COLLATE = utf8mb3_general_ci COMMENT = '受检设备-设备台账-技术指标表' ROW_FORMAT = DYNAMIC;

-- ----------------------------
-- Records of eqpt_equipment_technical_target
-- ----------------------------

-- ----------------------------
-- Table structure for eqpt_equipment_turnover_log
-- ----------------------------
CREATE TABLE `eqpt_equipment_turnover_log`  (
  `id` bigint NOT NULL COMMENT '主键',
  `equipment_id` bigint NULL DEFAULT NULL COMMENT '设备id',
  `dept_id` bigint NULL DEFAULT NULL COMMENT '使用部门id',
  `use_position` varchar(255) CHARACTER SET utf8mb3 COLLATE utf8mb3_general_ci NULL DEFAULT NULL COMMENT '使用岗位',
  `director_name` varchar(255) CHARACTER SET utf8mb3 COLLATE utf8mb3_general_ci NULL DEFAULT NULL COMMENT '负责人',
  `create_user_id` bigint NULL DEFAULT NULL COMMENT '创建用户id',
  `create_user_name` varchar(255) CHARACTER SET utf8mb3 COLLATE utf8mb3_general_ci NULL DEFAULT NULL COMMENT '创建用户姓名',
  `create_time` timestamp(0) NULL DEFAULT CURRENT_TIMESTAMP(0) COMMENT '创建时间',
  PRIMARY KEY (`id`) USING BTREE
) ENGINE = InnoDB CHARACTER SET = utf8mb3 COLLATE = utf8mb3_general_ci COMMENT = '受检设备-设备台账-设备流转日志' ROW_FORMAT = DYNAMIC;

-- ----------------------------
-- Records of eqpt_equipment_turnover_log
-- ----------------------------
INSERT INTO `eqpt_equipment_turnover_log` VALUES (1730885674418151426, 1730851211999027202, 1702481679726751746, NULL, NULL, 1730419883939749889, NULL, '2023-12-02 17:44:38');
INSERT INTO `eqpt_equipment_turnover_log` VALUES (1730885684966825985, 1730847993122365441, 1702481679726751746, NULL, NULL, 1730419883939749889, NULL, '2023-12-02 17:44:40');
INSERT INTO `eqpt_equipment_turnover_log` VALUES (1731279461900460033, 1731275289352314881, 1702481679726751746, NULL, NULL, 1730419883939749889, NULL, '2023-12-03 19:49:24');
INSERT INTO `eqpt_equipment_turnover_log` VALUES (1731487903164506114, 1731483602761392129, 1702481679726751746, NULL, NULL, 1730419883939749889, NULL, '2023-12-04 09:37:40');
INSERT INTO `eqpt_equipment_turnover_log` VALUES (1731488001277665282, 1731482833303740417, 1702481679726751746, NULL, NULL, 1730419883939749889, NULL, '2023-12-04 09:38:04');
INSERT INTO `eqpt_equipment_turnover_log` VALUES (1731488035033423873, 1730846368358047746, 1702481679726751746, NULL, NULL, 1730419883939749889, NULL, '2023-12-04 09:38:12');
INSERT INTO `eqpt_equipment_turnover_log` VALUES (1731942363674206209, 1731938371875397633, 1710824768333701121, NULL, NULL, 1731936616773074945, NULL, '2023-12-05 15:43:32');
INSERT INTO `eqpt_equipment_turnover_log` VALUES (1731947961262301186, 1731941139570778114, 1710824768333701121, NULL, NULL, 1731936616773074945, NULL, '2023-12-05 16:05:47');
INSERT INTO `eqpt_equipment_turnover_log` VALUES (1731949067547729922, 1731949052607619074, 1710824768333701121, NULL, NULL, 1731936616773074945, NULL, '2023-12-05 16:10:10');
INSERT INTO `eqpt_equipment_turnover_log` VALUES (1732016771080151042, 1732015644662063105, 1702481190331166721, NULL, NULL, 1731484037169672194, NULL, '2023-12-05 20:39:12');
INSERT INTO `eqpt_equipment_turnover_log` VALUES (1732017699040550913, 1732017622695829506, 1702481190331166721, NULL, NULL, 1731484037169672194, NULL, '2023-12-05 20:42:53');
INSERT INTO `eqpt_equipment_turnover_log` VALUES (1732209026705416193, 1732015644662063105, 1702481190331166721, NULL, NULL, 1731291855766810625, NULL, '2023-12-06 09:23:10');
INSERT INTO `eqpt_equipment_turnover_log` VALUES (1732209806367809537, 1732209635378618370, 1702481190331166721, NULL, NULL, 1731484037169672194, NULL, '2023-12-06 09:26:15');
INSERT INTO `eqpt_equipment_turnover_log` VALUES (1732223140022505473, 1732219667403034626, 1710824768333701121, NULL, NULL, 1731936616773074945, NULL, '2023-12-06 10:19:14');
INSERT INTO `eqpt_equipment_turnover_log` VALUES (1732224456740360193, 1732219667403034626, 1710824768333701121, NULL, NULL, 1731936616773074945, NULL, '2023-12-06 10:24:28');
INSERT INTO `eqpt_equipment_turnover_log` VALUES (1732224708218245121, 1732219667403034626, 1710824768333701121, NULL, NULL, 1731936616773074945, NULL, '2023-12-06 10:25:28');
INSERT INTO `eqpt_equipment_turnover_log` VALUES (1732245963168317441, 1732245767122354177, 1702481190331166721, NULL, NULL, 1731484037169672194, NULL, '2023-12-06 11:49:56');
INSERT INTO `eqpt_equipment_turnover_log` VALUES (1732247268733517825, 1732246905401933825, 1702481190331166721, NULL, NULL, 1731484037169672194, NULL, '2023-12-06 11:55:07');
INSERT INTO `eqpt_equipment_turnover_log` VALUES (1732248211617251330, 1732248045917077505, 1702481190331166721, NULL, NULL, 1731484037169672194, NULL, '2023-12-06 11:58:52');
INSERT INTO `eqpt_equipment_turnover_log` VALUES (1732290467862708226, 1731913376528883714, 1702481679726751746, NULL, NULL, 1730419883939749889, NULL, '2023-12-06 14:46:47');
INSERT INTO `eqpt_equipment_turnover_log` VALUES (1732290486565109762, 1731864824717033473, 1702481679726751746, NULL, NULL, 1730419883939749889, NULL, '2023-12-06 14:46:51');
INSERT INTO `eqpt_equipment_turnover_log` VALUES (1732290510313259009, 1731861096643477505, 1702481679726751746, NULL, NULL, 1730419883939749889, NULL, '2023-12-06 14:46:57');
INSERT INTO `eqpt_equipment_turnover_log` VALUES (1732290528629784578, 1731504451086295041, 1702481190331166721, NULL, NULL, 1731483767400427521, NULL, '2023-12-06 14:47:01');
INSERT INTO `eqpt_equipment_turnover_log` VALUES (1732290545092427778, 1731488734114848769, 1702481679726751746, NULL, NULL, 1730419883939749889, NULL, '2023-12-06 14:47:05');
INSERT INTO `eqpt_equipment_turnover_log` VALUES (1732290557566287873, 1731266340678901761, 1702481679726751746, NULL, NULL, 1730419883939749889, NULL, '2023-12-06 14:47:08');
INSERT INTO `eqpt_equipment_turnover_log` VALUES (1732290571478794241, 1730846565981069314, 1702481679726751746, NULL, NULL, 1730419883939749889, NULL, '2023-12-06 14:47:11');
INSERT INTO `eqpt_equipment_turnover_log` VALUES (1732296001085014018, 1731913376528883714, 1702481679726751746, NULL, NULL, 1730419883939749889, NULL, '2023-12-06 15:08:46');
INSERT INTO `eqpt_equipment_turnover_log` VALUES (1732296297760718850, 1731913376528883714, 1702481679726751746, NULL, NULL, 1730419883939749889, NULL, '2023-12-06 15:09:57');
INSERT INTO `eqpt_equipment_turnover_log` VALUES (1732651707403390978, 1732651699698454530, 1702481679726751746, NULL, NULL, 1732650916831588354, NULL, '2023-12-07 14:42:13');
INSERT INTO `eqpt_equipment_turnover_log` VALUES (1732657439871913985, 1732656397998411778, 1702481679726751746, NULL, NULL, 1732650916831588354, NULL, '2023-12-07 15:05:00');
INSERT INTO `eqpt_equipment_turnover_log` VALUES (1732677277969338369, 1732677209325359106, 1702481190331166721, NULL, NULL, 1731483496851042306, NULL, '2023-12-07 16:23:49');
INSERT INTO `eqpt_equipment_turnover_log` VALUES (1732679635784749057, 1732679320788324354, 1702481679726751746, NULL, NULL, 1732650628833898498, NULL, '2023-12-07 16:33:11');
INSERT INTO `eqpt_equipment_turnover_log` VALUES (1732683234807943169, 1732683037809872897, 1702481190331166721, NULL, NULL, 1731483496851042306, NULL, '2023-12-07 16:47:30');
INSERT INTO `eqpt_equipment_turnover_log` VALUES (1732684357488906241, 1732684263851069441, 1702481190331166721, NULL, NULL, 1731483496851042306, NULL, '2023-12-07 16:51:57');
INSERT INTO `eqpt_equipment_turnover_log` VALUES (1732737237986172929, 1732737125159395329, 1702481190331166721, NULL, NULL, 1731483496851042306, NULL, '2023-12-07 20:22:05');
INSERT INTO `eqpt_equipment_turnover_log` VALUES (1732737913764044801, 1732567474257317890, 1702481190331166721, NULL, NULL, 1731484037169672194, NULL, '2023-12-07 20:24:46');
INSERT INTO `eqpt_equipment_turnover_log` VALUES (1732737925793308674, 1732737644561031170, 1702481190331166721, NULL, NULL, 1731483496851042306, NULL, '2023-12-07 20:24:49');
INSERT INTO `eqpt_equipment_turnover_log` VALUES (1732922117697167362, 1732922110743011330, 1702481190331166721, NULL, NULL, 1731483767400427521, NULL, '2023-12-08 08:36:44');
INSERT INTO `eqpt_equipment_turnover_log` VALUES (1732929214472118273, 1732928916433264641, 1702481190331166721, NULL, NULL, 1731483496851042306, NULL, '2023-12-08 09:04:56');
INSERT INTO `eqpt_equipment_turnover_log` VALUES (1732931514389356545, 1732567474257317890, 1702481190331166721, NULL, NULL, 1731484037169672194, NULL, '2023-12-08 09:14:04');
INSERT INTO `eqpt_equipment_turnover_log` VALUES (1732931702445170689, 1732567474257317890, 1702481190331166721, NULL, NULL, 1731484037169672194, NULL, '2023-12-08 09:14:49');
INSERT INTO `eqpt_equipment_turnover_log` VALUES (1733016898737659906, 1732944476424495106, 1702481190331166721, NULL, NULL, 1731484037169672194, NULL, '2023-12-08 14:53:21');
INSERT INTO `eqpt_equipment_turnover_log` VALUES (1734112849699078145, 1734112793780617217, 1702481190331166721, NULL, NULL, 1731291855766810625, NULL, '2023-12-11 15:28:16');
INSERT INTO `eqpt_equipment_turnover_log` VALUES (1734115949545586689, 1734115919929606146, 1702481190331166721, NULL, NULL, 1731291855766810625, NULL, '2023-12-11 15:40:35');
INSERT INTO `eqpt_equipment_turnover_log` VALUES (1734116327309770753, 1734115919929606146, 1702481190331166721, NULL, NULL, 1731291855766810625, NULL, '2023-12-11 15:42:05');
INSERT INTO `eqpt_equipment_turnover_log` VALUES (1734116717963051009, 1731504451086295041, 1702481190331166721, NULL, NULL, 1731291855766810625, NULL, '2023-12-11 15:43:39');
INSERT INTO `eqpt_equipment_turnover_log` VALUES (1734141239504207873, 1734112793780617217, 1702481190331166721, NULL, NULL, 1731291855766810625, NULL, '2023-12-11 17:21:05');
INSERT INTO `eqpt_equipment_turnover_log` VALUES (1734474319725133825, 1734468136322793474, 1734400240108224513, NULL, NULL, 1734401407760515074, NULL, '2023-12-12 15:24:37');
INSERT INTO `eqpt_equipment_turnover_log` VALUES (1734490883421700098, 1734490469397757953, 1734400240108224513, NULL, NULL, 1734401407760515074, NULL, '2023-12-12 16:30:27');
INSERT INTO `eqpt_equipment_turnover_log` VALUES (1734504596740571138, 1734504219223851009, 1734400240108224513, NULL, NULL, 1734401407760515074, NULL, '2023-12-12 17:24:56');

-- ----------------------------
-- Table structure for eqpt_file
-- ----------------------------
CREATE TABLE `eqpt_file`  (
  `id` bigint NOT NULL COMMENT '主键',
  `file_no` varchar(255) CHARACTER SET utf8mb3 COLLATE utf8mb3_general_ci NULL DEFAULT NULL COMMENT '文件号',
  `file_name` varchar(255) CHARACTER SET utf8mb3 COLLATE utf8mb3_general_ci NULL DEFAULT NULL COMMENT '文件名称',
  `create_user_id` bigint NULL DEFAULT NULL COMMENT '创建人id',
  `create_user_name` varchar(255) CHARACTER SET utf8mb3 COLLATE utf8mb3_general_ci NULL DEFAULT NULL COMMENT '创建人姓名',
  `create_time` timestamp(0) NULL DEFAULT CURRENT_TIMESTAMP(0) COMMENT '创建时间',
  `update_time` timestamp(0) NULL DEFAULT CURRENT_TIMESTAMP(0) ON UPDATE CURRENT_TIMESTAMP(0) COMMENT '更新时间',
  `file_type` varchar(255) CHARACTER SET utf8mb3 COLLATE utf8mb3_general_ci NULL DEFAULT NULL COMMENT '文件类别',
  `implementation_status` varchar(255) CHARACTER SET utf8mb3 COLLATE utf8mb3_general_ci NULL DEFAULT NULL COMMENT '实施状态',
  `attachment` varchar(255) CHARACTER SET utf8mb3 COLLATE utf8mb3_general_ci NULL DEFAULT NULL COMMENT '文件附件',
  `remark` varchar(255) CHARACTER SET utf8mb3 COLLATE utf8mb3_general_ci NULL DEFAULT NULL COMMENT '备注',
  PRIMARY KEY (`id`) USING BTREE
) ENGINE = InnoDB CHARACTER SET = utf8mb3 COLLATE = utf8mb3_general_ci COMMENT = '受检设备-文档管理' ROW_FORMAT = DYNAMIC;

-- ----------------------------
-- Records of eqpt_file
-- ----------------------------

-- ----------------------------
-- Table structure for eqpt_file_log
-- ----------------------------
CREATE TABLE `eqpt_file_log`  (
  `id` bigint NOT NULL COMMENT '主键',
  `file_id` bigint NULL DEFAULT NULL COMMENT '文件id',
  `log_type` varchar(255) CHARACTER SET utf8mb3 COLLATE utf8mb3_general_ci NULL DEFAULT NULL COMMENT '变更类型',
  `create_user_id` bigint NULL DEFAULT NULL COMMENT '变更人id',
  `create_user_name` varchar(255) CHARACTER SET utf8mb3 COLLATE utf8mb3_general_ci NULL DEFAULT NULL COMMENT '变更人姓名',
  `create_time` timestamp(0) NULL DEFAULT CURRENT_TIMESTAMP(0) COMMENT '变更时间',
  PRIMARY KEY (`id`) USING BTREE
) ENGINE = InnoDB CHARACTER SET = utf8mb3 COLLATE = utf8mb3_general_ci COMMENT = '受检设备-文档管理-变更记录表' ROW_FORMAT = DYNAMIC;

-- ----------------------------
-- Records of eqpt_file_log
-- ----------------------------

-- ----------------------------
-- Table structure for eqpt_inspection_approval
-- ----------------------------
CREATE TABLE `eqpt_inspection_approval`  (
  `id` bigint NOT NULL COMMENT '主键',
  `approval_no` varchar(32) CHARACTER SET utf8mb3 COLLATE utf8mb3_general_ci NULL DEFAULT NULL COMMENT '申请编号',
  `approval_name` varchar(255) CHARACTER SET utf8mb3 COLLATE utf8mb3_general_ci NULL DEFAULT NULL COMMENT '申请名称',
  `approval_type` varchar(3) CHARACTER SET utf8mb3 COLLATE utf8mb3_general_ci NULL DEFAULT NULL COMMENT '申请类型(提前/延迟送检)',
  `reason` varchar(255) CHARACTER SET utf8mb3 COLLATE utf8mb3_general_ci NULL DEFAULT NULL COMMENT '提前/延迟送检原因',
  `create_user_id` bigint NULL DEFAULT NULL COMMENT '创建人id',
  `create_user_name` varchar(255) CHARACTER SET utf8mb3 COLLATE utf8mb3_general_ci NULL DEFAULT NULL COMMENT '创建人姓名',
  `create_time` timestamp(0) NULL DEFAULT CURRENT_TIMESTAMP(0) COMMENT '创建时间',
  `update_time` timestamp(0) NULL DEFAULT CURRENT_TIMESTAMP(0) ON UPDATE CURRENT_TIMESTAMP(0) COMMENT '更新时间',
  `create_dept_id` bigint NULL DEFAULT NULL COMMENT '创建人部门id',
  `create_dept_name` varchar(255) CHARACTER SET utf8mb3 COLLATE utf8mb3_general_ci NULL DEFAULT NULL COMMENT '创建人部门名称',
  `process_id` varchar(255) CHARACTER SET utf8mb3 COLLATE utf8mb3_general_ci NULL DEFAULT NULL COMMENT '流程实例id',
  `approval_status` varchar(255) CHARACTER SET utf8mb3 COLLATE utf8mb3_general_ci NULL DEFAULT NULL COMMENT '申请状态',
  PRIMARY KEY (`id`) USING BTREE
) ENGINE = InnoDB CHARACTER SET = utf8mb3 COLLATE = utf8mb3_general_ci COMMENT = '受检设备-提前/延迟送检申请表' ROW_FORMAT = DYNAMIC;

-- ----------------------------
-- Records of eqpt_inspection_approval
-- ----------------------------
INSERT INTO `eqpt_inspection_approval` VALUES (1732301605040062466, 'tqsjsq202312060001', '提前送检申请', '0', '使用中感觉量值不准确', 1730424658269855746, '测试文发二连连长', '2023-12-06 15:29:46', '2023-12-06 15:31:02', 1702481679726751746, '文发二连', NULL, '1');
INSERT INTO `eqpt_inspection_approval` VALUES (1732302341765365761, 'ycsjsq202312060002', '延迟送检申请', '1', '任务需要', 1730424658269855746, '测试文发二连连长', '2023-12-06 15:31:32', '2023-12-06 15:34:31', 1702481679726751746, '文发二连', NULL, '1');
INSERT INTO `eqpt_inspection_approval` VALUES (1734502895778332673, 'tqsjsq202312120001', '提前送检申请', '0', '测试', 1734401688183291905, '连长测试01', '2023-12-12 17:21:21', '2023-12-12 17:18:12', 1734400240108224513, '系统测试连(测试)', NULL, '1');

-- ----------------------------
-- Table structure for eqpt_inspection_equipment_relation
-- ----------------------------
CREATE TABLE `eqpt_inspection_equipment_relation`  (
  `id` bigint NOT NULL,
  `inspection_id` bigint NULL DEFAULT NULL,
  `equipment_id` bigint NULL DEFAULT NULL,
  `inspection_time` timestamp(0) NULL DEFAULT NULL,
  `plan_id` bigint NULL DEFAULT NULL,
  `remarks` varchar(255) CHARACTER SET utf8mb3 COLLATE utf8mb3_general_ci NULL DEFAULT NULL,
  `create_time` timestamp(0) NULL DEFAULT CURRENT_TIMESTAMP(0),
  `update_time` timestamp(0) NULL DEFAULT CURRENT_TIMESTAMP(0) ON UPDATE CURRENT_TIMESTAMP(0),
  PRIMARY KEY (`id`) USING BTREE
) ENGINE = InnoDB CHARACTER SET = utf8mb3 COLLATE = utf8mb3_general_ci COMMENT = '受检设备-送检申请关联设备表' ROW_FORMAT = DYNAMIC;

-- ----------------------------
-- Records of eqpt_inspection_equipment_relation
-- ----------------------------
INSERT INTO `eqpt_inspection_equipment_relation` VALUES (1732301605153308673, 1732301605040062466, 1730846368358047746, '2023-12-06 00:00:00', NULL, NULL, '2023-12-02 00:00:00', '2023-12-04 00:00:00');
INSERT INTO `eqpt_inspection_equipment_relation` VALUES (1732302482673008641, 1732302341765365761, 1730847993122365441, '2023-12-23 00:00:00', NULL, NULL, '2023-12-02 00:00:00', '2023-12-02 00:00:00');
INSERT INTO `eqpt_inspection_equipment_relation` VALUES (1732302482673008642, 1732302341765365761, 1730847993122365441, '2023-12-23 00:00:00', NULL, NULL, '2023-12-02 00:00:00', '2023-12-02 00:00:00');
INSERT INTO `eqpt_inspection_equipment_relation` VALUES (1732302482677202946, 1732302341765365761, 1730851211999027202, '2023-12-23 00:00:00', NULL, NULL, '2023-12-02 00:00:00', '2023-12-02 00:00:00');
INSERT INTO `eqpt_inspection_equipment_relation` VALUES (1732302482681397250, 1732302341765365761, 1730846565981069314, '2023-12-23 00:00:00', NULL, NULL, '2023-12-02 00:00:00', '2023-12-06 00:00:00');
INSERT INTO `eqpt_inspection_equipment_relation` VALUES (1734502895858024449, 1734502895778332673, 1734490469397757953, '2023-12-12 00:00:00', NULL, NULL, '2023-12-12 00:00:00', '2023-12-12 00:00:00');

-- ----------------------------
-- Table structure for eqpt_plan
-- ----------------------------
CREATE TABLE `eqpt_plan`  (
  `id` bigint NOT NULL COMMENT '主键',
  `plan_no` varchar(32) CHARACTER SET utf8mb3 COLLATE utf8mb3_general_ci NULL DEFAULT NULL COMMENT '计划编号',
  `plan_name` varchar(255) CHARACTER SET utf8mb3 COLLATE utf8mb3_general_ci NULL DEFAULT NULL COMMENT '计划名称',
  `plan_category` varchar(3) CHARACTER SET utf8mb3 COLLATE utf8mb3_general_ci NULL DEFAULT NULL COMMENT '计划分类（原始/追加）',
  `plan_type` varchar(3) CHARACTER SET utf8mb3 COLLATE utf8mb3_general_ci NULL DEFAULT NULL COMMENT '计划类型（年/季/月）',
  `year` varchar(4) CHARACTER SET utf8mb3 COLLATE utf8mb3_general_ci NULL DEFAULT NULL COMMENT '年份',
  `season` varchar(4) CHARACTER SET utf8mb3 COLLATE utf8mb3_general_ci NULL DEFAULT NULL COMMENT '季度',
  `month` varchar(4) CHARACTER SET utf8mb3 COLLATE utf8mb3_general_ci NULL DEFAULT NULL COMMENT '月份',
  `remark` varchar(255) CHARACTER SET utf8mb3 COLLATE utf8mb3_general_ci NULL DEFAULT NULL COMMENT '备注',
  `create_user_id` bigint NULL DEFAULT NULL COMMENT '创建人id',
  `create_user_name` varchar(255) CHARACTER SET utf8mb3 COLLATE utf8mb3_general_ci NULL DEFAULT NULL COMMENT '创建人姓名',
  `create_dept_id` bigint NULL DEFAULT NULL COMMENT '创建单位id',
  `create_dept_name` varchar(255) CHARACTER SET utf8mb3 COLLATE utf8mb3_general_ci NULL DEFAULT NULL COMMENT '创建单位名称',
  `create_time` timestamp(0) NULL DEFAULT CURRENT_TIMESTAMP(0) COMMENT '创建时间',
  `update_time` timestamp(0) NULL DEFAULT CURRENT_TIMESTAMP(0) ON UPDATE CURRENT_TIMESTAMP(0) COMMENT '更新时间',
  `process_id` varchar(64) CHARACTER SET utf8mb3 COLLATE utf8mb3_general_ci NULL DEFAULT NULL COMMENT '流程实例id',
  `approval_status` varchar(3) CHARACTER SET utf8mb3 COLLATE utf8mb3_general_ci NULL DEFAULT NULL COMMENT '审批状态',
  PRIMARY KEY (`id`) USING BTREE
) ENGINE = InnoDB CHARACTER SET = utf8mb3 COLLATE = utf8mb3_general_ci COMMENT = '受检设备-计量计划表' ROW_FORMAT = DYNAMIC;

-- ----------------------------
-- Records of eqpt_plan
-- ----------------------------
INSERT INTO `eqpt_plan` VALUES (1732569392631304194, 'ndjh202312070001', '2023年年度计量计划', '0', '0', '2023', '0', '0', NULL, 1731291855766810625, '测试文发一连连长', 1702481190331166721, '文发一连', '2023-12-07 09:13:24', '2023-12-07 11:41:40', '8721255d-94b2-11ee-bff4-5254008a5fee', '3');
INSERT INTO `eqpt_plan` VALUES (1732602925802377217, 'ydjh202312070001', '2023年1月月度计量计划', '0', '2', '2023', '0', '1', NULL, 1731291855766810625, '测试文发一连连长', 1702481190331166721, '文发一连', '2023-12-07 11:28:58', '2023-12-07 11:28:23', NULL, '1');
INSERT INTO `eqpt_plan` VALUES (1732606543137918977, 'ndjh202312070002', '2023年年度计量计划', '0', '0', '2023', '0', '0', NULL, 1731291855766810625, '测试文发一连连长', 1702481190331166721, '文发一连', '2023-12-07 11:42:01', '2023-12-07 11:42:48', 'afd02f7f-94b2-11ee-bff4-5254008a5fee', '3');
INSERT INTO `eqpt_plan` VALUES (1732663374296174594, 'ndjh202312070003', '2023年年度计量计划', '0', '0', '2023', '0', '0', NULL, 1731483496851042306, '文发一连1岗位系统指挥员', 1702481190331166721, '文发一连', '2023-12-07 15:28:01', '2023-12-07 15:59:14', '12659a8f-94d4-11ee-bff4-5254008a5fee', '6');
INSERT INTO `eqpt_plan` VALUES (1732671181011603458, 'ydjh202312070002', '2023年1月月度计量计划', '0', '2', '2023', '0', '1', NULL, 1731483496851042306, '文发一连1岗位系统指挥员', 1702481190331166721, '文发一连', '2023-12-07 15:59:01', '2023-12-07 15:59:38', '91696668-94d6-11ee-bff4-5254008a5fee', '3');
INSERT INTO `eqpt_plan` VALUES (1732671672349151233, 'ydjh202312070003', '2023年1月月度计量计划', '0', '2', '2023', '0', '1', NULL, 1731291855766810625, '测试文发一连连长', 1702481190331166721, '文发一连', '2023-12-07 16:01:04', '2023-12-07 16:01:33', NULL, '1');
INSERT INTO `eqpt_plan` VALUES (1732934640802586625, 'ndjh202312080001', '2023年年度计量计划', '0', '0', '2023', '0', '0', NULL, 1731291855766810625, '测试文发一连连长', 1702481190331166721, '文发一连', '2023-12-08 00:00:00', '2023-12-08 00:00:00', NULL, '1');
INSERT INTO `eqpt_plan` VALUES (1732939454898888706, 'ndjh202312080002', '2023年年度计量计划', '0', '0', '2023', '0', '0', NULL, 1731291855766810625, '测试文发一连连长', 1702481190331166721, '文发一连', '2023-12-08 09:46:11', '2023-12-08 09:45:38', NULL, '1');
INSERT INTO `eqpt_plan` VALUES (1732952749705912322, 'ndjh202312080003', '2023年年度计量计划', '0', '0', '2023', '0', '0', NULL, 1731291855766810625, '测试文发一连连长', 1702481190331166721, '文发一连', '2023-12-08 10:38:58', '2023-12-08 10:39:39', 'de4aabdc-9572-11ee-8735-5254008a5fee', '5');
INSERT INTO `eqpt_plan` VALUES (1732953084470091778, 'ndjh202312080004', '2023年年度计量计划', '0', '0', '2023', '0', '0', NULL, 1731291855766810625, '测试文发一连连长', 1702481190331166721, '文发一连', '2023-12-08 10:40:26', '2023-12-08 10:39:57', '0e277ac0-9573-11ee-8735-5254008a5fee', '4');
INSERT INTO `eqpt_plan` VALUES (1733012459901542402, 'ndjh202312080005', '2023年年度计量计划', '0', '0', '2023', '0', '0', NULL, 1731291855766810625, '测试文发一连连长', 1702481190331166721, '文发一连', '2023-12-08 14:36:13', '2023-12-08 14:35:45', '03bd4cd1-9594-11ee-8735-5254008a5fee', '3');
INSERT INTO `eqpt_plan` VALUES (1733016379130503169, 'ydjh202312080001', '2023年1月月度计量计划', '0', '2', '2023', '0', '1', NULL, 1731483590069448705, '文发一连2岗位系统指挥员', 1702481190331166721, '文发一连', '2023-12-08 14:51:51', '2023-12-08 14:54:27', '30913681-9596-11ee-8735-5254008a5fee', '4');
INSERT INTO `eqpt_plan` VALUES (1733019000809578498, 'ndjh202312080006', '2023年年度计量计划', '0', '0', '2023', '0', '0', NULL, 1731291855766810625, '测试文发一连连长', 1702481190331166721, '文发一连', '2023-12-08 15:02:15', '2023-12-08 15:01:44', 'a527994c-9597-11ee-8735-5254008a5fee', '3');
INSERT INTO `eqpt_plan` VALUES (1733314812676440065, 'ydjh202312090001', '2023年1月月度计量计划', '0', '2', '2023', '0', '1', NULL, 1731483496851042306, '文发一连1岗位系统指挥员', 1731482160138940418, '勤务系统', '2023-12-09 10:36:47', '2023-12-09 10:37:55', 'db8075eb-963b-11ee-aeef-5254008a5fee', '6');
INSERT INTO `eqpt_plan` VALUES (1733315071012012033, 'ydjh202312090002', '2023年1月月度计量计划', '0', '2', '2023', '0', '1', NULL, 1731483496851042306, '文发一连1岗位系统指挥员', 1731482160138940418, '勤务系统', '2023-12-09 10:37:50', '2023-12-09 10:42:31', '02cb5c29-963c-11ee-aeef-5254008a5fee', '4');
INSERT INTO `eqpt_plan` VALUES (1733315750229213186, 'ydjh202312090003', '2023年1月月度计量计划', '0', '2', '2023', '0', '1', NULL, 1731969252438589442, 'csss', 1731482160138940418, '勤务系统', '2023-12-09 10:40:27', '2023-12-09 10:42:37', '6065ea67-963c-11ee-aeef-5254008a5fee', '4');
INSERT INTO `eqpt_plan` VALUES (1734495989131182082, 'ydjh202312120002', '2023年12月月度计量计划', '0', '2', '2023', '0', '12', '测试', 1734401688183291905, '连长测试01', 1734400240108224513, '系统测试连(测试)', '2023-12-12 16:49:33', '2023-12-12 16:59:07', NULL, '1');
INSERT INTO `eqpt_plan` VALUES (1734498734751940609, 'ydjh202312120003', '2023年1月月度计量计划', '0', '2', '2023', '0', '1', '测试', 1734401688183291905, '连长测试01', 1734400240108224513, '系统测试连(测试)', '2023-12-12 17:05:04', '2023-12-12 17:01:40', NULL, '1');
INSERT INTO `eqpt_plan` VALUES (1734500522062315522, 'ydjh202312120004', '2023年1月月度计量计划', '0', '2', '2023', '0', '1', NULL, 1734401688183291905, '连长测试01', 1734400240108224513, '系统测试连(测试)', '2023-12-12 17:12:10', '2023-12-12 17:08:50', '0f6a6647-98ce-11ee-a86f-5254008a5fee', '3');
INSERT INTO `eqpt_plan` VALUES (1734501980325347329, 'ydjh202312120005', '2023年1月月度计量计划', '0', '2', '2023', '0', '1', '测试', 1734401688183291905, '连长测试01', 1734400240108224513, '系统测试连(测试)', '2023-12-12 17:17:54', '2023-12-12 17:14:36', 'de1afe64-98ce-11ee-a86f-5254008a5fee', '3');
INSERT INTO `eqpt_plan` VALUES (1734504783185772545, 'ydjh202312120006', '2023年1月月度计量计划', '0', '2', '2023', '0', '1', '测试', 1734401688183291905, '连长测试01', 1734400240108224513, '系统测试连(测试)', '2023-12-12 17:29:05', '2023-12-12 17:25:45', '6c512227-98d0-11ee-a86f-5254008a5fee', '3');
INSERT INTO `eqpt_plan` VALUES (1734738091723259906, 'ydjh202312130001', '2023年12月月度计量计划', '0', '2', '2023', '0', '12', '测试', 1734402291798163457, '站参谋测试01', 1734400114996330498, '系统测试站(测试)', '2023-12-13 08:55:32', '2023-12-13 08:52:51', 'effbeef4-9951-11ee-a86f-5254008a5fee', '3');

-- ----------------------------
-- Table structure for eqpt_plan_equipment_relation
-- ----------------------------
CREATE TABLE `eqpt_plan_equipment_relation`  (
  `id` bigint NOT NULL COMMENT '主键',
  `plan_id` bigint NULL DEFAULT NULL COMMENT '计量计划id',
  `equipment_id` bigint NULL DEFAULT NULL COMMENT '设备id',
  `execute_status` varchar(255) CHARACTER SET utf8mb3 COLLATE utf8mb3_general_ci NULL DEFAULT NULL COMMENT '执行状态',
  `execute_time` timestamp(0) NULL DEFAULT NULL COMMENT '执行时间',
  `check_completion` varchar(255) CHARACTER SET utf8mb3 COLLATE utf8mb3_general_ci NULL DEFAULT NULL COMMENT '检定完成度',
  `check_finish_time` timestamp(0) NULL DEFAULT NULL COMMENT '检定完成时间',
  `create_time` timestamp(0) NULL DEFAULT CURRENT_TIMESTAMP(0) COMMENT '创建时间',
  `update_time` timestamp(0) NULL DEFAULT CURRENT_TIMESTAMP(0) ON UPDATE CURRENT_TIMESTAMP(0) COMMENT '更新时间',
  PRIMARY KEY (`id`) USING BTREE
) ENGINE = InnoDB CHARACTER SET = utf8mb3 COLLATE = utf8mb3_general_ci COMMENT = '受检设备-计量计量与设备关联表' ROW_FORMAT = DYNAMIC;

-- ----------------------------
-- Records of eqpt_plan_equipment_relation
-- ----------------------------
INSERT INTO `eqpt_plan_equipment_relation` VALUES (1732298841857753090, 1732298841660620802, 1731482833303740417, '0', NULL, NULL, NULL, '2023-12-06 15:20:03', '2023-12-06 15:20:03');
INSERT INTO `eqpt_plan_equipment_relation` VALUES (1732298841866141697, 1732298841660620802, 1731483602761392129, '0', NULL, NULL, NULL, '2023-12-06 15:20:03', '2023-12-06 15:20:03');
INSERT INTO `eqpt_plan_equipment_relation` VALUES (1732298841870336002, 1732298841660620802, 1731913376528883714, '0', NULL, NULL, NULL, '2023-12-06 15:20:03', '2023-12-06 15:20:03');
INSERT INTO `eqpt_plan_equipment_relation` VALUES (1732298841870336003, 1732298841660620802, 1730846565981069314, '0', NULL, NULL, NULL, '2023-12-06 15:20:03', '2023-12-06 15:20:03');
INSERT INTO `eqpt_plan_equipment_relation` VALUES (1732298841874530306, 1732298841660620802, 1730847993122365441, '0', NULL, NULL, NULL, '2023-12-06 15:20:03', '2023-12-06 15:20:03');
INSERT INTO `eqpt_plan_equipment_relation` VALUES (1732298841874530307, 1732298841660620802, 1730851211999027202, '0', NULL, NULL, NULL, '2023-12-06 15:20:03', '2023-12-06 15:20:03');
INSERT INTO `eqpt_plan_equipment_relation` VALUES (1732298841878724610, 1732298841660620802, 1731266340678901761, '0', NULL, NULL, NULL, '2023-12-06 15:20:03', '2023-12-06 15:20:03');
INSERT INTO `eqpt_plan_equipment_relation` VALUES (1732569392719384577, 1732569392631304194, 1731504451086295041, '0', NULL, NULL, NULL, '2023-12-07 09:15:08', '2023-12-07 09:15:08');
INSERT INTO `eqpt_plan_equipment_relation` VALUES (1732569392727773185, 1732569392631304194, 1732015644662063105, '0', NULL, NULL, NULL, '2023-12-07 09:15:08', '2023-12-07 09:15:08');
INSERT INTO `eqpt_plan_equipment_relation` VALUES (1732569392731967490, 1732569392631304194, 1732017622695829506, '0', NULL, NULL, NULL, '2023-12-07 09:15:08', '2023-12-07 09:15:08');
INSERT INTO `eqpt_plan_equipment_relation` VALUES (1732569392736161794, 1732569392631304194, 1732209635378618370, '0', NULL, NULL, NULL, '2023-12-07 09:15:08', '2023-12-07 09:15:08');
INSERT INTO `eqpt_plan_equipment_relation` VALUES (1732569392736161795, 1732569392631304194, 1732245767122354177, '0', NULL, NULL, NULL, '2023-12-07 09:15:08', '2023-12-07 09:15:08');
INSERT INTO `eqpt_plan_equipment_relation` VALUES (1732569392740356098, 1732569392631304194, 1732246905401933825, '0', NULL, NULL, NULL, '2023-12-07 09:15:08', '2023-12-07 09:15:08');
INSERT INTO `eqpt_plan_equipment_relation` VALUES (1732569392740356099, 1732569392631304194, 1732248045917077505, '0', NULL, NULL, NULL, '2023-12-07 09:15:08', '2023-12-07 09:15:08');
INSERT INTO `eqpt_plan_equipment_relation` VALUES (1732602925831737345, 1732602925802377217, 1731504451086295041, '0', NULL, NULL, NULL, '2023-12-07 11:28:23', '2023-12-07 11:28:23');
INSERT INTO `eqpt_plan_equipment_relation` VALUES (1732606543179862017, 1732606543137918977, 1731504451086295041, '0', NULL, NULL, NULL, '2023-12-07 11:42:45', '2023-12-07 11:42:45');
INSERT INTO `eqpt_plan_equipment_relation` VALUES (1732606543179862018, 1732606543137918977, 1732015644662063105, '0', NULL, NULL, NULL, '2023-12-07 11:42:45', '2023-12-07 11:42:45');
INSERT INTO `eqpt_plan_equipment_relation` VALUES (1732606543184056321, 1732606543137918977, 1732017622695829506, '0', NULL, NULL, NULL, '2023-12-07 11:42:45', '2023-12-07 11:42:45');
INSERT INTO `eqpt_plan_equipment_relation` VALUES (1732606543184056322, 1732606543137918977, 1732209635378618370, '0', NULL, NULL, NULL, '2023-12-07 11:42:45', '2023-12-07 11:42:45');
INSERT INTO `eqpt_plan_equipment_relation` VALUES (1732606543184056323, 1732606543137918977, 1732245767122354177, '0', NULL, NULL, NULL, '2023-12-07 11:42:45', '2023-12-07 11:42:45');
INSERT INTO `eqpt_plan_equipment_relation` VALUES (1732662526811885570, 1732662526761553922, 1731504451086295041, '0', NULL, NULL, NULL, '2023-12-07 15:25:13', '2023-12-07 15:25:13');
INSERT INTO `eqpt_plan_equipment_relation` VALUES (1732662526816079874, 1732662526761553922, 1732015644662063105, '0', NULL, NULL, NULL, '2023-12-07 15:25:13', '2023-12-07 15:25:13');
INSERT INTO `eqpt_plan_equipment_relation` VALUES (1732662526816079875, 1732662526761553922, 1732017622695829506, '0', NULL, NULL, NULL, '2023-12-07 15:25:13', '2023-12-07 15:25:13');
INSERT INTO `eqpt_plan_equipment_relation` VALUES (1732662526816079876, 1732662526761553922, 1732209635378618370, '0', NULL, NULL, NULL, '2023-12-07 15:25:13', '2023-12-07 15:25:13');
INSERT INTO `eqpt_plan_equipment_relation` VALUES (1732662526816079877, 1732662526761553922, 1732245767122354177, '0', NULL, NULL, NULL, '2023-12-07 15:25:13', '2023-12-07 15:25:13');
INSERT INTO `eqpt_plan_equipment_relation` VALUES (1732662526816079878, 1732662526761553922, 1732246905401933825, '0', NULL, NULL, NULL, '2023-12-07 15:25:13', '2023-12-07 15:25:13');
INSERT INTO `eqpt_plan_equipment_relation` VALUES (1732662526820274177, 1732662526761553922, 1732248045917077505, '0', NULL, NULL, NULL, '2023-12-07 15:25:13', '2023-12-07 15:25:13');
INSERT INTO `eqpt_plan_equipment_relation` VALUES (1732663374338117634, 1732663374296174594, 1731504451086295041, '0', NULL, NULL, NULL, '2023-12-07 15:28:35', '2023-12-07 15:28:35');
INSERT INTO `eqpt_plan_equipment_relation` VALUES (1732663374342311938, 1732663374296174594, 1732015644662063105, '0', NULL, NULL, NULL, '2023-12-07 15:28:35', '2023-12-07 15:28:35');
INSERT INTO `eqpt_plan_equipment_relation` VALUES (1732663374342311939, 1732663374296174594, 1732017622695829506, '0', NULL, NULL, NULL, '2023-12-07 15:28:35', '2023-12-07 15:28:35');
INSERT INTO `eqpt_plan_equipment_relation` VALUES (1732663374342311940, 1732663374296174594, 1732209635378618370, '0', NULL, NULL, NULL, '2023-12-07 15:28:35', '2023-12-07 15:28:35');
INSERT INTO `eqpt_plan_equipment_relation` VALUES (1732663374342311941, 1732663374296174594, 1732245767122354177, '0', NULL, NULL, NULL, '2023-12-07 15:28:35', '2023-12-07 15:28:35');
INSERT INTO `eqpt_plan_equipment_relation` VALUES (1732663374342311942, 1732663374296174594, 1732246905401933825, '0', NULL, NULL, NULL, '2023-12-07 15:28:35', '2023-12-07 15:28:35');
INSERT INTO `eqpt_plan_equipment_relation` VALUES (1732663374342311943, 1732663374296174594, 1732248045917077505, '0', NULL, NULL, NULL, '2023-12-07 15:28:35', '2023-12-07 15:28:35');
INSERT INTO `eqpt_plan_equipment_relation` VALUES (1732663913583005698, 1732663913557839873, 1732015644662063105, '0', NULL, NULL, NULL, '2023-12-07 15:30:43', '2023-12-07 15:30:43');
INSERT INTO `eqpt_plan_equipment_relation` VALUES (1732671181032574978, 1732671181011603458, 1731504451086295041, '0', NULL, NULL, NULL, '2023-12-07 15:59:36', '2023-12-07 15:59:36');
INSERT INTO `eqpt_plan_equipment_relation` VALUES (1732671672374317058, 1732671672349151233, 1731504451086295041, '0', NULL, NULL, NULL, '2023-12-07 16:01:33', '2023-12-07 16:01:33');
INSERT INTO `eqpt_plan_equipment_relation` VALUES (1732935379289497601, 1732934640802586625, 1731504451086295041, '0', NULL, NULL, NULL, '2023-12-08 09:29:26', '2023-12-08 09:29:26');
INSERT INTO `eqpt_plan_equipment_relation` VALUES (1732935379297886210, 1732934640802586625, 1732015644662063105, '0', NULL, NULL, NULL, '2023-12-08 09:29:26', '2023-12-08 09:29:26');
INSERT INTO `eqpt_plan_equipment_relation` VALUES (1732935379302080513, 1732934640802586625, 1732017622695829506, '0', NULL, NULL, NULL, '2023-12-08 09:29:26', '2023-12-08 09:29:26');
INSERT INTO `eqpt_plan_equipment_relation` VALUES (1732935379302080514, 1732934640802586625, 1732209635378618370, '0', NULL, NULL, NULL, '2023-12-08 09:29:26', '2023-12-08 09:29:26');
INSERT INTO `eqpt_plan_equipment_relation` VALUES (1732935379306274817, 1732934640802586625, 1732245767122354177, '0', NULL, NULL, NULL, '2023-12-08 09:29:26', '2023-12-08 09:29:26');
INSERT INTO `eqpt_plan_equipment_relation` VALUES (1732935379306274818, 1732934640802586625, 1732246905401933825, '0', NULL, NULL, NULL, '2023-12-08 09:29:26', '2023-12-08 09:29:26');
INSERT INTO `eqpt_plan_equipment_relation` VALUES (1732935379306274819, 1732934640802586625, 1732248045917077505, '0', NULL, NULL, NULL, '2023-12-08 09:29:26', '2023-12-08 09:29:26');
INSERT INTO `eqpt_plan_equipment_relation` VALUES (1732935379306274820, 1732934640802586625, 1732567474257317890, '0', NULL, NULL, NULL, '2023-12-08 09:29:26', '2023-12-08 09:29:26');
INSERT INTO `eqpt_plan_equipment_relation` VALUES (1732935379306274821, 1732934640802586625, 1732677209325359106, '0', NULL, NULL, NULL, '2023-12-08 09:29:26', '2023-12-08 09:29:26');
INSERT INTO `eqpt_plan_equipment_relation` VALUES (1732935379306274822, 1732934640802586625, 1732683037809872897, '0', NULL, NULL, NULL, '2023-12-08 09:29:26', '2023-12-08 09:29:26');
INSERT INTO `eqpt_plan_equipment_relation` VALUES (1732935379310469122, 1732934640802586625, 1732684263851069441, '0', NULL, NULL, NULL, '2023-12-08 09:29:26', '2023-12-08 09:29:26');
INSERT INTO `eqpt_plan_equipment_relation` VALUES (1732935379310469123, 1732934640802586625, 1732737125159395329, '0', NULL, NULL, NULL, '2023-12-08 09:29:26', '2023-12-08 09:29:26');
INSERT INTO `eqpt_plan_equipment_relation` VALUES (1732935379310469124, 1732934640802586625, 1732737644561031170, '0', NULL, NULL, NULL, '2023-12-08 09:29:26', '2023-12-08 09:29:26');
INSERT INTO `eqpt_plan_equipment_relation` VALUES (1732935379310469125, 1732934640802586625, 1732922110743011330, '0', NULL, NULL, NULL, '2023-12-08 09:29:26', '2023-12-08 09:29:26');
INSERT INTO `eqpt_plan_equipment_relation` VALUES (1732935379310469126, 1732934640802586625, 1732928916433264641, '0', NULL, NULL, NULL, '2023-12-08 09:29:26', '2023-12-08 09:29:26');
INSERT INTO `eqpt_plan_equipment_relation` VALUES (1732939454974386178, 1732939454898888706, 1731504451086295041, '0', NULL, NULL, NULL, '2023-12-08 09:45:38', '2023-12-08 09:45:38');
INSERT INTO `eqpt_plan_equipment_relation` VALUES (1732939454974386179, 1732939454898888706, 1732015644662063105, '0', NULL, NULL, NULL, '2023-12-08 09:45:38', '2023-12-08 09:45:38');
INSERT INTO `eqpt_plan_equipment_relation` VALUES (1732939454974386180, 1732939454898888706, 1732017622695829506, '0', NULL, NULL, NULL, '2023-12-08 09:45:38', '2023-12-08 09:45:38');
INSERT INTO `eqpt_plan_equipment_relation` VALUES (1732939454978580481, 1732939454898888706, 1732209635378618370, '0', NULL, NULL, NULL, '2023-12-08 09:45:38', '2023-12-08 09:45:38');
INSERT INTO `eqpt_plan_equipment_relation` VALUES (1732939454978580482, 1732939454898888706, 1732245767122354177, '0', NULL, NULL, NULL, '2023-12-08 09:45:38', '2023-12-08 09:45:38');
INSERT INTO `eqpt_plan_equipment_relation` VALUES (1732939454978580483, 1732939454898888706, 1732246905401933825, '0', NULL, NULL, NULL, '2023-12-08 09:45:38', '2023-12-08 09:45:38');
INSERT INTO `eqpt_plan_equipment_relation` VALUES (1732939454978580484, 1732939454898888706, 1732248045917077505, '0', NULL, NULL, NULL, '2023-12-08 09:45:38', '2023-12-08 09:45:38');
INSERT INTO `eqpt_plan_equipment_relation` VALUES (1732939454978580485, 1732939454898888706, 1732567474257317890, '0', NULL, NULL, NULL, '2023-12-08 09:45:38', '2023-12-08 09:45:38');
INSERT INTO `eqpt_plan_equipment_relation` VALUES (1732939454978580486, 1732939454898888706, 1732677209325359106, '0', NULL, NULL, NULL, '2023-12-08 09:45:38', '2023-12-08 09:45:38');
INSERT INTO `eqpt_plan_equipment_relation` VALUES (1732939454982774785, 1732939454898888706, 1732683037809872897, '0', NULL, NULL, NULL, '2023-12-08 09:45:38', '2023-12-08 09:45:38');
INSERT INTO `eqpt_plan_equipment_relation` VALUES (1732939454982774786, 1732939454898888706, 1732684263851069441, '0', NULL, NULL, NULL, '2023-12-08 09:45:38', '2023-12-08 09:45:38');
INSERT INTO `eqpt_plan_equipment_relation` VALUES (1732939454982774787, 1732939454898888706, 1732737125159395329, '0', NULL, NULL, NULL, '2023-12-08 09:45:38', '2023-12-08 09:45:38');
INSERT INTO `eqpt_plan_equipment_relation` VALUES (1732939454982774788, 1732939454898888706, 1732737644561031170, '0', NULL, NULL, NULL, '2023-12-08 09:45:38', '2023-12-08 09:45:38');
INSERT INTO `eqpt_plan_equipment_relation` VALUES (1732939454982774789, 1732939454898888706, 1732922110743011330, '0', NULL, NULL, NULL, '2023-12-08 09:45:38', '2023-12-08 09:45:38');
INSERT INTO `eqpt_plan_equipment_relation` VALUES (1732939454982774790, 1732939454898888706, 1732928916433264641, '0', NULL, NULL, NULL, '2023-12-08 09:45:38', '2023-12-08 09:45:38');
INSERT INTO `eqpt_plan_equipment_relation` VALUES (1732952749777215490, 1732952749705912322, 1731504451086295041, '0', NULL, NULL, NULL, '2023-12-08 10:38:27', '2023-12-08 10:38:27');
INSERT INTO `eqpt_plan_equipment_relation` VALUES (1732952749777215491, 1732952749705912322, 1732015644662063105, '0', NULL, NULL, NULL, '2023-12-08 10:38:27', '2023-12-08 10:38:27');
INSERT INTO `eqpt_plan_equipment_relation` VALUES (1732952749781409794, 1732952749705912322, 1732017622695829506, '0', NULL, NULL, NULL, '2023-12-08 10:38:27', '2023-12-08 10:38:27');
INSERT INTO `eqpt_plan_equipment_relation` VALUES (1732952749781409795, 1732952749705912322, 1732209635378618370, '0', NULL, NULL, NULL, '2023-12-08 10:38:27', '2023-12-08 10:38:27');
INSERT INTO `eqpt_plan_equipment_relation` VALUES (1732952749781409796, 1732952749705912322, 1732245767122354177, '0', NULL, NULL, NULL, '2023-12-08 10:38:27', '2023-12-08 10:38:27');
INSERT INTO `eqpt_plan_equipment_relation` VALUES (1732952749781409797, 1732952749705912322, 1732246905401933825, '0', NULL, NULL, NULL, '2023-12-08 10:38:27', '2023-12-08 10:38:27');
INSERT INTO `eqpt_plan_equipment_relation` VALUES (1732952749781409798, 1732952749705912322, 1732248045917077505, '0', NULL, NULL, NULL, '2023-12-08 10:38:27', '2023-12-08 10:38:27');
INSERT INTO `eqpt_plan_equipment_relation` VALUES (1732952749781409799, 1732952749705912322, 1732567474257317890, '0', NULL, NULL, NULL, '2023-12-08 10:38:27', '2023-12-08 10:38:27');
INSERT INTO `eqpt_plan_equipment_relation` VALUES (1732952749785604097, 1732952749705912322, 1732677209325359106, '0', NULL, NULL, NULL, '2023-12-08 10:38:27', '2023-12-08 10:38:27');
INSERT INTO `eqpt_plan_equipment_relation` VALUES (1732952749785604098, 1732952749705912322, 1732683037809872897, '0', NULL, NULL, NULL, '2023-12-08 10:38:27', '2023-12-08 10:38:27');
INSERT INTO `eqpt_plan_equipment_relation` VALUES (1732952749785604099, 1732952749705912322, 1732684263851069441, '0', NULL, NULL, NULL, '2023-12-08 10:38:27', '2023-12-08 10:38:27');
INSERT INTO `eqpt_plan_equipment_relation` VALUES (1732952749785604100, 1732952749705912322, 1732737125159395329, '0', NULL, NULL, NULL, '2023-12-08 10:38:27', '2023-12-08 10:38:27');
INSERT INTO `eqpt_plan_equipment_relation` VALUES (1732952749785604101, 1732952749705912322, 1732737644561031170, '0', NULL, NULL, NULL, '2023-12-08 10:38:27', '2023-12-08 10:38:27');
INSERT INTO `eqpt_plan_equipment_relation` VALUES (1732952749785604102, 1732952749705912322, 1732922110743011330, '0', NULL, NULL, NULL, '2023-12-08 10:38:27', '2023-12-08 10:38:27');
INSERT INTO `eqpt_plan_equipment_relation` VALUES (1732952749785604103, 1732952749705912322, 1732928916433264641, '0', NULL, NULL, NULL, '2023-12-08 10:38:27', '2023-12-08 10:38:27');
INSERT INTO `eqpt_plan_equipment_relation` VALUES (1732953084499451905, 1732953084470091778, 1731504451086295041, '0', NULL, NULL, NULL, '2023-12-08 10:39:47', '2023-12-08 10:39:47');
INSERT INTO `eqpt_plan_equipment_relation` VALUES (1733012459977039874, 1733012459901542402, 1731504451086295041, '0', NULL, NULL, NULL, '2023-12-08 14:35:43', '2023-12-08 14:35:43');
INSERT INTO `eqpt_plan_equipment_relation` VALUES (1733012459977039875, 1733012459901542402, 1732015644662063105, '0', NULL, NULL, NULL, '2023-12-08 14:35:43', '2023-12-08 14:35:43');
INSERT INTO `eqpt_plan_equipment_relation` VALUES (1733012459977039876, 1733012459901542402, 1732017622695829506, '0', NULL, NULL, NULL, '2023-12-08 14:35:43', '2023-12-08 14:35:43');
INSERT INTO `eqpt_plan_equipment_relation` VALUES (1733012459977039877, 1733012459901542402, 1732209635378618370, '0', NULL, NULL, NULL, '2023-12-08 14:35:44', '2023-12-08 14:35:44');
INSERT INTO `eqpt_plan_equipment_relation` VALUES (1733012459981234178, 1733012459901542402, 1732245767122354177, '0', NULL, NULL, NULL, '2023-12-08 14:35:44', '2023-12-08 14:35:44');
INSERT INTO `eqpt_plan_equipment_relation` VALUES (1733012459981234179, 1733012459901542402, 1732246905401933825, '0', NULL, NULL, NULL, '2023-12-08 14:35:44', '2023-12-08 14:35:44');
INSERT INTO `eqpt_plan_equipment_relation` VALUES (1733012459981234180, 1733012459901542402, 1732248045917077505, '0', NULL, NULL, NULL, '2023-12-08 14:35:44', '2023-12-08 14:35:44');
INSERT INTO `eqpt_plan_equipment_relation` VALUES (1733012459981234181, 1733012459901542402, 1732567474257317890, '0', NULL, NULL, NULL, '2023-12-08 14:35:44', '2023-12-08 14:35:44');
INSERT INTO `eqpt_plan_equipment_relation` VALUES (1733012459981234182, 1733012459901542402, 1732677209325359106, '0', NULL, NULL, NULL, '2023-12-08 14:35:44', '2023-12-08 14:35:44');
INSERT INTO `eqpt_plan_equipment_relation` VALUES (1733012459981234183, 1733012459901542402, 1732683037809872897, '0', NULL, NULL, NULL, '2023-12-08 14:35:44', '2023-12-08 14:35:44');
INSERT INTO `eqpt_plan_equipment_relation` VALUES (1733012459985428482, 1733012459901542402, 1732684263851069441, '0', NULL, NULL, NULL, '2023-12-08 14:35:44', '2023-12-08 14:35:44');
INSERT INTO `eqpt_plan_equipment_relation` VALUES (1733012459985428483, 1733012459901542402, 1732737125159395329, '0', NULL, NULL, NULL, '2023-12-08 14:35:44', '2023-12-08 14:35:44');
INSERT INTO `eqpt_plan_equipment_relation` VALUES (1733012459985428484, 1733012459901542402, 1732737644561031170, '0', NULL, NULL, NULL, '2023-12-08 14:35:44', '2023-12-08 14:35:44');
INSERT INTO `eqpt_plan_equipment_relation` VALUES (1733012459985428485, 1733012459901542402, 1732922110743011330, '0', NULL, NULL, NULL, '2023-12-08 14:35:44', '2023-12-08 14:35:44');
INSERT INTO `eqpt_plan_equipment_relation` VALUES (1733012459985428486, 1733012459901542402, 1732928916433264641, '0', NULL, NULL, NULL, '2023-12-08 14:35:44', '2023-12-08 14:35:44');
INSERT INTO `eqpt_plan_equipment_relation` VALUES (1733016379210194945, 1733016379130503169, 1731504451086295041, '0', NULL, NULL, NULL, '2023-12-08 14:51:18', '2023-12-08 14:51:18');
INSERT INTO `eqpt_plan_equipment_relation` VALUES (1733016379214389249, 1733016379130503169, 1732015644662063105, '0', NULL, NULL, NULL, '2023-12-08 14:51:18', '2023-12-08 14:51:18');
INSERT INTO `eqpt_plan_equipment_relation` VALUES (1733016379214389250, 1733016379130503169, 1732017622695829506, '0', NULL, NULL, NULL, '2023-12-08 14:51:18', '2023-12-08 14:51:18');
INSERT INTO `eqpt_plan_equipment_relation` VALUES (1733016379214389251, 1733016379130503169, 1732209635378618370, '0', NULL, NULL, NULL, '2023-12-08 14:51:18', '2023-12-08 14:51:18');
INSERT INTO `eqpt_plan_equipment_relation` VALUES (1733016379214389252, 1733016379130503169, 1732245767122354177, '0', NULL, NULL, NULL, '2023-12-08 14:51:18', '2023-12-08 14:51:18');
INSERT INTO `eqpt_plan_equipment_relation` VALUES (1733016379214389253, 1733016379130503169, 1732246905401933825, '0', NULL, NULL, NULL, '2023-12-08 14:51:18', '2023-12-08 14:51:18');
INSERT INTO `eqpt_plan_equipment_relation` VALUES (1733016379214389254, 1733016379130503169, 1732248045917077505, '0', NULL, NULL, NULL, '2023-12-08 14:51:18', '2023-12-08 14:51:18');
INSERT INTO `eqpt_plan_equipment_relation` VALUES (1733016379214389255, 1733016379130503169, 1732567474257317890, '0', NULL, NULL, NULL, '2023-12-08 14:51:18', '2023-12-08 14:51:18');
INSERT INTO `eqpt_plan_equipment_relation` VALUES (1733016379214389256, 1733016379130503169, 1732677209325359106, '0', NULL, NULL, NULL, '2023-12-08 14:51:18', '2023-12-08 14:51:18');
INSERT INTO `eqpt_plan_equipment_relation` VALUES (1733016379218583554, 1733016379130503169, 1732683037809872897, '0', NULL, NULL, NULL, '2023-12-08 14:51:18', '2023-12-08 14:51:18');
INSERT INTO `eqpt_plan_equipment_relation` VALUES (1733016379218583555, 1733016379130503169, 1732684263851069441, '0', NULL, NULL, NULL, '2023-12-08 14:51:18', '2023-12-08 14:51:18');
INSERT INTO `eqpt_plan_equipment_relation` VALUES (1733016379218583556, 1733016379130503169, 1732737125159395329, '0', NULL, NULL, NULL, '2023-12-08 14:51:18', '2023-12-08 14:51:18');
INSERT INTO `eqpt_plan_equipment_relation` VALUES (1733016379218583557, 1733016379130503169, 1732737644561031170, '0', NULL, NULL, NULL, '2023-12-08 14:51:18', '2023-12-08 14:51:18');
INSERT INTO `eqpt_plan_equipment_relation` VALUES (1733016379218583558, 1733016379130503169, 1732922110743011330, '0', NULL, NULL, NULL, '2023-12-08 14:51:18', '2023-12-08 14:51:18');
INSERT INTO `eqpt_plan_equipment_relation` VALUES (1733016379218583559, 1733016379130503169, 1732928916433264641, '0', NULL, NULL, NULL, '2023-12-08 14:51:18', '2023-12-08 14:51:18');
INSERT INTO `eqpt_plan_equipment_relation` VALUES (1733019000885075969, 1733019000809578498, 1731504451086295041, '0', NULL, NULL, NULL, '2023-12-08 15:01:43', '2023-12-08 15:01:43');
INSERT INTO `eqpt_plan_equipment_relation` VALUES (1733019000885075970, 1733019000809578498, 1732015644662063105, '0', NULL, NULL, NULL, '2023-12-08 15:01:43', '2023-12-08 15:01:43');
INSERT INTO `eqpt_plan_equipment_relation` VALUES (1733019000885075971, 1733019000809578498, 1732017622695829506, '0', NULL, NULL, NULL, '2023-12-08 15:01:43', '2023-12-08 15:01:43');
INSERT INTO `eqpt_plan_equipment_relation` VALUES (1733019000885075972, 1733019000809578498, 1732209635378618370, '0', NULL, NULL, NULL, '2023-12-08 15:01:43', '2023-12-08 15:01:43');
INSERT INTO `eqpt_plan_equipment_relation` VALUES (1733019000885075973, 1733019000809578498, 1732245767122354177, '0', NULL, NULL, NULL, '2023-12-08 15:01:43', '2023-12-08 15:01:43');
INSERT INTO `eqpt_plan_equipment_relation` VALUES (1733019000889270274, 1733019000809578498, 1732246905401933825, '0', NULL, NULL, NULL, '2023-12-08 15:01:43', '2023-12-08 15:01:43');
INSERT INTO `eqpt_plan_equipment_relation` VALUES (1733019000889270275, 1733019000809578498, 1732248045917077505, '0', NULL, NULL, NULL, '2023-12-08 15:01:43', '2023-12-08 15:01:43');
INSERT INTO `eqpt_plan_equipment_relation` VALUES (1733019000889270276, 1733019000809578498, 1732567474257317890, '0', NULL, NULL, NULL, '2023-12-08 15:01:43', '2023-12-08 15:01:43');
INSERT INTO `eqpt_plan_equipment_relation` VALUES (1733019000889270277, 1733019000809578498, 1732677209325359106, '0', NULL, NULL, NULL, '2023-12-08 15:01:43', '2023-12-08 15:01:43');
INSERT INTO `eqpt_plan_equipment_relation` VALUES (1733019000889270278, 1733019000809578498, 1732683037809872897, '0', NULL, NULL, NULL, '2023-12-08 15:01:43', '2023-12-08 15:01:43');
INSERT INTO `eqpt_plan_equipment_relation` VALUES (1733019000889270279, 1733019000809578498, 1732684263851069441, '0', NULL, NULL, NULL, '2023-12-08 15:01:43', '2023-12-08 15:01:43');
INSERT INTO `eqpt_plan_equipment_relation` VALUES (1733019000889270280, 1733019000809578498, 1732737125159395329, '0', NULL, NULL, NULL, '2023-12-08 15:01:43', '2023-12-08 15:01:43');
INSERT INTO `eqpt_plan_equipment_relation` VALUES (1733019000893464577, 1733019000809578498, 1732737644561031170, '0', NULL, NULL, NULL, '2023-12-08 15:01:43', '2023-12-08 15:01:43');
INSERT INTO `eqpt_plan_equipment_relation` VALUES (1733019000893464578, 1733019000809578498, 1732922110743011330, '0', NULL, NULL, NULL, '2023-12-08 15:01:43', '2023-12-08 15:01:43');
INSERT INTO `eqpt_plan_equipment_relation` VALUES (1733019000893464579, 1733019000809578498, 1732928916433264641, '0', NULL, NULL, NULL, '2023-12-08 15:01:43', '2023-12-08 15:01:43');
INSERT INTO `eqpt_plan_equipment_relation` VALUES (1733019000893464580, 1733019000809578498, 1732944476424495106, '0', NULL, NULL, NULL, '2023-12-08 15:01:43', '2023-12-08 15:01:43');
INSERT INTO `eqpt_plan_equipment_relation` VALUES (1733314812772909057, 1733314812676440065, 1732928916433264641, '0', NULL, NULL, NULL, '2023-12-09 10:37:10', '2023-12-09 10:37:10');
INSERT INTO `eqpt_plan_equipment_relation` VALUES (1733315071049760769, 1733315071012012033, 1732928916433264641, '0', NULL, NULL, NULL, '2023-12-09 10:38:12', '2023-12-09 10:38:12');
INSERT INTO `eqpt_plan_equipment_relation` VALUES (1733315750271156226, 1733315750229213186, 1732928916433264641, '0', NULL, NULL, NULL, '2023-12-09 10:40:54', '2023-12-09 10:40:54');
INSERT INTO `eqpt_plan_equipment_relation` VALUES (1734498094076198913, 1734495989131182082, 1734490469397757953, '0', NULL, NULL, NULL, '2023-12-12 16:59:07', '2023-12-12 16:59:07');
INSERT INTO `eqpt_plan_equipment_relation` VALUES (1734498734777106434, 1734498734751940609, 1734490469397757953, '0', NULL, NULL, NULL, '2023-12-12 17:01:40', '2023-12-12 17:01:40');
INSERT INTO `eqpt_plan_equipment_relation` VALUES (1734500522091675649, 1734500522062315522, 1734490469397757953, '0', NULL, NULL, NULL, '2023-12-12 17:08:46', '2023-12-12 17:08:46');
INSERT INTO `eqpt_plan_equipment_relation` VALUES (1734501980350513153, 1734501980325347329, 1734468136322793474, '0', NULL, NULL, NULL, '2023-12-12 17:14:33', '2023-12-12 17:14:33');
INSERT INTO `eqpt_plan_equipment_relation` VALUES (1734504783223521281, 1734504783185772545, 1734504219223851009, '0', NULL, NULL, NULL, '2023-12-12 17:25:42', '2023-12-12 17:25:42');
INSERT INTO `eqpt_plan_equipment_relation` VALUES (1734738091748425729, 1734738091723259906, 1734504219223851009, '0', NULL, NULL, NULL, '2023-12-13 08:52:47', '2023-12-13 08:52:47');

-- ----------------------------
-- Table structure for eqpt_plan_notify
-- ----------------------------
CREATE TABLE `eqpt_plan_notify`  (
  `id` bigint NOT NULL COMMENT '主键',
  `notify_no` varchar(255) CHARACTER SET utf8mb3 COLLATE utf8mb3_general_ci NULL DEFAULT NULL COMMENT '通知编号',
  `notify_name` varchar(255) CHARACTER SET utf8mb3 COLLATE utf8mb3_general_ci NULL DEFAULT NULL COMMENT '通知名称',
  `notify_type` varchar(255) CHARACTER SET utf8mb3 COLLATE utf8mb3_general_ci NULL DEFAULT NULL COMMENT '通知类型(1负责人；2部门)',
  `notify_user` bigint NULL DEFAULT NULL COMMENT '通知用户(负责人)',
  `notify_dept` bigint NULL DEFAULT NULL COMMENT '通知部门',
  `plan_id` bigint NULL DEFAULT NULL COMMENT '计量计划id',
  `create_time` timestamp(0) NULL DEFAULT CURRENT_TIMESTAMP(0) COMMENT '创建时间',
  `update_time` timestamp(0) NULL DEFAULT CURRENT_TIMESTAMP(0) ON UPDATE CURRENT_TIMESTAMP(0) COMMENT '更新时间',
  PRIMARY KEY (`id`) USING BTREE
) ENGINE = InnoDB CHARACTER SET = utf8mb3 COLLATE = utf8mb3_general_ci COMMENT = '受检设备-计量计划-送检通知' ROW_FORMAT = DYNAMIC;

-- ----------------------------
-- Records of eqpt_plan_notify
-- ----------------------------

-- ----------------------------
-- Table structure for eqpt_plan_notify_relation
-- ----------------------------
CREATE TABLE `eqpt_plan_notify_relation`  (
  `id` bigint NOT NULL COMMENT '主键',
  `notify_id` bigint NULL DEFAULT NULL COMMENT '通知id',
  `plan_relation_id` bigint NULL DEFAULT NULL COMMENT '计量计划与设备关联表id',
  `create_time` timestamp(0) NULL DEFAULT CURRENT_TIMESTAMP(0) COMMENT '创建时间',
  `update_time` timestamp(0) NULL DEFAULT CURRENT_TIMESTAMP(0) ON UPDATE CURRENT_TIMESTAMP(0) COMMENT '更新时间',
  PRIMARY KEY (`id`) USING BTREE,
  INDEX `pk_relation`(`plan_relation_id`) USING BTREE,
  CONSTRAINT `pk_relation` FOREIGN KEY (`plan_relation_id`) REFERENCES `eqpt_plan_equipment_relation` (`id`) ON DELETE RESTRICT ON UPDATE RESTRICT
) ENGINE = InnoDB CHARACTER SET = utf8mb3 COLLATE = utf8mb3_general_ci COMMENT = '受检设备-计量计划-送检通知关联表' ROW_FORMAT = DYNAMIC;

-- ----------------------------
-- Records of eqpt_plan_notify_relation
-- ----------------------------

-- ----------------------------
-- Table structure for eqpt_remind_config
-- ----------------------------
CREATE TABLE `eqpt_remind_config`  (
  `id` bigint NOT NULL COMMENT '主键',
  `remind_name` varchar(255) CHARACTER SET utf8mb3 COLLATE utf8mb3_general_ci NULL DEFAULT NULL COMMENT '提醒名称',
  `remind_type` varchar(255) CHARACTER SET utf8mb3 COLLATE utf8mb3_general_ci NULL DEFAULT NULL COMMENT '提醒类型（1设备；2任务）',
  `remind_time` varchar(255) CHARACTER SET utf8mb3 COLLATE utf8mb3_general_ci NULL DEFAULT NULL COMMENT '提醒时间',
  `create_time` timestamp(0) NULL DEFAULT CURRENT_TIMESTAMP(0) COMMENT '创建时间',
  `update_time` timestamp(0) NULL DEFAULT CURRENT_TIMESTAMP(0) ON UPDATE CURRENT_TIMESTAMP(0) COMMENT '更新时间',
  `create_user_id` bigint NULL DEFAULT NULL COMMENT '创建用户id',
  `create_user_name` varchar(255) CHARACTER SET utf8mb3 COLLATE utf8mb3_general_ci NULL DEFAULT NULL COMMENT '创建用户名称',
  `create_dept_id` bigint NULL DEFAULT NULL COMMENT '创建部门id',
  `create_dept_name` varchar(255) CHARACTER SET utf8mb3 COLLATE utf8mb3_general_ci NULL DEFAULT NULL COMMENT '创建部门名称',
  `equipment_ext` varchar(500) CHARACTER SET utf8mb3 COLLATE utf8mb3_general_ci NULL DEFAULT NULL COMMENT '设备名称辅助字段',
  `task_ext` varchar(500) CHARACTER SET utf8mb3 COLLATE utf8mb3_general_ci NULL DEFAULT NULL COMMENT '参试任务辅助字段',
  PRIMARY KEY (`id`) USING BTREE
) ENGINE = InnoDB CHARACTER SET = utf8mb3 COLLATE = utf8mb3_general_ci COMMENT = '受检设备-到期提醒管理' ROW_FORMAT = DYNAMIC;

-- ----------------------------
-- Records of eqpt_remind_config
-- ----------------------------

-- ----------------------------
-- Table structure for eqpt_remind_relation
-- ----------------------------
CREATE TABLE `eqpt_remind_relation`  (
  `id` bigint NOT NULL COMMENT '主键',
  `remind_id` bigint NULL DEFAULT NULL COMMENT '到期提醒id',
  `model_id` bigint NULL DEFAULT NULL COMMENT '设备规格id',
  `task_id` bigint NULL DEFAULT NULL COMMENT '任务id',
  `create_time` timestamp(0) NULL DEFAULT NULL COMMENT '创建时间',
  `update_time` timestamp(0) NULL DEFAULT NULL COMMENT '更新时间',
  PRIMARY KEY (`id`) USING BTREE
) ENGINE = InnoDB CHARACTER SET = utf8mb3 COLLATE = utf8mb3_general_ci ROW_FORMAT = DYNAMIC;

-- ----------------------------
-- Records of eqpt_remind_relation
-- ----------------------------

-- ----------------------------
-- Table structure for eqpt_subcontract_certificate
-- ----------------------------
CREATE TABLE `eqpt_subcontract_certificate`  (
  `id` bigint NOT NULL COMMENT '主键',
  `certificate_no` varchar(255) CHARACTER SET utf8mb3 COLLATE utf8mb3_general_ci NULL DEFAULT NULL COMMENT '证书编号',
  `certificate_name` varchar(255) CHARACTER SET utf8mb3 COLLATE utf8mb3_general_ci NULL DEFAULT NULL COMMENT '证书名称',
  `subcontractor_id` bigint NULL DEFAULT NULL COMMENT '检测单位id',
  `equipment_id` bigint NULL DEFAULT NULL COMMENT '受检设备id',
  `check_date` timestamp(0) NULL DEFAULT NULL COMMENT '检定(校准)日期',
  `certificate_valid` timestamp(0) NULL DEFAULT NULL COMMENT '证书有效期',
  `meter_identify` varchar(255) CHARACTER SET utf8mb3 COLLATE utf8mb3_general_ci NULL DEFAULT NULL COMMENT '计量标识',
  `original_record` varchar(255) CHARACTER SET utf8mb3 COLLATE utf8mb3_general_ci NULL DEFAULT NULL COMMENT '原始记录附件',
  `certificate_report` varchar(255) CHARACTER SET utf8mb3 COLLATE utf8mb3_general_ci NULL DEFAULT NULL COMMENT '证书报告附件',
  `create_time` timestamp(0) NULL DEFAULT CURRENT_TIMESTAMP(0) COMMENT '创建时间',
  `update_time` timestamp(0) NULL DEFAULT CURRENT_TIMESTAMP(0) ON UPDATE CURRENT_TIMESTAMP(0) COMMENT '更新时间',
  `create_user_id` bigint NULL DEFAULT NULL COMMENT '创建用户id',
  `create_user_name` varchar(255) CHARACTER SET utf8mb3 COLLATE utf8mb3_general_ci NULL DEFAULT NULL COMMENT '创建用户姓名',
  `create_dept_id` bigint NULL DEFAULT NULL COMMENT '创建用户部门id',
  PRIMARY KEY (`id`) USING BTREE
) ENGINE = InnoDB CHARACTER SET = utf8mb3 COLLATE = utf8mb3_general_ci COMMENT = '受检设备-分包证书' ROW_FORMAT = DYNAMIC;

-- ----------------------------
-- Records of eqpt_subcontract_certificate
-- ----------------------------

-- ----------------------------
-- Table structure for eqpt_subcontract_review
-- ----------------------------
CREATE TABLE `eqpt_subcontract_review`  (
  `id` bigint NOT NULL COMMENT '主键',
  `review_no` varchar(32) CHARACTER SET utf8mb3 COLLATE utf8mb3_general_ci NULL DEFAULT NULL COMMENT '评审表编号',
  `review_name` varchar(255) CHARACTER SET utf8mb3 COLLATE utf8mb3_general_ci NULL DEFAULT NULL COMMENT '评审表名称',
  `create_user_id` bigint NULL DEFAULT NULL COMMENT '申请人id',
  `create_user_name` varchar(255) CHARACTER SET utf8mb3 COLLATE utf8mb3_general_ci NULL DEFAULT NULL COMMENT '申请人姓名',
  `create_dept_id` bigint NULL DEFAULT NULL COMMENT '申请人部门id',
  `create_dept_name` varchar(255) CHARACTER SET utf8mb3 COLLATE utf8mb3_general_ci NULL DEFAULT NULL COMMENT '申请人部门名称',
  `create_time` timestamp(0) NULL DEFAULT CURRENT_TIMESTAMP(0) COMMENT '创建时间',
  `update_time` timestamp(0) NULL DEFAULT CURRENT_TIMESTAMP(0) ON UPDATE CURRENT_TIMESTAMP(0) COMMENT '更新时间',
  `subcontractor_id` bigint NULL DEFAULT NULL COMMENT '分包方id',
  `subcontractor_no` varchar(255) CHARACTER SET utf8mb3 COLLATE utf8mb3_general_ci NULL DEFAULT NULL COMMENT '分包方编号（冗余字段）',
  `subcontractor_company_name` varchar(255) CHARACTER SET utf8mb3 COLLATE utf8mb3_general_ci NULL DEFAULT NULL COMMENT '分包机构名称（冗余字段）',
  `subcontractor_director_name` varchar(255) CHARACTER SET utf8mb3 COLLATE utf8mb3_general_ci NULL DEFAULT NULL COMMENT '机构负责人（冗余字段）',
  `contact` varchar(255) CHARACTER SET utf8mb3 COLLATE utf8mb3_general_ci NULL DEFAULT NULL COMMENT '联系人',
  `contact_number` varchar(255) CHARACTER SET utf8mb3 COLLATE utf8mb3_general_ci NULL DEFAULT NULL COMMENT '联系电话',
  `predict_start_time` timestamp(0) NULL DEFAULT NULL COMMENT '预计开始时间',
  `predict_end_time` timestamp(0) NULL DEFAULT NULL COMMENT '预计结束时间',
  `subcontract_reason` varchar(3) CHARACTER SET utf8mb3 COLLATE utf8mb3_general_ci NULL DEFAULT NULL COMMENT '分包原因（字典值）',
  `predict_price` varchar(255) CHARACTER SET utf8mb3 COLLATE utf8mb3_general_ci NULL DEFAULT NULL COMMENT '预计费用',
  `lab_accreditation` varchar(255) CHARACTER SET utf8mb3 COLLATE utf8mb3_general_ci NULL DEFAULT NULL COMMENT '实验室认可情况',
  `traceability` varchar(255) CHARACTER SET utf8mb3 COLLATE utf8mb3_general_ci NULL DEFAULT NULL COMMENT '溯源性',
  `test_method` varchar(255) CHARACTER SET utf8mb3 COLLATE utf8mb3_general_ci NULL DEFAULT NULL COMMENT '测试方法',
  `technical_ability` varchar(255) CHARACTER SET utf8mb3 COLLATE utf8mb3_general_ci NULL DEFAULT NULL COMMENT '技术能力',
  `remark` varchar(255) CHARACTER SET utf8mb3 COLLATE utf8mb3_general_ci NULL DEFAULT NULL COMMENT '备注',
  `attachment` varchar(255) CHARACTER SET utf8mb3 COLLATE utf8mb3_general_ci NULL DEFAULT NULL COMMENT '附件',
  `process_id` varchar(255) CHARACTER SET utf8mb3 COLLATE utf8mb3_general_ci NULL DEFAULT NULL COMMENT '流程实例id',
  `approval_status` varchar(255) CHARACTER SET utf8mb3 COLLATE utf8mb3_general_ci NULL DEFAULT NULL COMMENT '审批状态',
  PRIMARY KEY (`id`) USING BTREE
) ENGINE = InnoDB CHARACTER SET = utf8mb3 COLLATE = utf8mb3_general_ci COMMENT = '受检设备-分包评审表' ROW_FORMAT = DYNAMIC;

-- ----------------------------
-- Records of eqpt_subcontract_review
-- ----------------------------

-- ----------------------------
-- Table structure for eqpt_subcontract_review_relation
-- ----------------------------
CREATE TABLE `eqpt_subcontract_review_relation`  (
  `id` bigint NOT NULL COMMENT '主键',
  `review_id` bigint NULL DEFAULT NULL COMMENT '评审表id',
  `equipment_id` bigint NULL DEFAULT NULL COMMENT '设备id',
  `create_time` timestamp(0) NULL DEFAULT CURRENT_TIMESTAMP(0) COMMENT '创建时间',
  `update_time` timestamp(0) NULL DEFAULT CURRENT_TIMESTAMP(0) ON UPDATE CURRENT_TIMESTAMP(0) COMMENT '更新时间',
  PRIMARY KEY (`id`) USING BTREE
) ENGINE = InnoDB CHARACTER SET = utf8mb3 COLLATE = utf8mb3_general_ci COMMENT = '受检设备-分包评审关联设备表' ROW_FORMAT = DYNAMIC;

-- ----------------------------
-- Records of eqpt_subcontract_review_relation
-- ----------------------------

-- ----------------------------
-- Table structure for eqpt_subcontractor
-- ----------------------------
CREATE TABLE `eqpt_subcontractor`  (
  `id` bigint NOT NULL COMMENT '主键',
  `subcontractor_no` varchar(32) CHARACTER SET utf8mb3 COLLATE utf8mb3_general_ci NULL DEFAULT NULL COMMENT '分包方编号',
  `company_name` varchar(255) CHARACTER SET utf8mb3 COLLATE utf8mb3_general_ci NULL DEFAULT NULL COMMENT '单位名称',
  `company_simple_name` varchar(255) CHARACTER SET utf8mb3 COLLATE utf8mb3_general_ci NULL DEFAULT NULL COMMENT '单位简称',
  `business_content` varchar(255) CHARACTER SET utf8mb3 COLLATE utf8mb3_general_ci NULL DEFAULT NULL COMMENT '业务内容',
  `scale` varchar(3) CHARACTER SET utf8mb3 COLLATE utf8mb3_general_ci NULL DEFAULT NULL COMMENT '规模(字典值)',
  `business_scale` varchar(3) CHARACTER SET utf8mb3 COLLATE utf8mb3_general_ci NULL DEFAULT NULL COMMENT '业务规模(字典值)',
  `performance_rating` varchar(3) CHARACTER SET utf8mb3 COLLATE utf8mb3_general_ci NULL DEFAULT NULL COMMENT '履约评级(字典值)',
  `overall_evaluation` varchar(3) CHARACTER SET utf8mb3 COLLATE utf8mb3_general_ci NULL DEFAULT NULL COMMENT '整体评价(字典值)',
  `tax_number` varchar(255) CHARACTER SET utf8mb3 COLLATE utf8mb3_general_ci NULL DEFAULT NULL COMMENT '税号',
  `bank_account` varchar(255) CHARACTER SET utf8mb3 COLLATE utf8mb3_general_ci NULL DEFAULT NULL COMMENT '银行账户名',
  `bank_name` varchar(255) CHARACTER SET utf8mb3 COLLATE utf8mb3_general_ci NULL DEFAULT NULL COMMENT '银行名称',
  `bank_number` varchar(255) CHARACTER SET utf8mb3 COLLATE utf8mb3_general_ci NULL DEFAULT NULL COMMENT '银行账号',
  `postcode` varchar(255) CHARACTER SET utf8mb3 COLLATE utf8mb3_general_ci NULL DEFAULT NULL COMMENT '邮编',
  `director_name` varchar(255) CHARACTER SET utf8mb3 COLLATE utf8mb3_general_ci NULL DEFAULT NULL COMMENT '负责人',
  `contact_number` varchar(255) CHARACTER SET utf8mb3 COLLATE utf8mb3_general_ci NULL DEFAULT NULL COMMENT '联系电话',
  `fax` varchar(255) CHARACTER SET utf8mb3 COLLATE utf8mb3_general_ci NULL DEFAULT NULL COMMENT '传真',
  `telephone` varchar(255) CHARACTER SET utf8mb3 COLLATE utf8mb3_general_ci NULL DEFAULT NULL COMMENT '手机',
  `email` varchar(255) CHARACTER SET utf8mb3 COLLATE utf8mb3_general_ci NULL DEFAULT NULL COMMENT '邮箱',
  `web_address` varchar(255) CHARACTER SET utf8mb3 COLLATE utf8mb3_general_ci NULL DEFAULT NULL COMMENT '网址',
  `address` varchar(255) CHARACTER SET utf8mb3 COLLATE utf8mb3_general_ci NULL DEFAULT NULL COMMENT '地址',
  `invoice_address` varchar(255) CHARACTER SET utf8mb3 COLLATE utf8mb3_general_ci NULL DEFAULT NULL COMMENT '开票用地址',
  `test_ability` varchar(255) CHARACTER SET utf8mb3 COLLATE utf8mb3_general_ci NULL DEFAULT NULL COMMENT '测试能力',
  `remark` varchar(255) CHARACTER SET utf8mb3 COLLATE utf8mb3_general_ci NULL DEFAULT NULL COMMENT '备注',
  `attachments` varchar(255) CHARACTER SET utf8mb3 COLLATE utf8mb3_general_ci NULL DEFAULT NULL COMMENT '附件',
  `process_id` varchar(255) CHARACTER SET utf8mb3 COLLATE utf8mb3_general_ci NULL DEFAULT NULL COMMENT '流程实例id',
  `approval_status` varchar(3) CHARACTER SET utf8mb3 COLLATE utf8mb3_general_ci NULL DEFAULT NULL COMMENT '申请状态',
  `create_time` timestamp(0) NULL DEFAULT CURRENT_TIMESTAMP(0) COMMENT '创建时间',
  `update_time` timestamp(0) NULL DEFAULT CURRENT_TIMESTAMP(0) ON UPDATE CURRENT_TIMESTAMP(0) COMMENT '更新时间',
  `create_user_id` bigint NULL DEFAULT NULL COMMENT '创建人id',
  `create_user_name` varchar(255) CHARACTER SET utf8mb3 COLLATE utf8mb3_general_ci NULL DEFAULT NULL COMMENT '创建人姓名',
  `create_dept_id` bigint NULL DEFAULT NULL COMMENT '创建人部门id',
  `create_dept_name` varchar(255) CHARACTER SET utf8mb3 COLLATE utf8mb3_general_ci NULL DEFAULT NULL COMMENT '创建人部门名称',
  PRIMARY KEY (`id`) USING BTREE
) ENGINE = InnoDB CHARACTER SET = utf8mb3 COLLATE = utf8mb3_general_ci COMMENT = '受检设备-分包方名录表' ROW_FORMAT = DYNAMIC;

-- ----------------------------
-- Records of eqpt_subcontractor
-- ----------------------------
INSERT INTO `eqpt_subcontractor` VALUES (1732009737504972801, '00001', '海南省计量科学研究院', '海南省计量院', NULL, NULL, NULL, NULL, NULL, NULL, NULL, NULL, NULL, NULL, NULL, NULL, NULL, NULL, NULL, NULL, NULL, NULL, NULL, NULL, NULL, NULL, '1', '2023-12-05 20:09:21', '2023-12-05 20:11:15', 1, '超级管理员', 0, '顶级');
INSERT INTO `eqpt_subcontractor` VALUES (1732016210767273986, '000000000011', 'tdaadada', '313213121', NULL, NULL, NULL, NULL, NULL, NULL, NULL, NULL, NULL, NULL, NULL, NULL, NULL, NULL, NULL, NULL, NULL, NULL, NULL, NULL, NULL, NULL, '1', '2023-12-05 20:35:21', '2023-12-05 20:36:59', 1711357073947140097, '张佳颖', 1707240004817383425, '海口无线电脉冲组');
INSERT INTO `eqpt_subcontractor` VALUES (1733019874109808641, '00001', '海南省计量院', NULL, NULL, NULL, NULL, NULL, NULL, NULL, NULL, NULL, NULL, NULL, NULL, NULL, NULL, NULL, NULL, NULL, NULL, NULL, NULL, NULL, NULL, NULL, '1', '2023-12-08 15:05:36', '2023-12-08 15:05:11', 1730408513198383105, '文发管理员', 1691998769869987841, '文昌发测站');

-- ----------------------------
-- Table structure for eqpt_subcontractor_business_ability
-- ----------------------------
CREATE TABLE `eqpt_subcontractor_business_ability`  (
  `id` bigint NOT NULL COMMENT '主键',
  `subcontractor_id` bigint NULL DEFAULT NULL COMMENT '分包方id',
  `ability_name` varchar(255) CHARACTER SET utf8mb3 COLLATE utf8mb3_general_ci NULL DEFAULT NULL COMMENT '能力名称',
  `ability_description` varchar(255) CHARACTER SET utf8mb3 COLLATE utf8mb3_general_ci NULL DEFAULT NULL COMMENT '能力描述',
  `price` varchar(255) CHARACTER SET utf8mb3 COLLATE utf8mb3_general_ci NULL DEFAULT NULL COMMENT '报价',
  `create_time` timestamp(0) NULL DEFAULT CURRENT_TIMESTAMP(0) COMMENT '创建时间',
  `update_time` timestamp(0) NULL DEFAULT CURRENT_TIMESTAMP(0) ON UPDATE CURRENT_TIMESTAMP(0) COMMENT '更新时间',
  PRIMARY KEY (`id`) USING BTREE
) ENGINE = InnoDB CHARACTER SET = utf8mb3 COLLATE = utf8mb3_general_ci COMMENT = '受检设备-分包方名录-业务能力' ROW_FORMAT = DYNAMIC;

-- ----------------------------
-- Records of eqpt_subcontractor_business_ability
-- ----------------------------

-- ----------------------------
-- Table structure for eqpt_subcontractor_staff
-- ----------------------------
CREATE TABLE `eqpt_subcontractor_staff`  (
  `id` bigint NOT NULL COMMENT '主键',
  `subcontractor_id` bigint NULL DEFAULT NULL COMMENT '分包方id',
  `staff_name` varchar(255) CHARACTER SET utf8mb3 COLLATE utf8mb3_general_ci NULL DEFAULT NULL COMMENT '姓名',
  `staff_phone` varchar(255) CHARACTER SET utf8mb3 COLLATE utf8mb3_general_ci NULL DEFAULT NULL COMMENT '联系方式',
  `department` varchar(255) CHARACTER SET utf8mb3 COLLATE utf8mb3_general_ci NULL DEFAULT NULL COMMENT '工作部门',
  `duty` varchar(255) CHARACTER SET utf8mb3 COLLATE utf8mb3_general_ci NULL DEFAULT NULL COMMENT '职务',
  `create_time` timestamp(0) NULL DEFAULT CURRENT_TIMESTAMP(0) COMMENT '创建时间',
  `update_time` timestamp(0) NULL DEFAULT CURRENT_TIMESTAMP(0) ON UPDATE CURRENT_TIMESTAMP(0) COMMENT '更新时间',
  PRIMARY KEY (`id`) USING BTREE
) ENGINE = InnoDB CHARACTER SET = utf8mb3 COLLATE = utf8mb3_general_ci COMMENT = '受检设备-分包方名录-分包方人员' ROW_FORMAT = DYNAMIC;

-- ----------------------------
-- Records of eqpt_subcontractor_staff
-- ----------------------------

-- ----------------------------
-- Table structure for eqpt_system_location
-- ----------------------------
CREATE TABLE `eqpt_system_location`  (
  `id` bigint NOT NULL COMMENT 'id',
  `company_id` bigint NULL DEFAULT NULL COMMENT '所在单位id',
  `dept_id` bigint NULL DEFAULT NULL COMMENT '使用部门id',
  `sub_system_id` bigint NULL DEFAULT NULL COMMENT '分系统id',
  `position_id` bigint NULL DEFAULT NULL COMMENT '使用岗位id',
  `install_location` varchar(1024) CHARACTER SET utf8mb3 COLLATE utf8mb3_general_ci NULL DEFAULT NULL COMMENT '安装位置',
  `create_user` bigint NULL DEFAULT NULL COMMENT '创建人员',
  `update_user` bigint NULL DEFAULT NULL COMMENT '更新人员',
  `create_time` timestamp(0) NULL DEFAULT CURRENT_TIMESTAMP(0) COMMENT '创建时间',
  `update_time` timestamp(0) NULL DEFAULT CURRENT_TIMESTAMP(0) ON UPDATE CURRENT_TIMESTAMP(0) COMMENT '更新时间',
  PRIMARY KEY (`id`) USING BTREE
) ENGINE = InnoDB CHARACTER SET = utf8mb3 COLLATE = utf8mb3_general_ci COMMENT = '受检系统-系统管理-安装位置管理' ROW_FORMAT = DYNAMIC;

-- ----------------------------
-- Records of eqpt_system_location
-- ----------------------------
INSERT INTO `eqpt_system_location` VALUES (1731291427901644802, 1691998769869987841, 1702481679726751746, 1717722219976134657, 1730844464949338114, '113-01', 1730424658269855746, NULL, '2023-12-03 20:36:57', '2023-12-03 20:36:57');
INSERT INTO `eqpt_system_location` VALUES (1731291582675656705, 1691998769869987841, 1702481679726751746, 1717722219976134657, 1730844464949338114, '113-02', 1730424658269855746, NULL, '2023-12-03 20:37:34', '2023-12-03 20:37:34');
INSERT INTO `eqpt_system_location` VALUES (1731477139036938241, 1691998769869987841, 1702481679726751746, 1717722219976134657, 1730844529084440577, '114-01', 1730424658269855746, NULL, '2023-12-04 08:54:54', '2023-12-04 08:54:54');
INSERT INTO `eqpt_system_location` VALUES (1731477245035388930, 1691998769869987841, 1702481679726751746, 1717722219976134657, 1730844529084440577, '114-02', 1730424658269855746, NULL, '2023-12-04 08:55:19', '2023-12-04 08:55:19');
INSERT INTO `eqpt_system_location` VALUES (1731477290027687938, 1691998769869987841, 1702481679726751746, 1717723140743303169, 1730844210074066945, '115-01', 1730424658269855746, NULL, '2023-12-04 08:55:30', '2023-12-04 08:55:30');
INSERT INTO `eqpt_system_location` VALUES (1731477382847635457, 1691998769869987841, 1702481679726751746, 1717723140743303169, 1730844210074066945, '115-02', 1730424658269855746, NULL, '2023-12-04 08:55:52', '2023-12-04 08:55:52');
INSERT INTO `eqpt_system_location` VALUES (1731477572862189569, 1691998769869987841, 1702481679726751746, 1717723140743303169, 1730844318031257601, '116-01', 1730424658269855746, NULL, '2023-12-04 08:56:37', '2023-12-04 08:56:37');
INSERT INTO `eqpt_system_location` VALUES (1731477700268367873, 1691998769869987841, 1702481679726751746, 1717723140743303169, 1730844318031257601, '116-02', 1730424658269855746, NULL, '2023-12-04 08:57:08', '2023-12-04 08:57:08');
INSERT INTO `eqpt_system_location` VALUES (1731481511112318977, 1691998769869987841, 1702481679726751746, 1717723140743303169, 1730844210074066945, '115-04', 1730419883939749889, NULL, '2023-12-04 09:12:16', '2023-12-04 09:12:16');
INSERT INTO `eqpt_system_location` VALUES (1731486002964439041, 1691998769869987841, 1702481190331166721, 1731482160138940418, 1731485500683952130, '1l1xt1g-101', 1731483496851042306, NULL, '2023-12-04 09:30:07', '2023-12-04 09:30:07');
INSERT INTO `eqpt_system_location` VALUES (1731486075345543169, 1691998769869987841, 1702481190331166721, 1731482160138940418, 1731485500683952130, '1l1xt1g-102', 1731483496851042306, NULL, '2023-12-04 09:30:24', '2023-12-04 09:30:24');
INSERT INTO `eqpt_system_location` VALUES (1731486230090194946, 1691998769869987841, 1702481190331166721, 1731482160138940418, 1731485602483904514, '1l1xt2g-110', 1731483496851042306, NULL, '2023-12-04 09:31:01', '2023-12-04 09:31:01');
INSERT INTO `eqpt_system_location` VALUES (1731487170293768193, 1691998769869987841, 1702481190331166721, 1731482160138940418, 1731485602483904514, '1l1xt2g-111', 1731483496851042306, NULL, '2023-12-04 09:34:46', '2023-12-04 09:34:45');
INSERT INTO `eqpt_system_location` VALUES (1731487311960580097, 1691998769869987841, 1702481190331166721, 1731482292037218306, 1731485667210403842, '1l2xt1g-201', 1731483496851042306, NULL, '2023-12-04 09:35:19', '2023-12-04 09:35:19');
INSERT INTO `eqpt_system_location` VALUES (1731487443355541506, 1691998769869987841, 1702481190331166721, 1731482292037218306, 1731485667210403842, '1l2xt1g-202', 1731483496851042306, NULL, '2023-12-04 09:35:51', '2023-12-04 09:35:51');
INSERT INTO `eqpt_system_location` VALUES (1731487680316940290, 1691998769869987841, 1702481190331166721, 1731482292037218306, 1731485733715288065, '1l2xt1g-210', 1731483496851042306, NULL, '2023-12-04 09:36:47', '2023-12-04 09:36:47');
INSERT INTO `eqpt_system_location` VALUES (1731487739133665281, 1691998769869987841, 1702481190331166721, 1731482292037218306, 1731485733715288065, '1l2xt1g-211', 1731483496851042306, NULL, '2023-12-04 09:37:01', '2023-12-04 09:37:01');
INSERT INTO `eqpt_system_location` VALUES (1731866714288734209, 1691998769869987841, 1702481190331166721, 1731482160138940418, 1731485500683952130, '509进线', 1731483767400427521, NULL, '2023-12-05 10:42:56', '2023-12-05 10:42:56');
INSERT INTO `eqpt_system_location` VALUES (1731937105950564353, 1691998769869987841, 1710824768333701121, 1731869541803253761, 1731870066661703682, '/', 1731936616773074945, NULL, '2023-12-05 15:22:39', '2023-12-05 15:22:39');
INSERT INTO `eqpt_system_location` VALUES (1731958430165393410, 1691998769869987841, 1702481190331166721, 1731482160138940418, 1730844210074066945, '01', 1731484037169672194, NULL, '2023-12-05 16:47:23', '2023-12-05 16:47:23');

-- ----------------------------
-- Table structure for eqpt_system_position
-- ----------------------------
CREATE TABLE `eqpt_system_position`  (
  `id` bigint NOT NULL COMMENT 'id',
  `company_id` bigint NULL DEFAULT NULL COMMENT '所在单位id',
  `dept_id` bigint NULL DEFAULT NULL COMMENT '使用部门id',
  `sub_system_id` bigint NULL DEFAULT NULL COMMENT '分系统id',
  `position_name` varchar(255) CHARACTER SET utf8mb3 COLLATE utf8mb3_general_ci NULL DEFAULT NULL COMMENT '使用岗位名称',
  `remarks` varchar(255) CHARACTER SET utf8mb3 COLLATE utf8mb3_general_ci NULL DEFAULT NULL COMMENT '备注',
  `create_user` bigint NULL DEFAULT NULL COMMENT '创建人员',
  `update_user` bigint NULL DEFAULT NULL COMMENT '更新人员',
  `create_time` timestamp(0) NULL DEFAULT CURRENT_TIMESTAMP(0) COMMENT '创建时间',
  `update_time` timestamp(0) NULL DEFAULT CURRENT_TIMESTAMP(0) ON UPDATE CURRENT_TIMESTAMP(0) COMMENT '更新时间',
  PRIMARY KEY (`id`) USING BTREE
) ENGINE = InnoDB CHARACTER SET = utf8mb3 COLLATE = utf8mb3_general_ci COMMENT = '受检系统-系统管理-岗位管理' ROW_FORMAT = DYNAMIC;

-- ----------------------------
-- Records of eqpt_system_position
-- ----------------------------
INSERT INTO `eqpt_system_position` VALUES (1730844210074066945, 1691998769869987841, 1702481679726751746, 1717723140743303169, '115', NULL, 1, NULL, '2023-12-02 14:59:52', '2023-12-02 14:59:52');
INSERT INTO `eqpt_system_position` VALUES (1730844318031257601, 1691998769869987841, 1702481679726751746, 1717723140743303169, '116', NULL, 1, NULL, '2023-12-02 15:00:18', '2023-12-02 15:00:17');
INSERT INTO `eqpt_system_position` VALUES (1730844464949338114, 1691998769869987841, 1702481679726751746, 1717722219976134657, '113', NULL, 1, NULL, '2023-12-02 15:00:53', '2023-12-02 15:00:52');
INSERT INTO `eqpt_system_position` VALUES (1730844529084440577, 1691998769869987841, 1702481679726751746, 1717722219976134657, '114', NULL, 1, NULL, '2023-12-02 15:01:08', '2023-12-02 15:01:08');
INSERT INTO `eqpt_system_position` VALUES (1730848172567273473, 1691998769869987841, 1702481679726751746, 1717722219976134657, '119', NULL, 1730408513198383105, NULL, '2023-12-02 15:15:37', '2023-12-02 15:15:36');
INSERT INTO `eqpt_system_position` VALUES (1731485500683952130, 1691998769869987841, 1702481190331166721, 1731482160138940418, '文发一连勤务系统1岗', NULL, 1731483496851042306, 1, '2023-12-04 09:28:07', '2023-12-05 14:44:55');
INSERT INTO `eqpt_system_position` VALUES (1731485602483904514, 1691998769869987841, 1702481190331166721, 1731482160138940418, '文发一连勤务系统2岗', NULL, 1731483496851042306, 1, '2023-12-04 09:28:32', '2023-12-05 14:45:07');
INSERT INTO `eqpt_system_position` VALUES (1731485667210403842, 1691998769869987841, 1702481190331166721, 1731482292037218306, '文发一连供电系统1岗', NULL, 1731483496851042306, 1, '2023-12-04 09:28:47', '2023-12-05 14:45:18');
INSERT INTO `eqpt_system_position` VALUES (1731485733715288065, 1691998769869987841, 1702481190331166721, 1731482292037218306, '文发一连供电系统2岗', NULL, 1731483496851042306, 1, '2023-12-04 09:29:03', '2023-12-05 14:45:29');
INSERT INTO `eqpt_system_position` VALUES (1731870066661703682, 1691998769869987841, 1710824768333701121, 1731869541803253761, '301岗位', '文昌发测站三连301岗位', 1, NULL, '2023-12-05 10:56:15', '2023-12-05 10:56:15');
INSERT INTO `eqpt_system_position` VALUES (1731937347777355778, 1730492515221630978, 1730493328648171522, 1731201047696896002, '203测量岗位1', NULL, 1730775674907652097, NULL, '2023-12-05 15:23:36', '2023-12-05 15:23:36');
INSERT INTO `eqpt_system_position` VALUES (1732237061882126337, 1691998769869987841, 1710824768333701121, 1731869541803253761, '302岗位', NULL, 1711357073947140097, NULL, '2023-12-06 11:14:34', '2023-12-06 11:14:34');
INSERT INTO `eqpt_system_position` VALUES (1734467696017342466, 1734400114996330498, 1734400240108224513, 1734400365480165378, '测试123', '测试测试', 1734401407760515074, NULL, '2023-12-12 14:58:18', '2023-12-12 14:58:19');

-- ----------------------------
-- Table structure for eqpt_system_rfid
-- ----------------------------
CREATE TABLE `eqpt_system_rfid`  (
  `id` bigint NOT NULL COMMENT '主键',
  `rfid` varchar(255) CHARACTER SET utf8mb3 COLLATE utf8mb3_general_ci NULL DEFAULT NULL COMMENT 'rfid标签编号',
  `create_time` timestamp(0) NULL DEFAULT CURRENT_TIMESTAMP(0) ON UPDATE CURRENT_TIMESTAMP(0) COMMENT '创建时间',
  `create_user_id` bigint NULL DEFAULT NULL,
  `create_user_dept` bigint NULL DEFAULT NULL,
  PRIMARY KEY (`id`) USING BTREE
) ENGINE = InnoDB CHARACTER SET = utf8mb3 COLLATE = utf8mb3_general_ci COMMENT = '受检设备-系统管理-标签管理' ROW_FORMAT = DYNAMIC;

-- ----------------------------
-- Records of eqpt_system_rfid
-- ----------------------------

-- ----------------------------
-- Table structure for sys_area
-- ----------------------------
CREATE TABLE `sys_area`  (
  `ID` bigint NOT NULL COMMENT '编码',
  `PID` bigint NULL DEFAULT NULL COMMENT '父级',
  `AREA_NAME` varchar(100) CHARACTER SET utf8mb3 COLLATE utf8mb3_general_ci NULL DEFAULT NULL COMMENT '区域名称',
  `SIMPLE_NAME` varchar(50) CHARACTER SET utf8mb3 COLLATE utf8mb3_general_ci NULL DEFAULT NULL COMMENT '区域简称',
  `LNG` varchar(32) CHARACTER SET utf8mb3 COLLATE utf8mb3_general_ci NULL DEFAULT NULL COMMENT '经度',
  `LAT` varchar(32) CHARACTER SET utf8mb3 COLLATE utf8mb3_general_ci NULL DEFAULT NULL COMMENT '纬度',
  `LEVEL` int NULL DEFAULT NULL COMMENT '层级',
  `PIDS` varchar(100) CHARACTER SET utf8mb3 COLLATE utf8mb3_general_ci NULL DEFAULT NULL COMMENT '全部父级别',
  `NUM` tinyint NULL DEFAULT NULL COMMENT '排序',
  `SYNC_ID` varchar(32) CHARACTER SET utf8mb3 COLLATE utf8mb3_general_ci NULL DEFAULT NULL COMMENT '同步id',
  `SYNC_PID` varchar(32) CHARACTER SET utf8mb3 COLLATE utf8mb3_general_ci NULL DEFAULT NULL COMMENT '同步父ID',
  `IS_SYNC` tinyint NULL DEFAULT NULL COMMENT '是否同步',
  `TENANT_ID` varchar(64) CHARACTER SET utf8mb3 COLLATE utf8mb3_general_ci NULL DEFAULT NULL COMMENT '租户ID',
  PRIMARY KEY (`ID`) USING BTREE
) ENGINE = InnoDB CHARACTER SET = utf8mb3 COLLATE = utf8mb3_general_ci COMMENT = '角色和菜单关联表' ROW_FORMAT = DYNAMIC;

-- ----------------------------
-- Records of sys_area
-- ----------------------------
INSERT INTO `sys_area` VALUES (110000, 0, '北京市', '北京', '116.405289', '39.904987', 1, '[0],', 1, NULL, NULL, NULL, NULL);
INSERT INTO `sys_area` VALUES (110100, 110000, '北京市', '北京', '116.405289', '39.904987', 2, '[0],[110000],', 1, NULL, NULL, NULL, NULL);
INSERT INTO `sys_area` VALUES (110101, 110100, '东城区', '东城', '116.418755', '39.917545', 3, '[0],[110000],[110100],', 3, NULL, NULL, NULL, NULL);
INSERT INTO `sys_area` VALUES (110102, 110100, '西城区', '西城', '116.366791', '39.91531', 3, '[0],[110000],[110100],', 15, NULL, NULL, NULL, NULL);
INSERT INTO `sys_area` VALUES (110105, 110100, '朝阳区', '朝阳', '116.486412', '39.92149', 3, '[0],[110000],[110100],', 2, NULL, NULL, NULL, NULL);
INSERT INTO `sys_area` VALUES (110106, 110100, '丰台区', '丰台', '116.286964', '39.863644', 3, '[0],[110000],[110100],', 6, NULL, NULL, NULL, NULL);
INSERT INTO `sys_area` VALUES (110107, 110100, '石景山区', '石景山', '116.195442', '39.9146', 3, '[0],[110000],[110100],', 12, NULL, NULL, NULL, NULL);
INSERT INTO `sys_area` VALUES (110108, 110100, '海淀区', '海淀', '116.310318', '39.956074', 3, '[0],[110000],[110100],', 7, NULL, NULL, NULL, NULL);
INSERT INTO `sys_area` VALUES (110109, 110100, '门头沟区', '门头沟', '116.105377', '39.937183', 3, '[0],[110000],[110100],', 9, NULL, NULL, NULL, NULL);
INSERT INTO `sys_area` VALUES (110111, 110100, '房山区', '房山', '116.13916', '39.735535', 3, '[0],[110000],[110100],', 5, NULL, NULL, NULL, NULL);
INSERT INTO `sys_area` VALUES (110112, 110100, '通州区', '通州', '116.6586', '39.902485', 3, '[0],[110000],[110100],', 14, NULL, NULL, NULL, NULL);
INSERT INTO `sys_area` VALUES (110113, 110100, '顺义区', '顺义', '116.653526', '40.128937', 3, '[0],[110000],[110100],', 13, NULL, NULL, NULL, NULL);
INSERT INTO `sys_area` VALUES (110114, 110100, '昌平区', '昌平', '116.235909', '40.218086', 3, '[0],[110000],[110100],', 1, NULL, NULL, NULL, NULL);
INSERT INTO `sys_area` VALUES (110115, 110100, '大兴区', '大兴', '116.338036', '39.728909', 3, '[0],[110000],[110100],', 4, NULL, NULL, NULL, NULL);
INSERT INTO `sys_area` VALUES (110116, 110100, '怀柔区', '怀柔', '116.637123', '40.324272', 3, '[0],[110000],[110100],', 8, NULL, NULL, NULL, NULL);
INSERT INTO `sys_area` VALUES (110117, 110100, '平谷区', '平谷', '117.112335', '40.144783', 3, '[0],[110000],[110100],', 11, NULL, NULL, NULL, NULL);
INSERT INTO `sys_area` VALUES (110228, 110100, '密云县', '密云', '116.843353', '40.377361', 3, '[0],[110000],[110100],', 10, NULL, NULL, NULL, NULL);
INSERT INTO `sys_area` VALUES (110229, 110100, '延庆县', '延庆', '115.985008', '40.465324', 3, '[0],[110000],[110100],', 16, NULL, NULL, NULL, NULL);
INSERT INTO `sys_area` VALUES (120000, 0, '天津市', '天津', '117.190186', '39.125595', 1, '[0],', 2, NULL, NULL, NULL, NULL);
INSERT INTO `sys_area` VALUES (120100, 120000, '天津市', '天津', '117.190186', '39.125595', 2, '[0],[120000],', 1, NULL, NULL, NULL, NULL);
INSERT INTO `sys_area` VALUES (120101, 120100, '和平区', '和平', '117.195908', '39.118328', 3, '[0],[120000],[120100],', 7, NULL, NULL, NULL, NULL);
INSERT INTO `sys_area` VALUES (120102, 120100, '河东区', '河东', '117.22657', '39.122124', 3, '[0],[120000],[120100],', 6, NULL, NULL, NULL, NULL);
INSERT INTO `sys_area` VALUES (120103, 120100, '河西区', '河西', '117.217537', '39.101898', 3, '[0],[120000],[120100],', 8, NULL, NULL, NULL, NULL);
INSERT INTO `sys_area` VALUES (120104, 120100, '南开区', '南开', '117.164146', '39.120476', 3, '[0],[120000],[120100],', 13, NULL, NULL, NULL, NULL);
INSERT INTO `sys_area` VALUES (120105, 120100, '河北区', '河北', '117.201569', '39.156631', 3, '[0],[120000],[120100],', 5, NULL, NULL, NULL, NULL);
INSERT INTO `sys_area` VALUES (120106, 120100, '红桥区', '红桥', '117.1633', '39.175068', 3, '[0],[120000],[120100],', 9, NULL, NULL, NULL, NULL);
INSERT INTO `sys_area` VALUES (120110, 120100, '东丽区', '东丽', '117.313965', '39.087765', 3, '[0],[120000],[120100],', 4, NULL, NULL, NULL, NULL);
INSERT INTO `sys_area` VALUES (120111, 120100, '西青区', '西青', '117.012245', '39.139446', 3, '[0],[120000],[120100],', 16, NULL, NULL, NULL, NULL);
INSERT INTO `sys_area` VALUES (120112, 120100, '津南区', '津南', '117.382545', '38.989578', 3, '[0],[120000],[120100],', 11, NULL, NULL, NULL, NULL);
INSERT INTO `sys_area` VALUES (120113, 120100, '北辰区', '北辰', '117.134819', '39.225555', 3, '[0],[120000],[120100],', 2, NULL, NULL, NULL, NULL);
INSERT INTO `sys_area` VALUES (120114, 120100, '武清区', '武清', '117.057961', '39.376926', 3, '[0],[120000],[120100],', 15, NULL, NULL, NULL, NULL);
INSERT INTO `sys_area` VALUES (120115, 120100, '宝坻区', '宝坻', '117.30809', '39.716965', 3, '[0],[120000],[120100],', 1, NULL, NULL, NULL, NULL);
INSERT INTO `sys_area` VALUES (120116, 120100, '滨海新区', '滨海', '117.654175', '39.032845', 3, '[0],[120000],[120100],', 3, NULL, NULL, NULL, NULL);
INSERT INTO `sys_area` VALUES (120221, 120100, '宁河县', '宁河', '117.828278', '39.328884', 3, '[0],[120000],[120100],', 14, NULL, NULL, NULL, NULL);
INSERT INTO `sys_area` VALUES (120223, 120100, '静海县', '静海', '116.925301', '38.935673', 3, '[0],[120000],[120100],', 10, NULL, NULL, NULL, NULL);
INSERT INTO `sys_area` VALUES (120225, 120100, '蓟县', '蓟县', '117.407448', '40.045341', 3, '[0],[120000],[120100],', 12, NULL, NULL, NULL, NULL);
INSERT INTO `sys_area` VALUES (130000, 0, '河北省', '河北', '114.502464', '38.045475', 1, '[0],', 3, NULL, NULL, NULL, NULL);
INSERT INTO `sys_area` VALUES (130100, 130000, '石家庄市', '石家庄', '114.502464', '38.045475', 2, '[0],[130000],', 8, NULL, NULL, NULL, NULL);
INSERT INTO `sys_area` VALUES (130102, 130100, '长安区', '长安', '114.548149', '38.047501', 3, '[0],[130000],[130100],', 1, NULL, NULL, NULL, NULL);
INSERT INTO `sys_area` VALUES (130103, 130100, '桥东区', '桥东', '114.502892', '38.040154', 3, '[0],[130000],[130100],', 11, NULL, NULL, NULL, NULL);
INSERT INTO `sys_area` VALUES (130104, 130100, '桥西区', '桥西', '114.462929', '38.028381', 3, '[0],[130000],[130100],', 12, NULL, NULL, NULL, NULL);
INSERT INTO `sys_area` VALUES (130105, 130100, '新华区', '新华', '114.465973', '38.067142', 3, '[0],[130000],[130100],', 16, NULL, NULL, NULL, NULL);
INSERT INTO `sys_area` VALUES (130107, 130100, '井陉矿区', '井陉矿', '114.058182', '38.069748', 3, '[0],[130000],[130100],', 4, NULL, NULL, NULL, NULL);
INSERT INTO `sys_area` VALUES (130108, 130100, '裕华区', '裕华', '114.533257', '38.027695', 3, '[0],[130000],[130100],', 20, NULL, NULL, NULL, NULL);
INSERT INTO `sys_area` VALUES (130121, 130100, '井陉县', '井陉', '114.144485', '38.033615', 3, '[0],[130000],[130100],', 5, NULL, NULL, NULL, NULL);
INSERT INTO `sys_area` VALUES (130123, 130100, '正定县', '正定', '114.569885', '38.147835', 3, '[0],[130000],[130100],', 23, NULL, NULL, NULL, NULL);
INSERT INTO `sys_area` VALUES (130124, 130100, '栾城县', '栾城', '114.654282', '37.886909', 3, '[0],[130000],[130100],', 8, NULL, NULL, NULL, NULL);
INSERT INTO `sys_area` VALUES (130125, 130100, '行唐县', '行唐', '114.552734', '38.437424', 3, '[0],[130000],[130100],', 15, NULL, NULL, NULL, NULL);
INSERT INTO `sys_area` VALUES (130126, 130100, '灵寿县', '灵寿', '114.379463', '38.306545', 3, '[0],[130000],[130100],', 7, NULL, NULL, NULL, NULL);
INSERT INTO `sys_area` VALUES (130127, 130100, '高邑县', '高邑', '114.610703', '37.605713', 3, '[0],[130000],[130100],', 3, NULL, NULL, NULL, NULL);
INSERT INTO `sys_area` VALUES (130128, 130100, '深泽县', '深泽', '115.200211', '38.18454', 3, '[0],[130000],[130100],', 13, NULL, NULL, NULL, NULL);
INSERT INTO `sys_area` VALUES (130129, 130100, '赞皇县', '赞皇', '114.387756', '37.660198', 3, '[0],[130000],[130100],', 21, NULL, NULL, NULL, NULL);
INSERT INTO `sys_area` VALUES (130130, 130100, '无极县', '无极', '114.977844', '38.176376', 3, '[0],[130000],[130100],', 14, NULL, NULL, NULL, NULL);
INSERT INTO `sys_area` VALUES (130131, 130100, '平山县', '平山', '114.184143', '38.259312', 3, '[0],[130000],[130100],', 10, NULL, NULL, NULL, NULL);
INSERT INTO `sys_area` VALUES (130132, 130100, '元氏县', '元氏', '114.526176', '37.762512', 3, '[0],[130000],[130100],', 19, NULL, NULL, NULL, NULL);
INSERT INTO `sys_area` VALUES (130133, 130100, '赵县', '赵县', '114.77536', '37.754341', 3, '[0],[130000],[130100],', 22, NULL, NULL, NULL, NULL);
INSERT INTO `sys_area` VALUES (130181, 130100, '辛集市', '辛集', '115.217453', '37.929039', 3, '[0],[130000],[130100],', 17, NULL, NULL, NULL, NULL);
INSERT INTO `sys_area` VALUES (130182, 130100, '藁城市', '藁城', '114.849648', '38.033768', 3, '[0],[130000],[130100],', 2, NULL, NULL, NULL, NULL);
INSERT INTO `sys_area` VALUES (130183, 130100, '晋州市', '晋州', '115.044884', '38.027477', 3, '[0],[130000],[130100],', 6, NULL, NULL, NULL, NULL);
INSERT INTO `sys_area` VALUES (130184, 130100, '新乐市', '新乐', '114.685783', '38.344769', 3, '[0],[130000],[130100],', 18, NULL, NULL, NULL, NULL);
INSERT INTO `sys_area` VALUES (130185, 130100, '鹿泉市', '鹿泉', '114.321022', '38.093994', 3, '[0],[130000],[130100],', 9, NULL, NULL, NULL, NULL);
INSERT INTO `sys_area` VALUES (130200, 130000, '唐山市', '唐山', '118.175392', '39.635113', 2, '[0],[130000],', 9, NULL, NULL, NULL, NULL);
INSERT INTO `sys_area` VALUES (130202, 130200, '路南区', '路南', '118.210823', '39.615162', 3, '[0],[130000],[130200],', 10, NULL, NULL, NULL, NULL);
INSERT INTO `sys_area` VALUES (130203, 130200, '路北区', '路北', '118.174736', '39.628536', 3, '[0],[130000],[130200],', 9, NULL, NULL, NULL, NULL);
INSERT INTO `sys_area` VALUES (130204, 130200, '古冶区', '古冶', '118.454292', '39.715736', 3, '[0],[130000],[130200],', 4, NULL, NULL, NULL, NULL);
INSERT INTO `sys_area` VALUES (130205, 130200, '开平区', '开平', '118.264427', '39.67617', 3, '[0],[130000],[130200],', 5, NULL, NULL, NULL, NULL);
INSERT INTO `sys_area` VALUES (130207, 130200, '丰南区', '丰南', '118.110794', '39.56303', 3, '[0],[130000],[130200],', 2, NULL, NULL, NULL, NULL);
INSERT INTO `sys_area` VALUES (130208, 130200, '丰润区', '丰润', '118.155777', '39.831364', 3, '[0],[130000],[130200],', 3, NULL, NULL, NULL, NULL);
INSERT INTO `sys_area` VALUES (130223, 130200, '滦县', '滦县', '118.699547', '39.74485', 3, '[0],[130000],[130200],', 8, NULL, NULL, NULL, NULL);
INSERT INTO `sys_area` VALUES (130224, 130200, '滦南县', '滦南', '118.681549', '39.506203', 3, '[0],[130000],[130200],', 7, NULL, NULL, NULL, NULL);
INSERT INTO `sys_area` VALUES (130225, 130200, '乐亭县', '乐亭', '118.905342', '39.428131', 3, '[0],[130000],[130200],', 6, NULL, NULL, NULL, NULL);
INSERT INTO `sys_area` VALUES (130227, 130200, '迁西县', '迁西', '118.305138', '40.146236', 3, '[0],[130000],[130200],', 12, NULL, NULL, NULL, NULL);
INSERT INTO `sys_area` VALUES (130229, 130200, '玉田县', '玉田', '117.753662', '39.887321', 3, '[0],[130000],[130200],', 13, NULL, NULL, NULL, NULL);
INSERT INTO `sys_area` VALUES (130230, 130200, '曹妃甸区', '曹妃甸', '118.446587', '39.278278', 3, '[0],[130000],[130200],', 1, NULL, NULL, NULL, NULL);
INSERT INTO `sys_area` VALUES (130281, 130200, '遵化市', '遵化', '117.965874', '40.188618', 3, '[0],[130000],[130200],', 14, NULL, NULL, NULL, NULL);
INSERT INTO `sys_area` VALUES (130283, 130200, '迁安市', '迁安', '118.701935', '40.012108', 3, '[0],[130000],[130200],', 11, NULL, NULL, NULL, NULL);
INSERT INTO `sys_area` VALUES (130300, 130000, '秦皇岛市', '秦皇岛', '119.586578', '39.942532', 2, '[0],[130000],', 7, NULL, NULL, NULL, NULL);
INSERT INTO `sys_area` VALUES (130302, 130300, '海港区', '海港', '119.596222', '39.943459', 3, '[0],[130000],[130300],', 4, NULL, NULL, NULL, NULL);
INSERT INTO `sys_area` VALUES (130303, 130300, '山海关区', '山海关', '119.753593', '39.998024', 3, '[0],[130000],[130300],', 7, NULL, NULL, NULL, NULL);
INSERT INTO `sys_area` VALUES (130304, 130300, '北戴河区', '北戴河', '119.486282', '39.825123', 3, '[0],[130000],[130300],', 1, NULL, NULL, NULL, NULL);
INSERT INTO `sys_area` VALUES (130321, 130300, '青龙满族自治县', '青龙', '118.954552', '40.406021', 3, '[0],[130000],[130300],', 6, NULL, NULL, NULL, NULL);
INSERT INTO `sys_area` VALUES (130322, 130300, '昌黎县', '昌黎', '119.164543', '39.709728', 3, '[0],[130000],[130300],', 2, NULL, NULL, NULL, NULL);
INSERT INTO `sys_area` VALUES (130323, 130300, '抚宁县', '抚宁', '119.240654', '39.887054', 3, '[0],[130000],[130300],', 3, NULL, NULL, NULL, NULL);
INSERT INTO `sys_area` VALUES (130324, 130300, '卢龙县', '卢龙', '118.881805', '39.89164', 3, '[0],[130000],[130300],', 5, NULL, NULL, NULL, NULL);
INSERT INTO `sys_area` VALUES (130400, 130000, '邯郸市', '邯郸', '114.490685', '36.612274', 2, '[0],[130000],', 4, NULL, NULL, NULL, NULL);
INSERT INTO `sys_area` VALUES (130402, 130400, '邯山区', '邯山', '114.484985', '36.603195', 3, '[0],[130000],[130400],', 11, NULL, NULL, NULL, NULL);
INSERT INTO `sys_area` VALUES (130403, 130400, '丛台区', '丛台', '114.494705', '36.61108', 3, '[0],[130000],[130400],', 3, NULL, NULL, NULL, NULL);
INSERT INTO `sys_area` VALUES (130404, 130400, '复兴区', '复兴', '114.458244', '36.615482', 3, '[0],[130000],[130400],', 7, NULL, NULL, NULL, NULL);
INSERT INTO `sys_area` VALUES (130406, 130400, '峰峰矿区', '峰峰矿', '114.209938', '36.420486', 3, '[0],[130000],[130400],', 6, NULL, NULL, NULL, NULL);
INSERT INTO `sys_area` VALUES (130421, 130400, '邯郸县', '邯郸', '114.531082', '36.593906', 3, '[0],[130000],[130400],', 10, NULL, NULL, NULL, NULL);
INSERT INTO `sys_area` VALUES (130423, 130400, '临漳县', '临漳', '114.610703', '36.337605', 3, '[0],[130000],[130400],', 13, NULL, NULL, NULL, NULL);
INSERT INTO `sys_area` VALUES (130424, 130400, '成安县', '成安', '114.680359', '36.443832', 3, '[0],[130000],[130400],', 1, NULL, NULL, NULL, NULL);
INSERT INTO `sys_area` VALUES (130425, 130400, '大名县', '大名', '115.152588', '36.283318', 3, '[0],[130000],[130400],', 4, NULL, NULL, NULL, NULL);
INSERT INTO `sys_area` VALUES (130426, 130400, '涉县', '涉县', '113.673294', '36.563145', 3, '[0],[130000],[130400],', 16, NULL, NULL, NULL, NULL);
INSERT INTO `sys_area` VALUES (130427, 130400, '磁县', '磁县', '114.38208', '36.367672', 3, '[0],[130000],[130400],', 2, NULL, NULL, NULL, NULL);
INSERT INTO `sys_area` VALUES (130428, 130400, '肥乡县', '肥乡', '114.805153', '36.555779', 3, '[0],[130000],[130400],', 5, NULL, NULL, NULL, NULL);
INSERT INTO `sys_area` VALUES (130429, 130400, '永年县', '永年', '114.496162', '36.776413', 3, '[0],[130000],[130400],', 19, NULL, NULL, NULL, NULL);
INSERT INTO `sys_area` VALUES (130430, 130400, '邱县', '邱县', '115.168587', '36.813251', 3, '[0],[130000],[130400],', 14, NULL, NULL, NULL, NULL);
INSERT INTO `sys_area` VALUES (130431, 130400, '鸡泽县', '鸡泽', '114.878517', '36.914909', 3, '[0],[130000],[130400],', 12, NULL, NULL, NULL, NULL);
INSERT INTO `sys_area` VALUES (130432, 130400, '广平县', '广平', '114.950859', '36.483604', 3, '[0],[130000],[130400],', 8, NULL, NULL, NULL, NULL);
INSERT INTO `sys_area` VALUES (130433, 130400, '馆陶县', '馆陶', '115.289055', '36.539459', 3, '[0],[130000],[130400],', 9, NULL, NULL, NULL, NULL);
INSERT INTO `sys_area` VALUES (130434, 130400, '魏县', '魏县', '114.934113', '36.354248', 3, '[0],[130000],[130400],', 17, NULL, NULL, NULL, NULL);
INSERT INTO `sys_area` VALUES (130435, 130400, '曲周县', '曲周', '114.957588', '36.773399', 3, '[0],[130000],[130400],', 15, NULL, NULL, NULL, NULL);
INSERT INTO `sys_area` VALUES (130481, 130400, '武安市', '武安', '114.19458', '36.696114', 3, '[0],[130000],[130400],', 18, NULL, NULL, NULL, NULL);
INSERT INTO `sys_area` VALUES (130500, 130000, '邢台市', '邢台', '114.50885', '37.068199', 2, '[0],[130000],', 10, NULL, NULL, NULL, NULL);
INSERT INTO `sys_area` VALUES (130502, 130500, '桥东区', '桥东', '114.507133', '37.064125', 3, '[0],[130000],[130500],', 12, NULL, NULL, NULL, NULL);
INSERT INTO `sys_area` VALUES (130503, 130500, '桥西区', '桥西', '114.473686', '37.068008', 3, '[0],[130000],[130500],', 13, NULL, NULL, NULL, NULL);
INSERT INTO `sys_area` VALUES (130521, 130500, '邢台县', '邢台', '114.561134', '37.050732', 3, '[0],[130000],[130500],', 18, NULL, NULL, NULL, NULL);
INSERT INTO `sys_area` VALUES (130522, 130500, '临城县', '临城', '114.506874', '37.444008', 3, '[0],[130000],[130500],', 4, NULL, NULL, NULL, NULL);
INSERT INTO `sys_area` VALUES (130523, 130500, '内丘县', '内丘', '114.51152', '37.287663', 3, '[0],[130000],[130500],', 9, NULL, NULL, NULL, NULL);
INSERT INTO `sys_area` VALUES (130524, 130500, '柏乡县', '柏乡', '114.693382', '37.483597', 3, '[0],[130000],[130500],', 1, NULL, NULL, NULL, NULL);
INSERT INTO `sys_area` VALUES (130525, 130500, '隆尧县', '隆尧', '114.776344', '37.350925', 3, '[0],[130000],[130500],', 6, NULL, NULL, NULL, NULL);
INSERT INTO `sys_area` VALUES (130526, 130500, '任县', '任县', '114.684471', '37.129951', 3, '[0],[130000],[130500],', 15, NULL, NULL, NULL, NULL);
INSERT INTO `sys_area` VALUES (130527, 130500, '南和县', '南和', '114.691376', '37.003811', 3, '[0],[130000],[130500],', 8, NULL, NULL, NULL, NULL);
INSERT INTO `sys_area` VALUES (130528, 130500, '宁晋县', '宁晋', '114.921028', '37.618958', 3, '[0],[130000],[130500],', 10, NULL, NULL, NULL, NULL);
INSERT INTO `sys_area` VALUES (130529, 130500, '巨鹿县', '巨鹿', '115.03878', '37.217682', 3, '[0],[130000],[130500],', 3, NULL, NULL, NULL, NULL);
INSERT INTO `sys_area` VALUES (130530, 130500, '新河县', '新河', '115.247536', '37.526215', 3, '[0],[130000],[130500],', 19, NULL, NULL, NULL, NULL);
INSERT INTO `sys_area` VALUES (130531, 130500, '广宗县', '广宗', '115.142799', '37.075546', 3, '[0],[130000],[130500],', 2, NULL, NULL, NULL, NULL);
INSERT INTO `sys_area` VALUES (130532, 130500, '平乡县', '平乡', '115.029221', '37.069405', 3, '[0],[130000],[130500],', 11, NULL, NULL, NULL, NULL);
INSERT INTO `sys_area` VALUES (130533, 130500, '威县', '威县', '115.272751', '36.983273', 3, '[0],[130000],[130500],', 17, NULL, NULL, NULL, NULL);
INSERT INTO `sys_area` VALUES (130534, 130500, '清河县', '清河', '115.668999', '37.05999', 3, '[0],[130000],[130500],', 14, NULL, NULL, NULL, NULL);
INSERT INTO `sys_area` VALUES (130535, 130500, '临西县', '临西', '115.498688', '36.864201', 3, '[0],[130000],[130500],', 5, NULL, NULL, NULL, NULL);
INSERT INTO `sys_area` VALUES (130581, 130500, '南宫市', '南宫', '115.398102', '37.359669', 3, '[0],[130000],[130500],', 7, NULL, NULL, NULL, NULL);
INSERT INTO `sys_area` VALUES (130582, 130500, '沙河市', '沙河', '114.504906', '36.861904', 3, '[0],[130000],[130500],', 16, NULL, NULL, NULL, NULL);
INSERT INTO `sys_area` VALUES (130600, 130000, '保定市', '保定', '115.48233', '38.867657', 2, '[0],[130000],', 1, NULL, NULL, NULL, NULL);
INSERT INTO `sys_area` VALUES (130602, 130600, '新市区', '新市', '115.470657', '38.88662', 3, '[0],[130000],[130600],', 21, NULL, NULL, NULL, NULL);
INSERT INTO `sys_area` VALUES (130603, 130600, '北市区', '北市', '115.500931', '38.865005', 3, '[0],[130000],[130600],', 3, NULL, NULL, NULL, NULL);
INSERT INTO `sys_area` VALUES (130604, 130600, '南市区', '南市', '115.498672', '38.856701', 3, '[0],[130000],[130600],', 14, NULL, NULL, NULL, NULL);
INSERT INTO `sys_area` VALUES (130621, 130600, '满城县', '满城', '115.324417', '38.951382', 3, '[0],[130000],[130600],', 13, NULL, NULL, NULL, NULL);
INSERT INTO `sys_area` VALUES (130622, 130600, '清苑县', '清苑', '115.492218', '38.771011', 3, '[0],[130000],[130600],', 15, NULL, NULL, NULL, NULL);
INSERT INTO `sys_area` VALUES (130623, 130600, '涞水县', '涞水', '115.711983', '39.393147', 3, '[0],[130000],[130600],', 10, NULL, NULL, NULL, NULL);
INSERT INTO `sys_area` VALUES (130624, 130600, '阜平县', '阜平', '114.198799', '38.847275', 3, '[0],[130000],[130600],', 7, NULL, NULL, NULL, NULL);
INSERT INTO `sys_area` VALUES (130625, 130600, '徐水县', '徐水', '115.649406', '39.020393', 3, '[0],[130000],[130600],', 23, NULL, NULL, NULL, NULL);
INSERT INTO `sys_area` VALUES (130626, 130600, '定兴县', '定兴', '115.796898', '39.266193', 3, '[0],[130000],[130600],', 5, NULL, NULL, NULL, NULL);
INSERT INTO `sys_area` VALUES (130627, 130600, '唐县', '唐县', '114.981239', '38.748543', 3, '[0],[130000],[130600],', 19, NULL, NULL, NULL, NULL);
INSERT INTO `sys_area` VALUES (130628, 130600, '高阳县', '高阳', '115.778877', '38.69009', 3, '[0],[130000],[130600],', 9, NULL, NULL, NULL, NULL);
INSERT INTO `sys_area` VALUES (130629, 130600, '容城县', '容城', '115.866249', '39.052818', 3, '[0],[130000],[130600],', 17, NULL, NULL, NULL, NULL);
INSERT INTO `sys_area` VALUES (130630, 130600, '涞源县', '涞源', '114.692566', '39.357552', 3, '[0],[130000],[130600],', 11, NULL, NULL, NULL, NULL);
INSERT INTO `sys_area` VALUES (130631, 130600, '望都县', '望都', '115.154007', '38.707447', 3, '[0],[130000],[130600],', 20, NULL, NULL, NULL, NULL);
INSERT INTO `sys_area` VALUES (130632, 130600, '安新县', '安新', '115.931976', '38.929913', 3, '[0],[130000],[130600],', 2, NULL, NULL, NULL, NULL);
INSERT INTO `sys_area` VALUES (130633, 130600, '易县', '易县', '115.501144', '39.35297', 3, '[0],[130000],[130600],', 24, NULL, NULL, NULL, NULL);
INSERT INTO `sys_area` VALUES (130634, 130600, '曲阳县', '曲阳', '114.704056', '38.619991', 3, '[0],[130000],[130600],', 16, NULL, NULL, NULL, NULL);
INSERT INTO `sys_area` VALUES (130635, 130600, '蠡县', '蠡县', '115.583633', '38.496429', 3, '[0],[130000],[130600],', 12, NULL, NULL, NULL, NULL);
INSERT INTO `sys_area` VALUES (130636, 130600, '顺平县', '顺平', '115.132751', '38.845127', 3, '[0],[130000],[130600],', 18, NULL, NULL, NULL, NULL);
INSERT INTO `sys_area` VALUES (130637, 130600, '博野县', '博野', '115.4618', '38.458271', 3, '[0],[130000],[130600],', 4, NULL, NULL, NULL, NULL);
INSERT INTO `sys_area` VALUES (130638, 130600, '雄县', '雄县', '116.107475', '38.990818', 3, '[0],[130000],[130600],', 22, NULL, NULL, NULL, NULL);
INSERT INTO `sys_area` VALUES (130681, 130600, '涿州市', '涿州', '115.973412', '39.485764', 3, '[0],[130000],[130600],', 25, NULL, NULL, NULL, NULL);
INSERT INTO `sys_area` VALUES (130682, 130600, '定州市', '定州', '114.991386', '38.517601', 3, '[0],[130000],[130600],', 6, NULL, NULL, NULL, NULL);
INSERT INTO `sys_area` VALUES (130683, 130600, '安国市', '安国', '115.331413', '38.421368', 3, '[0],[130000],[130600],', 1, NULL, NULL, NULL, NULL);
INSERT INTO `sys_area` VALUES (130684, 130600, '高碑店市', '高碑店', '115.882706', '39.32769', 3, '[0],[130000],[130600],', 8, NULL, NULL, NULL, NULL);
INSERT INTO `sys_area` VALUES (130700, 130000, '张家口市', '张家口', '114.884094', '40.811901', 2, '[0],[130000],', 11, NULL, NULL, NULL, NULL);
INSERT INTO `sys_area` VALUES (130702, 130700, '桥东区', '桥东', '114.885658', '40.813873', 3, '[0],[130000],[130700],', 7, NULL, NULL, NULL, NULL);
INSERT INTO `sys_area` VALUES (130703, 130700, '桥西区', '桥西', '114.882126', '40.824387', 3, '[0],[130000],[130700],', 8, NULL, NULL, NULL, NULL);
INSERT INTO `sys_area` VALUES (130705, 130700, '宣化区', '宣化区', '115.063202', '40.609367', 3, '[0],[130000],[130700],', 12, NULL, NULL, NULL, NULL);
INSERT INTO `sys_area` VALUES (130706, 130700, '下花园区', '下花园', '115.280998', '40.488644', 3, '[0],[130000],[130700],', 11, NULL, NULL, NULL, NULL);
INSERT INTO `sys_area` VALUES (130721, 130700, '宣化县', '宣化县', '115.033081', '40.56221', 3, '[0],[130000],[130700],', 13, NULL, NULL, NULL, NULL);
INSERT INTO `sys_area` VALUES (130722, 130700, '张北县', '张北', '114.71595', '41.151714', 3, '[0],[130000],[130700],', 16, NULL, NULL, NULL, NULL);
INSERT INTO `sys_area` VALUES (130723, 130700, '康保县', '康保', '114.615807', '41.850044', 3, '[0],[130000],[130700],', 6, NULL, NULL, NULL, NULL);
INSERT INTO `sys_area` VALUES (130724, 130700, '沽源县', '沽源', '115.684837', '41.667419', 3, '[0],[130000],[130700],', 3, NULL, NULL, NULL, NULL);
INSERT INTO `sys_area` VALUES (130725, 130700, '尚义县', '尚义', '113.977715', '41.08009', 3, '[0],[130000],[130700],', 9, NULL, NULL, NULL, NULL);
INSERT INTO `sys_area` VALUES (130726, 130700, '蔚县', '蔚县', '114.582695', '39.837181', 3, '[0],[130000],[130700],', 15, NULL, NULL, NULL, NULL);
INSERT INTO `sys_area` VALUES (130727, 130700, '阳原县', '阳原', '114.167343', '40.113419', 3, '[0],[130000],[130700],', 14, NULL, NULL, NULL, NULL);
INSERT INTO `sys_area` VALUES (130728, 130700, '怀安县', '怀安', '114.422363', '40.671272', 3, '[0],[130000],[130700],', 4, NULL, NULL, NULL, NULL);
INSERT INTO `sys_area` VALUES (130729, 130700, '万全县', '万全', '114.73613', '40.765137', 3, '[0],[130000],[130700],', 10, NULL, NULL, NULL, NULL);
INSERT INTO `sys_area` VALUES (130730, 130700, '怀来县', '怀来', '115.520844', '40.405403', 3, '[0],[130000],[130700],', 5, NULL, NULL, NULL, NULL);
INSERT INTO `sys_area` VALUES (130731, 130700, '涿鹿县', '涿鹿', '115.219246', '40.3787', 3, '[0],[130000],[130700],', 17, NULL, NULL, NULL, NULL);
INSERT INTO `sys_area` VALUES (130732, 130700, '赤城县', '赤城', '115.83271', '40.912083', 3, '[0],[130000],[130700],', 1, NULL, NULL, NULL, NULL);
INSERT INTO `sys_area` VALUES (130733, 130700, '崇礼县', '崇礼', '115.281654', '40.971302', 3, '[0],[130000],[130700],', 2, NULL, NULL, NULL, NULL);
INSERT INTO `sys_area` VALUES (130800, 130000, '承德市', '承德', '117.939156', '40.976204', 2, '[0],[130000],', 3, NULL, NULL, NULL, NULL);
INSERT INTO `sys_area` VALUES (130802, 130800, '双桥区', '双桥', '117.939156', '40.976204', 3, '[0],[130000],[130800],', 8, NULL, NULL, NULL, NULL);
INSERT INTO `sys_area` VALUES (130803, 130800, '双滦区', '双滦', '117.797485', '40.959755', 3, '[0],[130000],[130800],', 7, NULL, NULL, NULL, NULL);
INSERT INTO `sys_area` VALUES (130804, 130800, '鹰手营子矿区', '鹰手营子矿', '117.661156', '40.546955', 3, '[0],[130000],[130800],', 11, NULL, NULL, NULL, NULL);
INSERT INTO `sys_area` VALUES (130821, 130800, '承德县', '承德', '118.172493', '40.768639', 3, '[0],[130000],[130800],', 1, NULL, NULL, NULL, NULL);
INSERT INTO `sys_area` VALUES (130822, 130800, '兴隆县', '兴隆', '117.507095', '40.418526', 3, '[0],[130000],[130800],', 10, NULL, NULL, NULL, NULL);
INSERT INTO `sys_area` VALUES (130823, 130800, '平泉县', '平泉', '118.690239', '41.005611', 3, '[0],[130000],[130800],', 6, NULL, NULL, NULL, NULL);
INSERT INTO `sys_area` VALUES (130824, 130800, '滦平县', '滦平', '117.337128', '40.936646', 3, '[0],[130000],[130800],', 5, NULL, NULL, NULL, NULL);
INSERT INTO `sys_area` VALUES (130825, 130800, '隆化县', '隆化', '117.736343', '41.316666', 3, '[0],[130000],[130800],', 4, NULL, NULL, NULL, NULL);
INSERT INTO `sys_area` VALUES (130826, 130800, '丰宁满族自治县', '丰宁', '116.651207', '41.209904', 3, '[0],[130000],[130800],', 2, NULL, NULL, NULL, NULL);
INSERT INTO `sys_area` VALUES (130827, 130800, '宽城满族自治县', '宽城', '118.48864', '40.607983', 3, '[0],[130000],[130800],', 3, NULL, NULL, NULL, NULL);
INSERT INTO `sys_area` VALUES (130828, 130800, '围场满族蒙古族自治县', '围场', '117.764084', '41.949406', 3, '[0],[130000],[130800],', 9, NULL, NULL, NULL, NULL);
INSERT INTO `sys_area` VALUES (130900, 130000, '沧州市', '沧州', '116.85746', '38.310581', 2, '[0],[130000],', 2, NULL, NULL, NULL, NULL);
INSERT INTO `sys_area` VALUES (130902, 130900, '新华区', '新华', '116.873047', '38.308273', 3, '[0],[130000],[130900],', 14, NULL, NULL, NULL, NULL);
INSERT INTO `sys_area` VALUES (130903, 130900, '运河区', '运河', '116.840065', '38.307404', 3, '[0],[130000],[130900],', 16, NULL, NULL, NULL, NULL);
INSERT INTO `sys_area` VALUES (130921, 130900, '沧县', '沧县', '117.007477', '38.219856', 3, '[0],[130000],[130900],', 2, NULL, NULL, NULL, NULL);
INSERT INTO `sys_area` VALUES (130922, 130900, '青县', '青县', '116.838387', '38.569645', 3, '[0],[130000],[130900],', 9, NULL, NULL, NULL, NULL);
INSERT INTO `sys_area` VALUES (130923, 130900, '东光县', '东光', '116.542061', '37.886551', 3, '[0],[130000],[130900],', 3, NULL, NULL, NULL, NULL);
INSERT INTO `sys_area` VALUES (130924, 130900, '海兴县', '海兴', '117.496605', '38.141582', 3, '[0],[130000],[130900],', 4, NULL, NULL, NULL, NULL);
INSERT INTO `sys_area` VALUES (130925, 130900, '盐山县', '盐山', '117.229813', '38.056141', 3, '[0],[130000],[130900],', 15, NULL, NULL, NULL, NULL);
INSERT INTO `sys_area` VALUES (130926, 130900, '肃宁县', '肃宁', '115.835854', '38.427101', 3, '[0],[130000],[130900],', 11, NULL, NULL, NULL, NULL);
INSERT INTO `sys_area` VALUES (130927, 130900, '南皮县', '南皮', '116.709167', '38.042439', 3, '[0],[130000],[130900],', 8, NULL, NULL, NULL, NULL);
INSERT INTO `sys_area` VALUES (130928, 130900, '吴桥县', '吴桥', '116.39151', '37.628181', 3, '[0],[130000],[130900],', 12, NULL, NULL, NULL, NULL);
INSERT INTO `sys_area` VALUES (130929, 130900, '献县', '献县', '116.12384', '38.189659', 3, '[0],[130000],[130900],', 13, NULL, NULL, NULL, NULL);
INSERT INTO `sys_area` VALUES (130930, 130900, '孟村回族自治县', '孟村', '117.105103', '38.057953', 3, '[0],[130000],[130900],', 7, NULL, NULL, NULL, NULL);
INSERT INTO `sys_area` VALUES (130981, 130900, '泊头市', '泊头', '116.57016', '38.073479', 3, '[0],[130000],[130900],', 1, NULL, NULL, NULL, NULL);
INSERT INTO `sys_area` VALUES (130982, 130900, '任丘市', '任丘', '116.106766', '38.706512', 3, '[0],[130000],[130900],', 10, NULL, NULL, NULL, NULL);
INSERT INTO `sys_area` VALUES (130983, 130900, '黄骅市', '黄骅', '117.343803', '38.36924', 3, '[0],[130000],[130900],', 6, NULL, NULL, NULL, NULL);
INSERT INTO `sys_area` VALUES (130984, 130900, '河间市', '河间', '116.089455', '38.44149', 3, '[0],[130000],[130900],', 5, NULL, NULL, NULL, NULL);
INSERT INTO `sys_area` VALUES (131000, 130000, '廊坊市', '廊坊', '116.704437', '39.523926', 2, '[0],[130000],', 6, NULL, NULL, NULL, NULL);
INSERT INTO `sys_area` VALUES (131002, 131000, '安次区', '安次', '116.694542', '39.502567', 3, '[0],[130000],[131000],', 1, NULL, NULL, NULL, NULL);
INSERT INTO `sys_area` VALUES (131003, 131000, '广阳区', '广阳', '116.713707', '39.521931', 3, '[0],[130000],[131000],', 5, NULL, NULL, NULL, NULL);
INSERT INTO `sys_area` VALUES (131022, 131000, '固安县', '固安', '116.299896', '39.436466', 3, '[0],[130000],[131000],', 6, NULL, NULL, NULL, NULL);
INSERT INTO `sys_area` VALUES (131023, 131000, '永清县', '永清', '116.498093', '39.319717', 3, '[0],[130000],[131000],', 10, NULL, NULL, NULL, NULL);
INSERT INTO `sys_area` VALUES (131024, 131000, '香河县', '香河', '117.007164', '39.757214', 3, '[0],[130000],[131000],', 9, NULL, NULL, NULL, NULL);
INSERT INTO `sys_area` VALUES (131025, 131000, '大城县', '大城', '116.640732', '38.699215', 3, '[0],[130000],[131000],', 4, NULL, NULL, NULL, NULL);
INSERT INTO `sys_area` VALUES (131026, 131000, '文安县', '文安', '116.460106', '38.866802', 3, '[0],[130000],[131000],', 8, NULL, NULL, NULL, NULL);
INSERT INTO `sys_area` VALUES (131028, 131000, '大厂回族自治县', '大厂', '116.986504', '39.889267', 3, '[0],[130000],[131000],', 3, NULL, NULL, NULL, NULL);
INSERT INTO `sys_area` VALUES (131081, 131000, '霸州市', '霸州', '116.392021', '39.117332', 3, '[0],[130000],[131000],', 2, NULL, NULL, NULL, NULL);
INSERT INTO `sys_area` VALUES (131082, 131000, '三河市', '三河', '117.077019', '39.982777', 3, '[0],[130000],[131000],', 7, NULL, NULL, NULL, NULL);
INSERT INTO `sys_area` VALUES (131100, 130000, '衡水市', '衡水', '115.665993', '37.735096', 2, '[0],[130000],', 5, NULL, NULL, NULL, NULL);
INSERT INTO `sys_area` VALUES (131102, 131100, '桃城区', '桃城', '115.694946', '37.732239', 3, '[0],[130000],[131100],', 8, NULL, NULL, NULL, NULL);
INSERT INTO `sys_area` VALUES (131121, 131100, '枣强县', '枣强', '115.726501', '37.511513', 3, '[0],[130000],[131100],', 11, NULL, NULL, NULL, NULL);
INSERT INTO `sys_area` VALUES (131122, 131100, '武邑县', '武邑', '115.892418', '37.803776', 3, '[0],[130000],[131100],', 10, NULL, NULL, NULL, NULL);
INSERT INTO `sys_area` VALUES (131123, 131100, '武强县', '武强', '115.970238', '38.03698', 3, '[0],[130000],[131100],', 9, NULL, NULL, NULL, NULL);
INSERT INTO `sys_area` VALUES (131124, 131100, '饶阳县', '饶阳', '115.726578', '38.23267', 3, '[0],[130000],[131100],', 6, NULL, NULL, NULL, NULL);
INSERT INTO `sys_area` VALUES (131125, 131100, '安平县', '安平', '115.51963', '38.233513', 3, '[0],[130000],[131100],', 1, NULL, NULL, NULL, NULL);
INSERT INTO `sys_area` VALUES (131126, 131100, '故城县', '故城', '115.966743', '37.350983', 3, '[0],[130000],[131100],', 3, NULL, NULL, NULL, NULL);
INSERT INTO `sys_area` VALUES (131127, 131100, '景县', '景县', '116.258446', '37.686623', 3, '[0],[130000],[131100],', 4, NULL, NULL, NULL, NULL);
INSERT INTO `sys_area` VALUES (131128, 131100, '阜城县', '阜城', '116.164726', '37.869946', 3, '[0],[130000],[131100],', 2, NULL, NULL, NULL, NULL);
INSERT INTO `sys_area` VALUES (131181, 131100, '冀州市', '冀州', '115.57917', '37.542789', 3, '[0],[130000],[131100],', 5, NULL, NULL, NULL, NULL);
INSERT INTO `sys_area` VALUES (131182, 131100, '深州市', '深州', '115.554596', '38.003471', 3, '[0],[130000],[131100],', 7, NULL, NULL, NULL, NULL);
INSERT INTO `sys_area` VALUES (140000, 0, '山西省', '山西', '112.549248', '37.857014', 1, '[0],', 4, NULL, NULL, NULL, NULL);
INSERT INTO `sys_area` VALUES (140100, 140000, '太原市', '太原', '112.549248', '37.857014', 2, '[0],[140000],', 8, NULL, NULL, NULL, NULL);
INSERT INTO `sys_area` VALUES (140105, 140100, '小店区', '小店', '112.56427', '37.817974', 3, '[0],[140000],[140100],', 7, NULL, NULL, NULL, NULL);
INSERT INTO `sys_area` VALUES (140106, 140100, '迎泽区', '迎泽', '112.558853', '37.855804', 3, '[0],[140000],[140100],', 10, NULL, NULL, NULL, NULL);
INSERT INTO `sys_area` VALUES (140107, 140100, '杏花岭区', '杏花岭', '112.560745', '37.879292', 3, '[0],[140000],[140100],', 8, NULL, NULL, NULL, NULL);
INSERT INTO `sys_area` VALUES (140108, 140100, '尖草坪区', '尖草坪', '112.487122', '37.939892', 3, '[0],[140000],[140100],', 2, NULL, NULL, NULL, NULL);
INSERT INTO `sys_area` VALUES (140109, 140100, '万柏林区', '万柏林', '112.522255', '37.862652', 3, '[0],[140000],[140100],', 6, NULL, NULL, NULL, NULL);
INSERT INTO `sys_area` VALUES (140110, 140100, '晋源区', '晋源', '112.477852', '37.715618', 3, '[0],[140000],[140100],', 3, NULL, NULL, NULL, NULL);
INSERT INTO `sys_area` VALUES (140121, 140100, '清徐县', '清徐', '112.357964', '37.607288', 3, '[0],[140000],[140100],', 5, NULL, NULL, NULL, NULL);
INSERT INTO `sys_area` VALUES (140122, 140100, '阳曲县', '阳曲', '112.67382', '38.058796', 3, '[0],[140000],[140100],', 9, NULL, NULL, NULL, NULL);
INSERT INTO `sys_area` VALUES (140123, 140100, '娄烦县', '娄烦', '111.7938', '38.066036', 3, '[0],[140000],[140100],', 4, NULL, NULL, NULL, NULL);
INSERT INTO `sys_area` VALUES (140181, 140100, '古交市', '古交', '112.174355', '37.908535', 3, '[0],[140000],[140100],', 1, NULL, NULL, NULL, NULL);
INSERT INTO `sys_area` VALUES (140200, 140000, '大同市', '大同', '113.295258', '40.090309', 2, '[0],[140000],', 2, NULL, NULL, NULL, NULL);
INSERT INTO `sys_area` VALUES (140202, 140200, '城区', '城区', '113.301437', '40.090511', 3, '[0],[140000],[140200],', 1, NULL, NULL, NULL, NULL);
INSERT INTO `sys_area` VALUES (140203, 140200, '矿区', '矿区', '113.168655', '40.036259', 3, '[0],[140000],[140200],', 5, NULL, NULL, NULL, NULL);
INSERT INTO `sys_area` VALUES (140211, 140200, '南郊区', '南郊', '113.168922', '40.018021', 3, '[0],[140000],[140200],', 7, NULL, NULL, NULL, NULL);
INSERT INTO `sys_area` VALUES (140212, 140200, '新荣区', '新荣', '113.141045', '40.25827', 3, '[0],[140000],[140200],', 9, NULL, NULL, NULL, NULL);
INSERT INTO `sys_area` VALUES (140221, 140200, '阳高县', '阳高', '113.74987', '40.364925', 3, '[0],[140000],[140200],', 10, NULL, NULL, NULL, NULL);
INSERT INTO `sys_area` VALUES (140222, 140200, '天镇县', '天镇', '114.091118', '40.421337', 3, '[0],[140000],[140200],', 8, NULL, NULL, NULL, NULL);
INSERT INTO `sys_area` VALUES (140223, 140200, '广灵县', '广灵', '114.279251', '39.76305', 3, '[0],[140000],[140200],', 3, NULL, NULL, NULL, NULL);
INSERT INTO `sys_area` VALUES (140224, 140200, '灵丘县', '灵丘', '114.235764', '39.438866', 3, '[0],[140000],[140200],', 6, NULL, NULL, NULL, NULL);
INSERT INTO `sys_area` VALUES (140225, 140200, '浑源县', '浑源', '113.69809', '39.6991', 3, '[0],[140000],[140200],', 4, NULL, NULL, NULL, NULL);
INSERT INTO `sys_area` VALUES (140226, 140200, '左云县', '左云', '112.706413', '40.012875', 3, '[0],[140000],[140200],', 11, NULL, NULL, NULL, NULL);
INSERT INTO `sys_area` VALUES (140227, 140200, '大同县', '大同', '113.611305', '40.039345', 3, '[0],[140000],[140200],', 2, NULL, NULL, NULL, NULL);
INSERT INTO `sys_area` VALUES (140300, 140000, '阳泉市', '阳泉', '113.583282', '37.861187', 2, '[0],[140000],', 10, NULL, NULL, NULL, NULL);
INSERT INTO `sys_area` VALUES (140302, 140300, '城区', '城区', '113.58651', '37.860939', 3, '[0],[140000],[140300],', 1, NULL, NULL, NULL, NULL);
INSERT INTO `sys_area` VALUES (140303, 140300, '矿区', '矿区', '113.559067', '37.870087', 3, '[0],[140000],[140300],', 3, NULL, NULL, NULL, NULL);
INSERT INTO `sys_area` VALUES (140311, 140300, '郊区', '郊区', '113.583282', '37.861187', 3, '[0],[140000],[140300],', 2, NULL, NULL, NULL, NULL);
INSERT INTO `sys_area` VALUES (140321, 140300, '平定县', '平定', '113.63105', '37.800289', 3, '[0],[140000],[140300],', 4, NULL, NULL, NULL, NULL);
INSERT INTO `sys_area` VALUES (140322, 140300, '盂县', '盂县', '113.412231', '38.086132', 3, '[0],[140000],[140300],', 5, NULL, NULL, NULL, NULL);
INSERT INTO `sys_area` VALUES (140400, 140000, '长治市', '长治', '113.113556', '36.191113', 2, '[0],[140000],', 1, NULL, NULL, NULL, NULL);
INSERT INTO `sys_area` VALUES (140421, 140400, '长治县', '长治', '113.056679', '36.052437', 3, '[0],[140000],[140400],', 1, NULL, NULL, NULL, NULL);
INSERT INTO `sys_area` VALUES (140423, 140400, '襄垣县', '襄垣', '113.050095', '36.532852', 3, '[0],[140000],[140400],', 12, NULL, NULL, NULL, NULL);
INSERT INTO `sys_area` VALUES (140424, 140400, '屯留县', '屯留', '112.892738', '36.314072', 3, '[0],[140000],[140400],', 10, NULL, NULL, NULL, NULL);
INSERT INTO `sys_area` VALUES (140425, 140400, '平顺县', '平顺', '113.438789', '36.200203', 3, '[0],[140000],[140400],', 7, NULL, NULL, NULL, NULL);
INSERT INTO `sys_area` VALUES (140426, 140400, '黎城县', '黎城', '113.387367', '36.502972', 3, '[0],[140000],[140400],', 5, NULL, NULL, NULL, NULL);
INSERT INTO `sys_area` VALUES (140427, 140400, '壶关县', '壶关', '113.206139', '36.110939', 3, '[0],[140000],[140400],', 3, NULL, NULL, NULL, NULL);
INSERT INTO `sys_area` VALUES (140428, 140400, '长子县', '长子', '112.884659', '36.119484', 3, '[0],[140000],[140400],', 13, NULL, NULL, NULL, NULL);
INSERT INTO `sys_area` VALUES (140429, 140400, '武乡县', '武乡', '112.865303', '36.834316', 3, '[0],[140000],[140400],', 11, NULL, NULL, NULL, NULL);
INSERT INTO `sys_area` VALUES (140430, 140400, '沁县', '沁县', '112.701378', '36.757122', 3, '[0],[140000],[140400],', 8, NULL, NULL, NULL, NULL);
INSERT INTO `sys_area` VALUES (140431, 140400, '沁源县', '沁源', '112.340881', '36.500778', 3, '[0],[140000],[140400],', 9, NULL, NULL, NULL, NULL);
INSERT INTO `sys_area` VALUES (140481, 140400, '潞城市', '潞城', '113.223244', '36.332233', 3, '[0],[140000],[140400],', 6, NULL, NULL, NULL, NULL);
INSERT INTO `sys_area` VALUES (140482, 140400, '城区', '城区', '113.114105', '36.187897', 3, '[0],[140000],[140400],', 2, NULL, NULL, NULL, NULL);
INSERT INTO `sys_area` VALUES (140483, 140400, '郊区', '郊区', '113.101212', '36.218388', 3, '[0],[140000],[140400],', 4, NULL, NULL, NULL, NULL);
INSERT INTO `sys_area` VALUES (140500, 140000, '晋城市', '晋城', '112.851273', '35.497555', 2, '[0],[140000],', 3, NULL, NULL, NULL, NULL);
INSERT INTO `sys_area` VALUES (140502, 140500, '城区', '城区', '112.853104', '35.496639', 3, '[0],[140000],[140500],', 1, NULL, NULL, NULL, NULL);
INSERT INTO `sys_area` VALUES (140521, 140500, '沁水县', '沁水', '112.18721', '35.689472', 3, '[0],[140000],[140500],', 4, NULL, NULL, NULL, NULL);
INSERT INTO `sys_area` VALUES (140522, 140500, '阳城县', '阳城', '112.422012', '35.482178', 3, '[0],[140000],[140500],', 5, NULL, NULL, NULL, NULL);
INSERT INTO `sys_area` VALUES (140524, 140500, '陵川县', '陵川', '113.278877', '35.775616', 3, '[0],[140000],[140500],', 3, NULL, NULL, NULL, NULL);
INSERT INTO `sys_area` VALUES (140525, 140500, '泽州县', '泽州', '112.899139', '35.617222', 3, '[0],[140000],[140500],', 6, NULL, NULL, NULL, NULL);
INSERT INTO `sys_area` VALUES (140581, 140500, '高平市', '高平', '112.930695', '35.791355', 3, '[0],[140000],[140500],', 2, NULL, NULL, NULL, NULL);
INSERT INTO `sys_area` VALUES (140600, 140000, '朔州市', '朔州', '112.433388', '39.331261', 2, '[0],[140000],', 7, NULL, NULL, NULL, NULL);
INSERT INTO `sys_area` VALUES (140602, 140600, '朔城区', '朔城', '112.428673', '39.324524', 3, '[0],[140000],[140600],', 4, NULL, NULL, NULL, NULL);
INSERT INTO `sys_area` VALUES (140603, 140600, '平鲁区', '平鲁', '112.295227', '39.515602', 3, '[0],[140000],[140600],', 2, NULL, NULL, NULL, NULL);
INSERT INTO `sys_area` VALUES (140621, 140600, '山阴县', '山阴', '112.816399', '39.526772', 3, '[0],[140000],[140600],', 3, NULL, NULL, NULL, NULL);
INSERT INTO `sys_area` VALUES (140622, 140600, '应县', '应县', '113.187508', '39.559189', 3, '[0],[140000],[140600],', 5, NULL, NULL, NULL, NULL);
INSERT INTO `sys_area` VALUES (140623, 140600, '右玉县', '右玉', '112.465591', '39.988811', 3, '[0],[140000],[140600],', 6, NULL, NULL, NULL, NULL);
INSERT INTO `sys_area` VALUES (140624, 140600, '怀仁县', '怀仁', '113.10051', '39.820789', 3, '[0],[140000],[140600],', 1, NULL, NULL, NULL, NULL);
INSERT INTO `sys_area` VALUES (140700, 140000, '晋中市', '晋中', '112.736465', '37.696495', 2, '[0],[140000],', 4, NULL, NULL, NULL, NULL);
INSERT INTO `sys_area` VALUES (140702, 140700, '榆次区', '榆次', '112.740059', '37.697601', 3, '[0],[140000],[140700],', 9, NULL, NULL, NULL, NULL);
INSERT INTO `sys_area` VALUES (140721, 140700, '榆社县', '榆社', '112.973518', '37.069019', 3, '[0],[140000],[140700],', 10, NULL, NULL, NULL, NULL);
INSERT INTO `sys_area` VALUES (140722, 140700, '左权县', '左权', '113.377831', '37.079674', 3, '[0],[140000],[140700],', 11, NULL, NULL, NULL, NULL);
INSERT INTO `sys_area` VALUES (140723, 140700, '和顺县', '和顺', '113.572922', '37.327026', 3, '[0],[140000],[140700],', 1, NULL, NULL, NULL, NULL);
INSERT INTO `sys_area` VALUES (140724, 140700, '昔阳县', '昔阳', '113.706169', '37.60437', 3, '[0],[140000],[140700],', 8, NULL, NULL, NULL, NULL);
INSERT INTO `sys_area` VALUES (140725, 140700, '寿阳县', '寿阳', '113.177711', '37.891136', 3, '[0],[140000],[140700],', 6, NULL, NULL, NULL, NULL);
INSERT INTO `sys_area` VALUES (140726, 140700, '太谷县', '太谷', '112.5541', '37.424595', 3, '[0],[140000],[140700],', 7, NULL, NULL, NULL, NULL);
INSERT INTO `sys_area` VALUES (140727, 140700, '祁县', '祁县', '112.330528', '37.358738', 3, '[0],[140000],[140700],', 5, NULL, NULL, NULL, NULL);
INSERT INTO `sys_area` VALUES (140728, 140700, '平遥县', '平遥', '112.174057', '37.195473', 3, '[0],[140000],[140700],', 4, NULL, NULL, NULL, NULL);
INSERT INTO `sys_area` VALUES (140729, 140700, '灵石县', '灵石', '111.772758', '36.847469', 3, '[0],[140000],[140700],', 3, NULL, NULL, NULL, NULL);
INSERT INTO `sys_area` VALUES (140781, 140700, '介休市', '介休', '111.913857', '37.027615', 3, '[0],[140000],[140700],', 2, NULL, NULL, NULL, NULL);
INSERT INTO `sys_area` VALUES (140800, 140000, '运城市', '运城', '111.00396', '35.022778', 2, '[0],[140000],', 11, NULL, NULL, NULL, NULL);
INSERT INTO `sys_area` VALUES (140802, 140800, '盐湖区', '盐湖', '111.000626', '35.025642', 3, '[0],[140000],[140800],', 11, NULL, NULL, NULL, NULL);
INSERT INTO `sys_area` VALUES (140821, 140800, '临猗县', '临猗', '110.774933', '35.141884', 3, '[0],[140000],[140800],', 4, NULL, NULL, NULL, NULL);
INSERT INTO `sys_area` VALUES (140822, 140800, '万荣县', '万荣', '110.843559', '35.417042', 3, '[0],[140000],[140800],', 7, NULL, NULL, NULL, NULL);
INSERT INTO `sys_area` VALUES (140823, 140800, '闻喜县', '闻喜', '111.220306', '35.35384', 3, '[0],[140000],[140800],', 8, NULL, NULL, NULL, NULL);
INSERT INTO `sys_area` VALUES (140824, 140800, '稷山县', '稷山', '110.978996', '35.60041', 3, '[0],[140000],[140800],', 3, NULL, NULL, NULL, NULL);
INSERT INTO `sys_area` VALUES (140825, 140800, '新绛县', '新绛', '111.225204', '35.613697', 3, '[0],[140000],[140800],', 10, NULL, NULL, NULL, NULL);
INSERT INTO `sys_area` VALUES (140826, 140800, '绛县', '绛县', '111.57618', '35.490452', 3, '[0],[140000],[140800],', 2, NULL, NULL, NULL, NULL);
INSERT INTO `sys_area` VALUES (140827, 140800, '垣曲县', '垣曲', '111.67099', '35.298294', 3, '[0],[140000],[140800],', 13, NULL, NULL, NULL, NULL);
INSERT INTO `sys_area` VALUES (140828, 140800, '夏县', '夏县', '111.223175', '35.140442', 3, '[0],[140000],[140800],', 9, NULL, NULL, NULL, NULL);
INSERT INTO `sys_area` VALUES (140829, 140800, '平陆县', '平陆', '111.212379', '34.837257', 3, '[0],[140000],[140800],', 5, NULL, NULL, NULL, NULL);
INSERT INTO `sys_area` VALUES (140830, 140800, '芮城县', '芮城', '110.691139', '34.694771', 3, '[0],[140000],[140800],', 6, NULL, NULL, NULL, NULL);
INSERT INTO `sys_area` VALUES (140881, 140800, '永济市', '永济', '110.447983', '34.865124', 3, '[0],[140000],[140800],', 12, NULL, NULL, NULL, NULL);
INSERT INTO `sys_area` VALUES (140882, 140800, '河津市', '河津', '110.710266', '35.597149', 3, '[0],[140000],[140800],', 1, NULL, NULL, NULL, NULL);
INSERT INTO `sys_area` VALUES (140900, 140000, '忻州市', '忻州', '112.733536', '38.41769', 2, '[0],[140000],', 9, NULL, NULL, NULL, NULL);
INSERT INTO `sys_area` VALUES (140902, 140900, '忻府区', '忻府', '112.734116', '38.417744', 3, '[0],[140000],[140900],', 13, NULL, NULL, NULL, NULL);
INSERT INTO `sys_area` VALUES (140921, 140900, '定襄县', '定襄', '112.963234', '38.484947', 3, '[0],[140000],[140900],', 3, NULL, NULL, NULL, NULL);
INSERT INTO `sys_area` VALUES (140922, 140900, '五台县', '五台', '113.25901', '38.725712', 3, '[0],[140000],[140900],', 11, NULL, NULL, NULL, NULL);
INSERT INTO `sys_area` VALUES (140923, 140900, '代县', '代县', '112.962517', '39.06514', 3, '[0],[140000],[140900],', 2, NULL, NULL, NULL, NULL);
INSERT INTO `sys_area` VALUES (140924, 140900, '繁峙县', '繁峙', '113.267708', '39.188103', 3, '[0],[140000],[140900],', 4, NULL, NULL, NULL, NULL);
INSERT INTO `sys_area` VALUES (140925, 140900, '宁武县', '宁武', '112.307938', '39.001717', 3, '[0],[140000],[140900],', 8, NULL, NULL, NULL, NULL);
INSERT INTO `sys_area` VALUES (140926, 140900, '静乐县', '静乐', '111.940231', '38.355946', 3, '[0],[140000],[140900],', 6, NULL, NULL, NULL, NULL);
INSERT INTO `sys_area` VALUES (140927, 140900, '神池县', '神池', '112.200439', '39.088467', 3, '[0],[140000],[140900],', 10, NULL, NULL, NULL, NULL);
INSERT INTO `sys_area` VALUES (140928, 140900, '五寨县', '五寨', '111.841019', '38.912762', 3, '[0],[140000],[140900],', 12, NULL, NULL, NULL, NULL);
INSERT INTO `sys_area` VALUES (140929, 140900, '岢岚县', '岢岚', '111.569809', '38.705624', 3, '[0],[140000],[140900],', 7, NULL, NULL, NULL, NULL);
INSERT INTO `sys_area` VALUES (140930, 140900, '河曲县', '河曲', '111.146606', '39.381893', 3, '[0],[140000],[140900],', 5, NULL, NULL, NULL, NULL);
INSERT INTO `sys_area` VALUES (140931, 140900, '保德县', '保德', '111.085686', '39.022575', 3, '[0],[140000],[140900],', 1, NULL, NULL, NULL, NULL);
INSERT INTO `sys_area` VALUES (140932, 140900, '偏关县', '偏关', '111.500481', '39.442154', 3, '[0],[140000],[140900],', 9, NULL, NULL, NULL, NULL);
INSERT INTO `sys_area` VALUES (140981, 140900, '原平市', '原平', '112.713135', '38.729187', 3, '[0],[140000],[140900],', 14, NULL, NULL, NULL, NULL);
INSERT INTO `sys_area` VALUES (141000, 140000, '临汾市', '临汾', '111.517975', '36.084148', 2, '[0],[140000],', 5, NULL, NULL, NULL, NULL);
INSERT INTO `sys_area` VALUES (141002, 141000, '尧都区', '尧都', '111.522942', '36.080364', 3, '[0],[140000],[141000],', 15, NULL, NULL, NULL, NULL);
INSERT INTO `sys_area` VALUES (141021, 141000, '曲沃县', '曲沃', '111.475533', '35.641388', 3, '[0],[140000],[141000],', 11, NULL, NULL, NULL, NULL);
INSERT INTO `sys_area` VALUES (141022, 141000, '翼城县', '翼城', '111.713509', '35.738621', 3, '[0],[140000],[141000],', 16, NULL, NULL, NULL, NULL);
INSERT INTO `sys_area` VALUES (141023, 141000, '襄汾县', '襄汾', '111.442932', '35.876141', 3, '[0],[140000],[141000],', 12, NULL, NULL, NULL, NULL);
INSERT INTO `sys_area` VALUES (141024, 141000, '洪洞县', '洪洞', '111.673691', '36.255741', 3, '[0],[140000],[141000],', 6, NULL, NULL, NULL, NULL);
INSERT INTO `sys_area` VALUES (141025, 141000, '古县', '古县', '111.920204', '36.268551', 3, '[0],[140000],[141000],', 5, NULL, NULL, NULL, NULL);
INSERT INTO `sys_area` VALUES (141026, 141000, '安泽县', '安泽', '112.251373', '36.14603', 3, '[0],[140000],[141000],', 1, NULL, NULL, NULL, NULL);
INSERT INTO `sys_area` VALUES (141027, 141000, '浮山县', '浮山', '111.850037', '35.971359', 3, '[0],[140000],[141000],', 4, NULL, NULL, NULL, NULL);
INSERT INTO `sys_area` VALUES (141028, 141000, '吉县', '吉县', '110.682854', '36.099354', 3, '[0],[140000],[141000],', 9, NULL, NULL, NULL, NULL);
INSERT INTO `sys_area` VALUES (141029, 141000, '乡宁县', '乡宁', '110.857368', '35.975403', 3, '[0],[140000],[141000],', 13, NULL, NULL, NULL, NULL);
INSERT INTO `sys_area` VALUES (141030, 141000, '大宁县', '大宁', '110.751282', '36.463829', 3, '[0],[140000],[141000],', 2, NULL, NULL, NULL, NULL);
INSERT INTO `sys_area` VALUES (141031, 141000, '隰县', '隰县', '110.935806', '36.692677', 3, '[0],[140000],[141000],', 14, NULL, NULL, NULL, NULL);
INSERT INTO `sys_area` VALUES (141032, 141000, '永和县', '永和', '110.631279', '36.760612', 3, '[0],[140000],[141000],', 17, NULL, NULL, NULL, NULL);
INSERT INTO `sys_area` VALUES (141033, 141000, '蒲县', '蒲县', '111.097328', '36.411682', 3, '[0],[140000],[141000],', 10, NULL, NULL, NULL, NULL);
INSERT INTO `sys_area` VALUES (141034, 141000, '汾西县', '汾西', '111.563019', '36.65337', 3, '[0],[140000],[141000],', 3, NULL, NULL, NULL, NULL);
INSERT INTO `sys_area` VALUES (141081, 141000, '侯马市', '侯马', '111.371269', '35.6203', 3, '[0],[140000],[141000],', 7, NULL, NULL, NULL, NULL);
INSERT INTO `sys_area` VALUES (141082, 141000, '霍州市', '霍州', '111.723106', '36.572021', 3, '[0],[140000],[141000],', 8, NULL, NULL, NULL, NULL);
INSERT INTO `sys_area` VALUES (141100, 140000, '吕梁市', '吕梁', '111.134338', '37.524364', 2, '[0],[140000],', 6, NULL, NULL, NULL, NULL);
INSERT INTO `sys_area` VALUES (141102, 141100, '离石区', '离石', '111.13446', '37.524036', 3, '[0],[140000],[141100],', 7, NULL, NULL, NULL, NULL);
INSERT INTO `sys_area` VALUES (141121, 141100, '文水县', '文水', '112.032593', '37.436314', 3, '[0],[140000],[141100],', 10, NULL, NULL, NULL, NULL);
INSERT INTO `sys_area` VALUES (141122, 141100, '交城县', '交城', '112.159157', '37.555157', 3, '[0],[140000],[141100],', 3, NULL, NULL, NULL, NULL);
INSERT INTO `sys_area` VALUES (141123, 141100, '兴县', '兴县', '111.124817', '38.464134', 3, '[0],[140000],[141100],', 12, NULL, NULL, NULL, NULL);
INSERT INTO `sys_area` VALUES (141124, 141100, '临县', '临县', '110.995964', '37.960808', 3, '[0],[140000],[141100],', 6, NULL, NULL, NULL, NULL);
INSERT INTO `sys_area` VALUES (141125, 141100, '柳林县', '柳林', '110.896133', '37.431664', 3, '[0],[140000],[141100],', 8, NULL, NULL, NULL, NULL);
INSERT INTO `sys_area` VALUES (141126, 141100, '石楼县', '石楼', '110.83712', '36.999428', 3, '[0],[140000],[141100],', 9, NULL, NULL, NULL, NULL);
INSERT INTO `sys_area` VALUES (141127, 141100, '岚县', '岚县', '111.671555', '38.278652', 3, '[0],[140000],[141100],', 5, NULL, NULL, NULL, NULL);
INSERT INTO `sys_area` VALUES (141128, 141100, '方山县', '方山', '111.238884', '37.892632', 3, '[0],[140000],[141100],', 1, NULL, NULL, NULL, NULL);
INSERT INTO `sys_area` VALUES (141129, 141100, '中阳县', '中阳', '111.193321', '37.342052', 3, '[0],[140000],[141100],', 13, NULL, NULL, NULL, NULL);
INSERT INTO `sys_area` VALUES (141130, 141100, '交口县', '交口', '111.183189', '36.983067', 3, '[0],[140000],[141100],', 4, NULL, NULL, NULL, NULL);
INSERT INTO `sys_area` VALUES (141181, 141100, '孝义市', '孝义', '111.78157', '37.144474', 3, '[0],[140000],[141100],', 11, NULL, NULL, NULL, NULL);
INSERT INTO `sys_area` VALUES (141182, 141100, '汾阳市', '汾阳', '111.785271', '37.267742', 3, '[0],[140000],[141100],', 2, NULL, NULL, NULL, NULL);
INSERT INTO `sys_area` VALUES (150000, 0, '内蒙古自治区', '内蒙古', '111.670799', '40.81831', 1, '[0],', 5, NULL, NULL, NULL, NULL);
INSERT INTO `sys_area` VALUES (150100, 150000, '呼和浩特市', '呼和浩特', '111.670799', '40.81831', 2, '[0],[150000],', 6, NULL, NULL, NULL, NULL);
INSERT INTO `sys_area` VALUES (150102, 150100, '新城区', '新城', '111.685966', '40.826225', 3, '[0],[150000],[150100],', 8, NULL, NULL, NULL, NULL);
INSERT INTO `sys_area` VALUES (150103, 150100, '回民区', '回民', '111.662163', '40.815147', 3, '[0],[150000],[150100],', 2, NULL, NULL, NULL, NULL);
INSERT INTO `sys_area` VALUES (150104, 150100, '玉泉区', '玉泉', '111.665428', '40.799419', 3, '[0],[150000],[150100],', 9, NULL, NULL, NULL, NULL);
INSERT INTO `sys_area` VALUES (150105, 150100, '赛罕区', '赛罕', '111.698463', '40.807835', 3, '[0],[150000],[150100],', 4, NULL, NULL, NULL, NULL);
INSERT INTO `sys_area` VALUES (150121, 150100, '土默特左旗', '土默特左', '111.133614', '40.720417', 3, '[0],[150000],[150100],', 5, NULL, NULL, NULL, NULL);
INSERT INTO `sys_area` VALUES (150122, 150100, '托克托县', '托克托', '111.197319', '40.27673', 3, '[0],[150000],[150100],', 6, NULL, NULL, NULL, NULL);
INSERT INTO `sys_area` VALUES (150123, 150100, '和林格尔县', '和林格尔', '111.824142', '40.380287', 3, '[0],[150000],[150100],', 1, NULL, NULL, NULL, NULL);
INSERT INTO `sys_area` VALUES (150124, 150100, '清水河县', '清水河', '111.672218', '39.912479', 3, '[0],[150000],[150100],', 3, NULL, NULL, NULL, NULL);
INSERT INTO `sys_area` VALUES (150125, 150100, '武川县', '武川', '111.456566', '41.094482', 3, '[0],[150000],[150100],', 7, NULL, NULL, NULL, NULL);
INSERT INTO `sys_area` VALUES (150200, 150000, '包头市', '包头', '109.840408', '40.658169', 2, '[0],[150000],', 2, NULL, NULL, NULL, NULL);
INSERT INTO `sys_area` VALUES (150202, 150200, '东河区', '东河', '110.026894', '40.587055', 3, '[0],[150000],[150200],', 3, NULL, NULL, NULL, NULL);
INSERT INTO `sys_area` VALUES (150203, 150200, '昆都仑区', '昆都仑', '109.822929', '40.661346', 3, '[0],[150000],[150200],', 6, NULL, NULL, NULL, NULL);
INSERT INTO `sys_area` VALUES (150204, 150200, '青山区', '青山', '109.880051', '40.668556', 3, '[0],[150000],[150200],', 7, NULL, NULL, NULL, NULL);
INSERT INTO `sys_area` VALUES (150205, 150200, '石拐区', '石拐', '110.272568', '40.672092', 3, '[0],[150000],[150200],', 8, NULL, NULL, NULL, NULL);
INSERT INTO `sys_area` VALUES (150206, 150200, '白云鄂博矿区', '白云矿区', '109.970161', '41.769245', 3, '[0],[150000],[150200],', 1, NULL, NULL, NULL, NULL);
INSERT INTO `sys_area` VALUES (150207, 150200, '九原区', '九原', '109.968124', '40.600582', 3, '[0],[150000],[150200],', 5, NULL, NULL, NULL, NULL);
INSERT INTO `sys_area` VALUES (150221, 150200, '土默特右旗', '土默特右', '110.526764', '40.566433', 3, '[0],[150000],[150200],', 9, NULL, NULL, NULL, NULL);
INSERT INTO `sys_area` VALUES (150222, 150200, '固阳县', '固阳', '110.063423', '41.030003', 3, '[0],[150000],[150200],', 4, NULL, NULL, NULL, NULL);
INSERT INTO `sys_area` VALUES (150223, 150200, '达尔罕茂明安联合旗', '达尔罕茂明安联合', '109.840408', '40.658169', 3, '[0],[150000],[150200],', 2, NULL, NULL, NULL, NULL);
INSERT INTO `sys_area` VALUES (150300, 150000, '乌海市', '乌海', '106.825562', '39.673733', 2, '[0],[150000],', 9, NULL, NULL, NULL, NULL);
INSERT INTO `sys_area` VALUES (150302, 150300, '海勃湾区', '海勃湾', '106.817764', '39.673527', 3, '[0],[150000],[150300],', 1, NULL, NULL, NULL, NULL);
INSERT INTO `sys_area` VALUES (150303, 150300, '海南区', '海南', '106.884789', '39.441528', 3, '[0],[150000],[150300],', 2, NULL, NULL, NULL, NULL);
INSERT INTO `sys_area` VALUES (150304, 150300, '乌达区', '乌达', '106.72271', '39.502289', 3, '[0],[150000],[150300],', 3, NULL, NULL, NULL, NULL);
INSERT INTO `sys_area` VALUES (150400, 150000, '赤峰市', '赤峰', '118.956802', '42.275318', 2, '[0],[150000],', 4, NULL, NULL, NULL, NULL);
INSERT INTO `sys_area` VALUES (150402, 150400, '红山区', '红山', '118.96109', '42.269733', 3, '[0],[150000],[150400],', 5, NULL, NULL, NULL, NULL);
INSERT INTO `sys_area` VALUES (150403, 150400, '元宝山区', '元宝山', '119.289879', '42.041168', 3, '[0],[150000],[150400],', 12, NULL, NULL, NULL, NULL);
INSERT INTO `sys_area` VALUES (150404, 150400, '松山区', '松山', '118.938957', '42.281048', 3, '[0],[150000],[150400],', 10, NULL, NULL, NULL, NULL);
INSERT INTO `sys_area` VALUES (150421, 150400, '阿鲁科尔沁旗', '阿鲁科尔沁', '120.094971', '43.878769', 3, '[0],[150000],[150400],', 1, NULL, NULL, NULL, NULL);
INSERT INTO `sys_area` VALUES (150422, 150400, '巴林左旗', '巴林左', '119.391739', '43.980717', 3, '[0],[150000],[150400],', 4, NULL, NULL, NULL, NULL);
INSERT INTO `sys_area` VALUES (150423, 150400, '巴林右旗', '巴林右', '118.678345', '43.528961', 3, '[0],[150000],[150400],', 3, NULL, NULL, NULL, NULL);
INSERT INTO `sys_area` VALUES (150424, 150400, '林西县', '林西', '118.057747', '43.605328', 3, '[0],[150000],[150400],', 8, NULL, NULL, NULL, NULL);
INSERT INTO `sys_area` VALUES (150425, 150400, '克什克腾旗', '克什克腾', '117.542465', '43.256233', 3, '[0],[150000],[150400],', 7, NULL, NULL, NULL, NULL);
INSERT INTO `sys_area` VALUES (150426, 150400, '翁牛特旗', '翁牛特', '119.022621', '42.937126', 3, '[0],[150000],[150400],', 11, NULL, NULL, NULL, NULL);
INSERT INTO `sys_area` VALUES (150428, 150400, '喀喇沁旗', '喀喇沁', '118.708572', '41.92778', 3, '[0],[150000],[150400],', 6, NULL, NULL, NULL, NULL);
INSERT INTO `sys_area` VALUES (150429, 150400, '宁城县', '宁城', '119.339241', '41.598694', 3, '[0],[150000],[150400],', 9, NULL, NULL, NULL, NULL);
INSERT INTO `sys_area` VALUES (150430, 150400, '敖汉旗', '敖汉', '119.906487', '42.28701', 3, '[0],[150000],[150400],', 2, NULL, NULL, NULL, NULL);
INSERT INTO `sys_area` VALUES (150500, 150000, '通辽市', '通辽', '122.263123', '43.617428', 2, '[0],[150000],', 8, NULL, NULL, NULL, NULL);
INSERT INTO `sys_area` VALUES (150502, 150500, '科尔沁区', '科尔沁', '122.264046', '43.61742', 3, '[0],[150000],[150500],', 3, NULL, NULL, NULL, NULL);
INSERT INTO `sys_area` VALUES (150521, 150500, '科尔沁左翼中旗', '科尔沁左翼中', '123.313873', '44.127167', 3, '[0],[150000],[150500],', 5, NULL, NULL, NULL, NULL);
INSERT INTO `sys_area` VALUES (150522, 150500, '科尔沁左翼后旗', '科尔沁左翼后', '122.355156', '42.954563', 3, '[0],[150000],[150500],', 4, NULL, NULL, NULL, NULL);
INSERT INTO `sys_area` VALUES (150523, 150500, '开鲁县', '开鲁', '121.3088', '43.602432', 3, '[0],[150000],[150500],', 2, NULL, NULL, NULL, NULL);
INSERT INTO `sys_area` VALUES (150524, 150500, '库伦旗', '库伦', '121.774887', '42.734692', 3, '[0],[150000],[150500],', 6, NULL, NULL, NULL, NULL);
INSERT INTO `sys_area` VALUES (150525, 150500, '奈曼旗', '奈曼', '120.662544', '42.846851', 3, '[0],[150000],[150500],', 7, NULL, NULL, NULL, NULL);
INSERT INTO `sys_area` VALUES (150526, 150500, '扎鲁特旗', '扎鲁特', '120.905273', '44.555294', 3, '[0],[150000],[150500],', 8, NULL, NULL, NULL, NULL);
INSERT INTO `sys_area` VALUES (150581, 150500, '霍林郭勒市', '霍林郭勒', '119.65786', '45.53236', 3, '[0],[150000],[150500],', 1, NULL, NULL, NULL, NULL);
INSERT INTO `sys_area` VALUES (150600, 150000, '鄂尔多斯市', '鄂尔多斯', '109.990288', '39.817181', 2, '[0],[150000],', 5, NULL, NULL, NULL, NULL);
INSERT INTO `sys_area` VALUES (150602, 150600, '东胜区', '东胜', '109.989449', '39.817879', 3, '[0],[150000],[150600],', 2, NULL, NULL, NULL, NULL);
INSERT INTO `sys_area` VALUES (150621, 150600, '达拉特旗', '达拉特', '110.040283', '40.404076', 3, '[0],[150000],[150600],', 1, NULL, NULL, NULL, NULL);
INSERT INTO `sys_area` VALUES (150622, 150600, '准格尔旗', '准格尔', '111.238335', '39.865219', 3, '[0],[150000],[150600],', 8, NULL, NULL, NULL, NULL);
INSERT INTO `sys_area` VALUES (150623, 150600, '鄂托克前旗', '鄂托克前', '107.48172', '38.183258', 3, '[0],[150000],[150600],', 4, NULL, NULL, NULL, NULL);
INSERT INTO `sys_area` VALUES (150624, 150600, '鄂托克旗', '鄂托克', '107.982605', '39.095753', 3, '[0],[150000],[150600],', 3, NULL, NULL, NULL, NULL);
INSERT INTO `sys_area` VALUES (150625, 150600, '杭锦旗', '杭锦', '108.73632', '39.831787', 3, '[0],[150000],[150600],', 5, NULL, NULL, NULL, NULL);
INSERT INTO `sys_area` VALUES (150626, 150600, '乌审旗', '乌审', '108.842453', '38.596611', 3, '[0],[150000],[150600],', 6, NULL, NULL, NULL, NULL);
INSERT INTO `sys_area` VALUES (150627, 150600, '伊金霍洛旗', '伊金霍洛', '109.787399', '39.604313', 3, '[0],[150000],[150600],', 7, NULL, NULL, NULL, NULL);
INSERT INTO `sys_area` VALUES (150700, 150000, '呼伦贝尔市', '呼伦贝尔', '119.758171', '49.215332', 2, '[0],[150000],', 7, NULL, NULL, NULL, NULL);
INSERT INTO `sys_area` VALUES (150702, 150700, '海拉尔区', '海拉尔', '119.764923', '49.21389', 3, '[0],[150000],[150700],', 7, NULL, NULL, NULL, NULL);
INSERT INTO `sys_area` VALUES (150703, 150700, '扎赉诺尔区', '扎赉诺尔', '117.792702', '49.486942', 3, '[0],[150000],[150700],', 13, NULL, NULL, NULL, NULL);
INSERT INTO `sys_area` VALUES (150721, 150700, '阿荣旗', '阿荣', '123.464615', '48.130505', 3, '[0],[150000],[150700],', 1, NULL, NULL, NULL, NULL);
INSERT INTO `sys_area` VALUES (150722, 150700, '莫力达瓦达斡尔族自治旗', '莫力达瓦', '124.507401', '48.478386', 3, '[0],[150000],[150700],', 9, NULL, NULL, NULL, NULL);
INSERT INTO `sys_area` VALUES (150723, 150700, '鄂伦春自治旗', '鄂伦春', '123.725685', '50.590176', 3, '[0],[150000],[150700],', 4, NULL, NULL, NULL, NULL);
INSERT INTO `sys_area` VALUES (150724, 150700, '鄂温克族自治旗', '鄂温克', '119.754044', '49.143291', 3, '[0],[150000],[150700],', 5, NULL, NULL, NULL, NULL);
INSERT INTO `sys_area` VALUES (150725, 150700, '陈巴尔虎旗', '陈巴尔虎', '119.437607', '49.328423', 3, '[0],[150000],[150700],', 2, NULL, NULL, NULL, NULL);
INSERT INTO `sys_area` VALUES (150726, 150700, '新巴尔虎左旗', '新巴尔虎左', '118.267456', '48.216572', 3, '[0],[150000],[150700],', 11, NULL, NULL, NULL, NULL);
INSERT INTO `sys_area` VALUES (150727, 150700, '新巴尔虎右旗', '新巴尔虎右', '116.825989', '48.669132', 3, '[0],[150000],[150700],', 10, NULL, NULL, NULL, NULL);
INSERT INTO `sys_area` VALUES (150781, 150700, '满洲里市', '满洲里', '117.455559', '49.59079', 3, '[0],[150000],[150700],', 8, NULL, NULL, NULL, NULL);
INSERT INTO `sys_area` VALUES (150782, 150700, '牙克石市', '牙克石', '120.729004', '49.287025', 3, '[0],[150000],[150700],', 12, NULL, NULL, NULL, NULL);
INSERT INTO `sys_area` VALUES (150783, 150700, '扎兰屯市', '扎兰屯', '122.7444', '48.007412', 3, '[0],[150000],[150700],', 14, NULL, NULL, NULL, NULL);
INSERT INTO `sys_area` VALUES (150784, 150700, '额尔古纳市', '额尔古纳', '120.178635', '50.2439', 3, '[0],[150000],[150700],', 3, NULL, NULL, NULL, NULL);
INSERT INTO `sys_area` VALUES (150785, 150700, '根河市', '根河', '121.532722', '50.780453', 3, '[0],[150000],[150700],', 6, NULL, NULL, NULL, NULL);
INSERT INTO `sys_area` VALUES (150800, 150000, '巴彦淖尔市', '巴彦淖尔', '107.416962', '40.757401', 2, '[0],[150000],', 3, NULL, NULL, NULL, NULL);
INSERT INTO `sys_area` VALUES (150802, 150800, '临河区', '临河', '107.417015', '40.757092', 3, '[0],[150000],[150800],', 3, NULL, NULL, NULL, NULL);
INSERT INTO `sys_area` VALUES (150821, 150800, '五原县', '五原', '108.27066', '41.097637', 3, '[0],[150000],[150800],', 7, NULL, NULL, NULL, NULL);
INSERT INTO `sys_area` VALUES (150822, 150800, '磴口县', '磴口', '107.006058', '40.330479', 3, '[0],[150000],[150800],', 1, NULL, NULL, NULL, NULL);
INSERT INTO `sys_area` VALUES (150823, 150800, '乌拉特前旗', '乌拉特前', '108.656815', '40.725208', 3, '[0],[150000],[150800],', 5, NULL, NULL, NULL, NULL);
INSERT INTO `sys_area` VALUES (150824, 150800, '乌拉特中旗', '乌拉特中', '108.515259', '41.57254', 3, '[0],[150000],[150800],', 6, NULL, NULL, NULL, NULL);
INSERT INTO `sys_area` VALUES (150825, 150800, '乌拉特后旗', '乌拉特后', '107.074944', '41.084309', 3, '[0],[150000],[150800],', 4, NULL, NULL, NULL, NULL);
INSERT INTO `sys_area` VALUES (150826, 150800, '杭锦后旗', '杭锦后', '107.147682', '40.888798', 3, '[0],[150000],[150800],', 2, NULL, NULL, NULL, NULL);
INSERT INTO `sys_area` VALUES (150900, 150000, '乌兰察布市', '乌兰察布', '113.11454', '41.034126', 2, '[0],[150000],', 10, NULL, NULL, NULL, NULL);
INSERT INTO `sys_area` VALUES (150902, 150900, '集宁区', '集宁', '113.116455', '41.034134', 3, '[0],[150000],[150900],', 6, NULL, NULL, NULL, NULL);
INSERT INTO `sys_area` VALUES (150921, 150900, '卓资县', '卓资', '112.577705', '40.89576', 3, '[0],[150000],[150900],', 11, NULL, NULL, NULL, NULL);
INSERT INTO `sys_area` VALUES (150922, 150900, '化德县', '化德', '114.010078', '41.899334', 3, '[0],[150000],[150900],', 5, NULL, NULL, NULL, NULL);
INSERT INTO `sys_area` VALUES (150923, 150900, '商都县', '商都', '113.560646', '41.560162', 3, '[0],[150000],[150900],', 8, NULL, NULL, NULL, NULL);
INSERT INTO `sys_area` VALUES (150924, 150900, '兴和县', '兴和', '113.834007', '40.872437', 3, '[0],[150000],[150900],', 10, NULL, NULL, NULL, NULL);
INSERT INTO `sys_area` VALUES (150925, 150900, '凉城县', '凉城', '112.500908', '40.531628', 3, '[0],[150000],[150900],', 7, NULL, NULL, NULL, NULL);
INSERT INTO `sys_area` VALUES (150926, 150900, '察哈尔右翼前旗', '察哈尔右翼前', '113.21196', '40.786858', 3, '[0],[150000],[150900],', 2, NULL, NULL, NULL, NULL);
INSERT INTO `sys_area` VALUES (150927, 150900, '察哈尔右翼中旗', '察哈尔右翼中', '112.63356', '41.274212', 3, '[0],[150000],[150900],', 3, NULL, NULL, NULL, NULL);
INSERT INTO `sys_area` VALUES (150928, 150900, '察哈尔右翼后旗', '察哈尔右翼后', '113.190598', '41.447212', 3, '[0],[150000],[150900],', 1, NULL, NULL, NULL, NULL);
INSERT INTO `sys_area` VALUES (150929, 150900, '四子王旗', '四子王', '111.701233', '41.528114', 3, '[0],[150000],[150900],', 9, NULL, NULL, NULL, NULL);
INSERT INTO `sys_area` VALUES (150981, 150900, '丰镇市', '丰镇', '113.16346', '40.437534', 3, '[0],[150000],[150900],', 4, NULL, NULL, NULL, NULL);
INSERT INTO `sys_area` VALUES (152200, 150000, '兴安盟', '兴安', '122.07032', '46.076267', 2, '[0],[150000],', 12, NULL, NULL, NULL, NULL);
INSERT INTO `sys_area` VALUES (152201, 152200, '乌兰浩特市', '乌兰浩特', '122.068977', '46.077236', 3, '[0],[150000],[152200],', 5, NULL, NULL, NULL, NULL);
INSERT INTO `sys_area` VALUES (152202, 152200, '阿尔山市', '阿尔山', '119.943657', '47.176998', 3, '[0],[150000],[152200],', 1, NULL, NULL, NULL, NULL);
INSERT INTO `sys_area` VALUES (152221, 152200, '科尔沁右翼前旗', '科尔沁右翼前', '121.957542', '46.076496', 3, '[0],[150000],[152200],', 2, NULL, NULL, NULL, NULL);
INSERT INTO `sys_area` VALUES (152222, 152200, '科尔沁右翼中旗', '科尔沁右翼中', '121.472816', '45.059647', 3, '[0],[150000],[152200],', 3, NULL, NULL, NULL, NULL);
INSERT INTO `sys_area` VALUES (152223, 152200, '扎赉特旗', '扎赉特', '122.909332', '46.725136', 3, '[0],[150000],[152200],', 6, NULL, NULL, NULL, NULL);
INSERT INTO `sys_area` VALUES (152224, 152200, '突泉县', '突泉', '121.564857', '45.380985', 3, '[0],[150000],[152200],', 4, NULL, NULL, NULL, NULL);
INSERT INTO `sys_area` VALUES (152500, 150000, '锡林郭勒盟', '锡林郭勒', '116.090996', '43.944019', 2, '[0],[150000],', 11, NULL, NULL, NULL, NULL);
INSERT INTO `sys_area` VALUES (152501, 152500, '二连浩特市', '二连浩特', '111.979813', '43.652897', 3, '[0],[150000],[152500],', 4, NULL, NULL, NULL, NULL);
INSERT INTO `sys_area` VALUES (152502, 152500, '锡林浩特市', '锡林浩特', '116.091904', '43.944302', 3, '[0],[150000],[152500],', 9, NULL, NULL, NULL, NULL);
INSERT INTO `sys_area` VALUES (152522, 152500, '阿巴嘎旗', '阿巴嘎', '114.970619', '44.022728', 3, '[0],[150000],[152500],', 1, NULL, NULL, NULL, NULL);
INSERT INTO `sys_area` VALUES (152523, 152500, '苏尼特左旗', '苏尼特左', '113.653412', '43.854107', 3, '[0],[150000],[152500],', 6, NULL, NULL, NULL, NULL);
INSERT INTO `sys_area` VALUES (152524, 152500, '苏尼特右旗', '苏尼特右', '112.655388', '42.746662', 3, '[0],[150000],[152500],', 5, NULL, NULL, NULL, NULL);
INSERT INTO `sys_area` VALUES (152525, 152500, '东乌珠穆沁旗', '东乌珠穆沁', '116.980019', '45.510307', 3, '[0],[150000],[152500],', 2, NULL, NULL, NULL, NULL);
INSERT INTO `sys_area` VALUES (152526, 152500, '西乌珠穆沁旗', '西乌珠穆沁', '117.61525', '44.586147', 3, '[0],[150000],[152500],', 10, NULL, NULL, NULL, NULL);
INSERT INTO `sys_area` VALUES (152527, 152500, '太仆寺旗', '太仆寺', '115.287277', '41.895199', 3, '[0],[150000],[152500],', 7, NULL, NULL, NULL, NULL);
INSERT INTO `sys_area` VALUES (152528, 152500, '镶黄旗', '镶黄', '113.843872', '42.239227', 3, '[0],[150000],[152500],', 8, NULL, NULL, NULL, NULL);
INSERT INTO `sys_area` VALUES (152529, 152500, '正镶白旗', '正镶白', '115.031425', '42.286808', 3, '[0],[150000],[152500],', 12, NULL, NULL, NULL, NULL);
INSERT INTO `sys_area` VALUES (152530, 152500, '正蓝旗', '正蓝', '116.003311', '42.245895', 3, '[0],[150000],[152500],', 11, NULL, NULL, NULL, NULL);
INSERT INTO `sys_area` VALUES (152531, 152500, '多伦县', '多伦', '116.477287', '42.197964', 3, '[0],[150000],[152500],', 3, NULL, NULL, NULL, NULL);
INSERT INTO `sys_area` VALUES (152900, 150000, '阿拉善盟', '阿拉善', '105.706421', '38.844814', 2, '[0],[150000],', 1, NULL, NULL, NULL, NULL);
INSERT INTO `sys_area` VALUES (152921, 152900, '阿拉善左旗', '阿拉善左', '105.70192', '38.84724', 3, '[0],[150000],[152900],', 2, NULL, NULL, NULL, NULL);
INSERT INTO `sys_area` VALUES (152922, 152900, '阿拉善右旗', '阿拉善右', '101.671982', '39.21159', 3, '[0],[150000],[152900],', 1, NULL, NULL, NULL, NULL);
INSERT INTO `sys_area` VALUES (152923, 152900, '额济纳旗', '额济纳', '101.069443', '41.958813', 3, '[0],[150000],[152900],', 3, NULL, NULL, NULL, NULL);
INSERT INTO `sys_area` VALUES (210000, 0, '辽宁省', '辽宁', '123.429092', '41.796768', 1, '[0],', 6, NULL, NULL, NULL, NULL);
INSERT INTO `sys_area` VALUES (210100, 210000, '沈阳市', '沈阳', '123.429092', '41.796768', 2, '[0],[210000],', 12, NULL, NULL, NULL, NULL);
INSERT INTO `sys_area` VALUES (210102, 210100, '和平区', '和平', '123.406662', '41.788074', 3, '[0],[210000],[210100],', 4, NULL, NULL, NULL, NULL);
INSERT INTO `sys_area` VALUES (210103, 210100, '沈河区', '沈河', '123.445694', '41.795589', 3, '[0],[210000],[210100],', 9, NULL, NULL, NULL, NULL);
INSERT INTO `sys_area` VALUES (210104, 210100, '大东区', '大东', '123.469955', '41.808502', 3, '[0],[210000],[210100],', 1, NULL, NULL, NULL, NULL);
INSERT INTO `sys_area` VALUES (210105, 210100, '皇姑区', '皇姑', '123.405678', '41.822334', 3, '[0],[210000],[210100],', 5, NULL, NULL, NULL, NULL);
INSERT INTO `sys_area` VALUES (210106, 210100, '铁西区', '铁西', '123.350662', '41.787807', 3, '[0],[210000],[210100],', 11, NULL, NULL, NULL, NULL);
INSERT INTO `sys_area` VALUES (210111, 210100, '苏家屯区', '苏家屯', '123.341606', '41.665905', 3, '[0],[210000],[210100],', 10, NULL, NULL, NULL, NULL);
INSERT INTO `sys_area` VALUES (210112, 210100, '东陵区', '东陵', '123.458984', '41.741947', 3, '[0],[210000],[210100],', 2, NULL, NULL, NULL, NULL);
INSERT INTO `sys_area` VALUES (210114, 210100, '于洪区', '于洪', '123.310829', '41.795834', 3, '[0],[210000],[210100],', 13, NULL, NULL, NULL, NULL);
INSERT INTO `sys_area` VALUES (210122, 210100, '辽中县', '辽中', '122.73127', '41.512726', 3, '[0],[210000],[210100],', 7, NULL, NULL, NULL, NULL);
INSERT INTO `sys_area` VALUES (210123, 210100, '康平县', '康平', '123.352699', '42.741531', 3, '[0],[210000],[210100],', 6, NULL, NULL, NULL, NULL);
INSERT INTO `sys_area` VALUES (210124, 210100, '法库县', '法库', '123.416725', '42.507046', 3, '[0],[210000],[210100],', 3, NULL, NULL, NULL, NULL);
INSERT INTO `sys_area` VALUES (210181, 210100, '新民市', '新民', '122.828865', '41.99651', 3, '[0],[210000],[210100],', 12, NULL, NULL, NULL, NULL);
INSERT INTO `sys_area` VALUES (210184, 210100, '沈北新区', '沈北', '123.521469', '42.052311', 3, '[0],[210000],[210100],', 8, NULL, NULL, NULL, NULL);
INSERT INTO `sys_area` VALUES (210200, 210000, '大连市', '大连', '121.618622', '38.914589', 2, '[0],[210000],', 4, NULL, NULL, NULL, NULL);
INSERT INTO `sys_area` VALUES (210202, 210200, '中山区', '中山', '121.643761', '38.921555', 3, '[0],[210000],[210200],', 4, NULL, NULL, NULL, NULL);
INSERT INTO `sys_area` VALUES (210203, 210200, '西岗区', '西岗', '121.616112', '38.914265', 3, '[0],[210000],[210200],', 9, NULL, NULL, NULL, NULL);
INSERT INTO `sys_area` VALUES (210204, 210200, '沙河口区', '沙河口', '121.593704', '38.912861', 3, '[0],[210000],[210200],', 7, NULL, NULL, NULL, NULL);
INSERT INTO `sys_area` VALUES (210211, 210200, '甘井子区', '甘井子', '121.582611', '38.975147', 3, '[0],[210000],[210200],', 2, NULL, NULL, NULL, NULL);
INSERT INTO `sys_area` VALUES (210212, 210200, '旅顺口区', '旅顺口', '121.267128', '38.812042', 3, '[0],[210000],[210200],', 5, NULL, NULL, NULL, NULL);
INSERT INTO `sys_area` VALUES (210213, 210200, '金州区', '金州', '121.789413', '39.052746', 3, '[0],[210000],[210200],', 3, NULL, NULL, NULL, NULL);
INSERT INTO `sys_area` VALUES (210224, 210200, '长海县', '长海', '122.587822', '39.2724', 3, '[0],[210000],[210200],', 1, NULL, NULL, NULL, NULL);
INSERT INTO `sys_area` VALUES (210281, 210200, '瓦房店市', '瓦房店', '122.002655', '39.63065', 3, '[0],[210000],[210200],', 8, NULL, NULL, NULL, NULL);
INSERT INTO `sys_area` VALUES (210282, 210200, '普兰店市', '普兰店', '121.970497', '39.401554', 3, '[0],[210000],[210200],', 6, NULL, NULL, NULL, NULL);
INSERT INTO `sys_area` VALUES (210283, 210200, '庄河市', '庄河', '122.970612', '39.698292', 3, '[0],[210000],[210200],', 10, NULL, NULL, NULL, NULL);
INSERT INTO `sys_area` VALUES (210300, 210000, '鞍山市', '鞍山', '122.995628', '41.110626', 2, '[0],[210000],', 1, NULL, NULL, NULL, NULL);
INSERT INTO `sys_area` VALUES (210302, 210300, '铁东区', '铁东', '122.994476', '41.110344', 3, '[0],[210000],[210300],', 5, NULL, NULL, NULL, NULL);
INSERT INTO `sys_area` VALUES (210303, 210300, '铁西区', '铁西', '122.971832', '41.110691', 3, '[0],[210000],[210300],', 6, NULL, NULL, NULL, NULL);
INSERT INTO `sys_area` VALUES (210304, 210300, '立山区', '立山', '123.024803', '41.150623', 3, '[0],[210000],[210300],', 2, NULL, NULL, NULL, NULL);
INSERT INTO `sys_area` VALUES (210311, 210300, '千山区', '千山', '122.957878', '41.070721', 3, '[0],[210000],[210300],', 3, NULL, NULL, NULL, NULL);
INSERT INTO `sys_area` VALUES (210321, 210300, '台安县', '台安', '122.429733', '41.38686', 3, '[0],[210000],[210300],', 4, NULL, NULL, NULL, NULL);
INSERT INTO `sys_area` VALUES (210323, 210300, '岫岩满族自治县', '岫岩', '123.28833', '40.281509', 3, '[0],[210000],[210300],', 7, NULL, NULL, NULL, NULL);
INSERT INTO `sys_area` VALUES (210381, 210300, '海城市', '海城', '122.752197', '40.852531', 3, '[0],[210000],[210300],', 1, NULL, NULL, NULL, NULL);
INSERT INTO `sys_area` VALUES (210400, 210000, '抚顺市', '抚顺', '123.921112', '41.875957', 2, '[0],[210000],', 6, NULL, NULL, NULL, NULL);
INSERT INTO `sys_area` VALUES (210402, 210400, '新抚区', '新抚', '123.902855', '41.860821', 3, '[0],[210000],[210400],', 7, NULL, NULL, NULL, NULL);
INSERT INTO `sys_area` VALUES (210403, 210400, '东洲区', '东洲', '124.047218', '41.866829', 3, '[0],[210000],[210400],', 1, NULL, NULL, NULL, NULL);
INSERT INTO `sys_area` VALUES (210404, 210400, '望花区', '望花', '123.801506', '41.851803', 3, '[0],[210000],[210400],', 5, NULL, NULL, NULL, NULL);
INSERT INTO `sys_area` VALUES (210411, 210400, '顺城区', '顺城', '123.917168', '41.88113', 3, '[0],[210000],[210400],', 4, NULL, NULL, NULL, NULL);
INSERT INTO `sys_area` VALUES (210421, 210400, '抚顺县', '抚顺', '124.097977', '41.922646', 3, '[0],[210000],[210400],', 2, NULL, NULL, NULL, NULL);
INSERT INTO `sys_area` VALUES (210422, 210400, '新宾满族自治县', '新宾', '125.037544', '41.732456', 3, '[0],[210000],[210400],', 6, NULL, NULL, NULL, NULL);
INSERT INTO `sys_area` VALUES (210423, 210400, '清原满族自治县', '清原', '124.927193', '42.101349', 3, '[0],[210000],[210400],', 3, NULL, NULL, NULL, NULL);
INSERT INTO `sys_area` VALUES (210500, 210000, '本溪市', '本溪', '123.770515', '41.297909', 2, '[0],[210000],', 2, NULL, NULL, NULL, NULL);
INSERT INTO `sys_area` VALUES (210502, 210500, '平山区', '平山', '123.76123', '41.29158', 3, '[0],[210000],[210500],', 5, NULL, NULL, NULL, NULL);
INSERT INTO `sys_area` VALUES (210503, 210500, '溪湖区', '溪湖', '123.765228', '41.330055', 3, '[0],[210000],[210500],', 6, NULL, NULL, NULL, NULL);
INSERT INTO `sys_area` VALUES (210504, 210500, '明山区', '明山', '123.76329', '41.302429', 3, '[0],[210000],[210500],', 3, NULL, NULL, NULL, NULL);
INSERT INTO `sys_area` VALUES (210505, 210500, '南芬区', '南芬', '123.748383', '41.104092', 3, '[0],[210000],[210500],', 4, NULL, NULL, NULL, NULL);
INSERT INTO `sys_area` VALUES (210521, 210500, '本溪满族自治县', '本溪', '124.12616', '41.300343', 3, '[0],[210000],[210500],', 1, NULL, NULL, NULL, NULL);
INSERT INTO `sys_area` VALUES (210522, 210500, '桓仁满族自治县', '桓仁', '125.359192', '41.268997', 3, '[0],[210000],[210500],', 2, NULL, NULL, NULL, NULL);
INSERT INTO `sys_area` VALUES (210600, 210000, '丹东市', '丹东', '124.383041', '40.124294', 2, '[0],[210000],', 5, NULL, NULL, NULL, NULL);
INSERT INTO `sys_area` VALUES (210602, 210600, '元宝区', '元宝', '124.397812', '40.136482', 3, '[0],[210000],[210600],', 4, NULL, NULL, NULL, NULL);
INSERT INTO `sys_area` VALUES (210603, 210600, '振兴区', '振兴', '124.361153', '40.102802', 3, '[0],[210000],[210600],', 6, NULL, NULL, NULL, NULL);
INSERT INTO `sys_area` VALUES (210604, 210600, '振安区', '振安', '124.427711', '40.158558', 3, '[0],[210000],[210600],', 5, NULL, NULL, NULL, NULL);
INSERT INTO `sys_area` VALUES (210624, 210600, '宽甸满族自治县', '宽甸', '124.784866', '40.730412', 3, '[0],[210000],[210600],', 3, NULL, NULL, NULL, NULL);
INSERT INTO `sys_area` VALUES (210681, 210600, '东港市', '东港', '124.149437', '39.883469', 3, '[0],[210000],[210600],', 1, NULL, NULL, NULL, NULL);
INSERT INTO `sys_area` VALUES (210682, 210600, '凤城市', '凤城', '124.071068', '40.457565', 3, '[0],[210000],[210600],', 2, NULL, NULL, NULL, NULL);
INSERT INTO `sys_area` VALUES (210700, 210000, '锦州市', '锦州', '121.135742', '41.11927', 2, '[0],[210000],', 9, NULL, NULL, NULL, NULL);
INSERT INTO `sys_area` VALUES (210702, 210700, '古塔区', '古塔', '121.130089', '41.115719', 3, '[0],[210000],[210700],', 2, NULL, NULL, NULL, NULL);
INSERT INTO `sys_area` VALUES (210703, 210700, '凌河区', '凌河', '121.151306', '41.114662', 3, '[0],[210000],[210700],', 5, NULL, NULL, NULL, NULL);
INSERT INTO `sys_area` VALUES (210711, 210700, '太和区', '太和', '121.1073', '41.105377', 3, '[0],[210000],[210700],', 6, NULL, NULL, NULL, NULL);
INSERT INTO `sys_area` VALUES (210726, 210700, '黑山县', '黑山', '122.117912', '41.691803', 3, '[0],[210000],[210700],', 3, NULL, NULL, NULL, NULL);
INSERT INTO `sys_area` VALUES (210727, 210700, '义县', '义县', '121.242828', '41.537224', 3, '[0],[210000],[210700],', 7, NULL, NULL, NULL, NULL);
INSERT INTO `sys_area` VALUES (210781, 210700, '凌海市', '凌海', '121.364235', '41.171738', 3, '[0],[210000],[210700],', 4, NULL, NULL, NULL, NULL);
INSERT INTO `sys_area` VALUES (210782, 210700, '北镇市', '北镇', '121.795959', '41.598763', 3, '[0],[210000],[210700],', 1, NULL, NULL, NULL, NULL);
INSERT INTO `sys_area` VALUES (210800, 210000, '营口市', '营口', '122.235153', '40.667431', 2, '[0],[210000],', 14, NULL, NULL, NULL, NULL);
INSERT INTO `sys_area` VALUES (210802, 210800, '站前区', '站前', '122.253235', '40.669949', 3, '[0],[210000],[210800],', 6, NULL, NULL, NULL, NULL);
INSERT INTO `sys_area` VALUES (210803, 210800, '西市区', '西市', '122.210068', '40.663086', 3, '[0],[210000],[210800],', 5, NULL, NULL, NULL, NULL);
INSERT INTO `sys_area` VALUES (210804, 210800, '鲅鱼圈区', '鲅鱼圈', '122.127243', '40.263645', 3, '[0],[210000],[210800],', 1, NULL, NULL, NULL, NULL);
INSERT INTO `sys_area` VALUES (210811, 210800, '老边区', '老边', '122.382584', '40.682724', 3, '[0],[210000],[210800],', 4, NULL, NULL, NULL, NULL);
INSERT INTO `sys_area` VALUES (210881, 210800, '盖州市', '盖州', '122.355537', '40.405235', 3, '[0],[210000],[210800],', 3, NULL, NULL, NULL, NULL);
INSERT INTO `sys_area` VALUES (210882, 210800, '大石桥市', '大石桥', '122.505898', '40.633972', 3, '[0],[210000],[210800],', 2, NULL, NULL, NULL, NULL);
INSERT INTO `sys_area` VALUES (210900, 210000, '阜新市', '阜新', '121.648964', '42.011795', 2, '[0],[210000],', 7, NULL, NULL, NULL, NULL);
INSERT INTO `sys_area` VALUES (210902, 210900, '海州区', '海州', '121.657639', '42.011162', 3, '[0],[210000],[210900],', 2, NULL, NULL, NULL, NULL);
INSERT INTO `sys_area` VALUES (210903, 210900, '新邱区', '新邱', '121.790543', '42.086601', 3, '[0],[210000],[210900],', 6, NULL, NULL, NULL, NULL);
INSERT INTO `sys_area` VALUES (210904, 210900, '太平区', '太平', '121.677574', '42.011147', 3, '[0],[210000],[210900],', 4, NULL, NULL, NULL, NULL);
INSERT INTO `sys_area` VALUES (210905, 210900, '清河门区', '清河门', '121.420181', '41.780476', 3, '[0],[210000],[210900],', 3, NULL, NULL, NULL, NULL);
INSERT INTO `sys_area` VALUES (210911, 210900, '细河区', '细河', '121.654793', '42.019218', 3, '[0],[210000],[210900],', 5, NULL, NULL, NULL, NULL);
INSERT INTO `sys_area` VALUES (210921, 210900, '阜新蒙古族自治县', '阜新', '121.743126', '42.058605', 3, '[0],[210000],[210900],', 1, NULL, NULL, NULL, NULL);
INSERT INTO `sys_area` VALUES (210922, 210900, '彰武县', '彰武', '122.537445', '42.384823', 3, '[0],[210000],[210900],', 7, NULL, NULL, NULL, NULL);
INSERT INTO `sys_area` VALUES (211000, 210000, '辽阳市', '辽阳', '123.181519', '41.269402', 2, '[0],[210000],', 10, NULL, NULL, NULL, NULL);
INSERT INTO `sys_area` VALUES (211002, 211000, '白塔区', '白塔', '123.172607', '41.267448', 3, '[0],[210000],[211000],', 1, NULL, NULL, NULL, NULL);
INSERT INTO `sys_area` VALUES (211003, 211000, '文圣区', '文圣', '123.188225', '41.266766', 3, '[0],[210000],[211000],', 7, NULL, NULL, NULL, NULL);
INSERT INTO `sys_area` VALUES (211004, 211000, '宏伟区', '宏伟', '123.200462', '41.205746', 3, '[0],[210000],[211000],', 4, NULL, NULL, NULL, NULL);
INSERT INTO `sys_area` VALUES (211005, 211000, '弓长岭区', '弓长岭', '123.431633', '41.157829', 3, '[0],[210000],[211000],', 3, NULL, NULL, NULL, NULL);
INSERT INTO `sys_area` VALUES (211011, 211000, '太子河区', '太子河', '123.185333', '41.251682', 3, '[0],[210000],[211000],', 6, NULL, NULL, NULL, NULL);
INSERT INTO `sys_area` VALUES (211021, 211000, '辽阳县', '辽阳', '123.079674', '41.21648', 3, '[0],[210000],[211000],', 5, NULL, NULL, NULL, NULL);
INSERT INTO `sys_area` VALUES (211081, 211000, '灯塔市', '灯塔', '123.325867', '41.427837', 3, '[0],[210000],[211000],', 2, NULL, NULL, NULL, NULL);
INSERT INTO `sys_area` VALUES (211100, 210000, '盘锦市', '盘锦', '122.069572', '41.124485', 2, '[0],[210000],', 11, NULL, NULL, NULL, NULL);
INSERT INTO `sys_area` VALUES (211102, 211100, '双台子区', '双台子', '122.055733', '41.190365', 3, '[0],[210000],[211100],', 3, NULL, NULL, NULL, NULL);
INSERT INTO `sys_area` VALUES (211103, 211100, '兴隆台区', '兴隆台', '122.071625', '41.122421', 3, '[0],[210000],[211100],', 4, NULL, NULL, NULL, NULL);
INSERT INTO `sys_area` VALUES (211121, 211100, '大洼县', '大洼', '122.071709', '40.994427', 3, '[0],[210000],[211100],', 1, NULL, NULL, NULL, NULL);
INSERT INTO `sys_area` VALUES (211122, 211100, '盘山县', '盘山', '121.985283', '41.2407', 3, '[0],[210000],[211100],', 2, NULL, NULL, NULL, NULL);
INSERT INTO `sys_area` VALUES (211200, 210000, '铁岭市', '铁岭', '123.844276', '42.290585', 2, '[0],[210000],', 13, NULL, NULL, NULL, NULL);
INSERT INTO `sys_area` VALUES (211202, 211200, '银州区', '银州', '123.844879', '42.292278', 3, '[0],[210000],[211200],', 7, NULL, NULL, NULL, NULL);
INSERT INTO `sys_area` VALUES (211204, 211200, '清河区', '清河', '124.148956', '42.542976', 3, '[0],[210000],[211200],', 4, NULL, NULL, NULL, NULL);
INSERT INTO `sys_area` VALUES (211221, 211200, '铁岭县', '铁岭', '123.72567', '42.223316', 3, '[0],[210000],[211200],', 5, NULL, NULL, NULL, NULL);
INSERT INTO `sys_area` VALUES (211223, 211200, '西丰县', '西丰', '124.72332', '42.738091', 3, '[0],[210000],[211200],', 6, NULL, NULL, NULL, NULL);
INSERT INTO `sys_area` VALUES (211224, 211200, '昌图县', '昌图', '124.110168', '42.784443', 3, '[0],[210000],[211200],', 1, NULL, NULL, NULL, NULL);
INSERT INTO `sys_area` VALUES (211281, 211200, '调兵山市', '调兵山', '123.545364', '42.450733', 3, '[0],[210000],[211200],', 2, NULL, NULL, NULL, NULL);
INSERT INTO `sys_area` VALUES (211282, 211200, '开原市', '开原', '124.045547', '42.542141', 3, '[0],[210000],[211200],', 3, NULL, NULL, NULL, NULL);
INSERT INTO `sys_area` VALUES (211300, 210000, '朝阳市', '朝阳', '120.45118', '41.576759', 2, '[0],[210000],', 3, NULL, NULL, NULL, NULL);
INSERT INTO `sys_area` VALUES (211302, 211300, '双塔区', '双塔', '120.448769', '41.579388', 3, '[0],[210000],[211300],', 7, NULL, NULL, NULL, NULL);
INSERT INTO `sys_area` VALUES (211303, 211300, '龙城区', '龙城', '120.413376', '41.576748', 3, '[0],[210000],[211300],', 6, NULL, NULL, NULL, NULL);
INSERT INTO `sys_area` VALUES (211321, 211300, '朝阳县', '朝阳', '120.404221', '41.52634', 3, '[0],[210000],[211300],', 2, NULL, NULL, NULL, NULL);
INSERT INTO `sys_area` VALUES (211322, 211300, '建平县', '建平', '119.642365', '41.402576', 3, '[0],[210000],[211300],', 3, NULL, NULL, NULL, NULL);
INSERT INTO `sys_area` VALUES (211324, 211300, '喀喇沁左翼蒙古族自治县', '喀左', '119.744881', '41.125427', 3, '[0],[210000],[211300],', 4, NULL, NULL, NULL, NULL);
INSERT INTO `sys_area` VALUES (211381, 211300, '北票市', '北票', '120.766953', '41.803288', 3, '[0],[210000],[211300],', 1, NULL, NULL, NULL, NULL);
INSERT INTO `sys_area` VALUES (211382, 211300, '凌源市', '凌源', '119.404793', '41.243088', 3, '[0],[210000],[211300],', 5, NULL, NULL, NULL, NULL);
INSERT INTO `sys_area` VALUES (211400, 210000, '葫芦岛市', '葫芦岛', '120.856392', '40.755573', 2, '[0],[210000],', 8, NULL, NULL, NULL, NULL);
INSERT INTO `sys_area` VALUES (211402, 211400, '连山区', '连山', '120.859367', '40.755142', 3, '[0],[210000],[211400],', 2, NULL, NULL, NULL, NULL);
INSERT INTO `sys_area` VALUES (211403, 211400, '龙港区', '龙港', '120.83857', '40.709991', 3, '[0],[210000],[211400],', 3, NULL, NULL, NULL, NULL);
INSERT INTO `sys_area` VALUES (211404, 211400, '南票区', '南票', '120.752312', '41.098812', 3, '[0],[210000],[211400],', 4, NULL, NULL, NULL, NULL);
INSERT INTO `sys_area` VALUES (211421, 211400, '绥中县', '绥中', '120.34211', '40.328407', 3, '[0],[210000],[211400],', 5, NULL, NULL, NULL, NULL);
INSERT INTO `sys_area` VALUES (211422, 211400, '建昌县', '建昌', '119.807777', '40.81287', 3, '[0],[210000],[211400],', 1, NULL, NULL, NULL, NULL);
INSERT INTO `sys_area` VALUES (211481, 211400, '兴城市', '兴城', '120.729362', '40.619411', 3, '[0],[210000],[211400],', 6, NULL, NULL, NULL, NULL);
INSERT INTO `sys_area` VALUES (220000, 0, '吉林省', '吉林', '125.324501', '43.886841', 1, '[0],', 7, NULL, NULL, NULL, NULL);
INSERT INTO `sys_area` VALUES (220100, 220000, '长春市', '长春', '125.324501', '43.886841', 2, '[0],[220000],', 3, NULL, NULL, NULL, NULL);
INSERT INTO `sys_area` VALUES (220102, 220100, '南关区', '南关', '125.337234', '43.890236', 3, '[0],[220000],[220100],', 7, NULL, NULL, NULL, NULL);
INSERT INTO `sys_area` VALUES (220103, 220100, '宽城区', '宽城', '125.342827', '43.903824', 3, '[0],[220000],[220100],', 5, NULL, NULL, NULL, NULL);
INSERT INTO `sys_area` VALUES (220104, 220100, '朝阳区', '朝阳', '125.318039', '43.86491', 3, '[0],[220000],[220100],', 1, NULL, NULL, NULL, NULL);
INSERT INTO `sys_area` VALUES (220105, 220100, '二道区', '二道', '125.384727', '43.870823', 3, '[0],[220000],[220100],', 3, NULL, NULL, NULL, NULL);
INSERT INTO `sys_area` VALUES (220106, 220100, '绿园区', '绿园', '125.272469', '43.892178', 3, '[0],[220000],[220100],', 6, NULL, NULL, NULL, NULL);
INSERT INTO `sys_area` VALUES (220112, 220100, '双阳区', '双阳', '125.659019', '43.525169', 3, '[0],[220000],[220100],', 9, NULL, NULL, NULL, NULL);
INSERT INTO `sys_area` VALUES (220122, 220100, '农安县', '农安', '125.175285', '44.431259', 3, '[0],[220000],[220100],', 8, NULL, NULL, NULL, NULL);
INSERT INTO `sys_area` VALUES (220181, 220100, '九台市', '九台', '125.844681', '44.157154', 3, '[0],[220000],[220100],', 4, NULL, NULL, NULL, NULL);
INSERT INTO `sys_area` VALUES (220182, 220100, '榆树市', '榆树', '126.55011', '44.827641', 3, '[0],[220000],[220100],', 10, NULL, NULL, NULL, NULL);
INSERT INTO `sys_area` VALUES (220183, 220100, '德惠市', '德惠', '125.703323', '44.533909', 3, '[0],[220000],[220100],', 2, NULL, NULL, NULL, NULL);
INSERT INTO `sys_area` VALUES (220200, 220000, '吉林市', '吉林', '126.553017', '43.843578', 2, '[0],[220000],', 4, NULL, NULL, NULL, NULL);
INSERT INTO `sys_area` VALUES (220202, 220200, '昌邑区', '昌邑', '126.570763', '43.851116', 3, '[0],[220000],[220200],', 1, NULL, NULL, NULL, NULL);
INSERT INTO `sys_area` VALUES (220203, 220200, '龙潭区', '龙潭', '126.561432', '43.909756', 3, '[0],[220000],[220200],', 6, NULL, NULL, NULL, NULL);
INSERT INTO `sys_area` VALUES (220204, 220200, '船营区', '船营', '126.552391', '43.843803', 3, '[0],[220000],[220200],', 2, NULL, NULL, NULL, NULL);
INSERT INTO `sys_area` VALUES (220211, 220200, '丰满区', '丰满', '126.56076', '43.816593', 3, '[0],[220000],[220200],', 3, NULL, NULL, NULL, NULL);
INSERT INTO `sys_area` VALUES (220221, 220200, '永吉县', '永吉', '126.501625', '43.667416', 3, '[0],[220000],[220200],', 9, NULL, NULL, NULL, NULL);
INSERT INTO `sys_area` VALUES (220281, 220200, '蛟河市', '蛟河', '127.342735', '43.720577', 3, '[0],[220000],[220200],', 5, NULL, NULL, NULL, NULL);
INSERT INTO `sys_area` VALUES (220282, 220200, '桦甸市', '桦甸', '126.745445', '42.972092', 3, '[0],[220000],[220200],', 4, NULL, NULL, NULL, NULL);
INSERT INTO `sys_area` VALUES (220283, 220200, '舒兰市', '舒兰', '126.947815', '44.410908', 3, '[0],[220000],[220200],', 8, NULL, NULL, NULL, NULL);
INSERT INTO `sys_area` VALUES (220284, 220200, '磐石市', '磐石', '126.059929', '42.942474', 3, '[0],[220000],[220200],', 7, NULL, NULL, NULL, NULL);
INSERT INTO `sys_area` VALUES (220300, 220000, '四平市', '四平', '124.370789', '43.170345', 2, '[0],[220000],', 6, NULL, NULL, NULL, NULL);
INSERT INTO `sys_area` VALUES (220302, 220300, '铁西区', '铁西', '124.360893', '43.176262', 3, '[0],[220000],[220300],', 5, NULL, NULL, NULL, NULL);
INSERT INTO `sys_area` VALUES (220303, 220300, '铁东区', '铁东', '124.388466', '43.167259', 3, '[0],[220000],[220300],', 4, NULL, NULL, NULL, NULL);
INSERT INTO `sys_area` VALUES (220322, 220300, '梨树县', '梨树', '124.3358', '43.308311', 3, '[0],[220000],[220300],', 2, NULL, NULL, NULL, NULL);
INSERT INTO `sys_area` VALUES (220323, 220300, '伊通满族自治县', '伊通', '125.303123', '43.345463', 3, '[0],[220000],[220300],', 6, NULL, NULL, NULL, NULL);
INSERT INTO `sys_area` VALUES (220381, 220300, '公主岭市', '公主岭', '124.817589', '43.509476', 3, '[0],[220000],[220300],', 1, NULL, NULL, NULL, NULL);
INSERT INTO `sys_area` VALUES (220382, 220300, '双辽市', '双辽', '123.50528', '43.518276', 3, '[0],[220000],[220300],', 3, NULL, NULL, NULL, NULL);
INSERT INTO `sys_area` VALUES (220400, 220000, '辽源市', '辽源', '125.145348', '42.902691', 2, '[0],[220000],', 5, NULL, NULL, NULL, NULL);
INSERT INTO `sys_area` VALUES (220402, 220400, '龙山区', '龙山', '125.145164', '42.902702', 3, '[0],[220000],[220400],', 3, NULL, NULL, NULL, NULL);
INSERT INTO `sys_area` VALUES (220403, 220400, '西安区', '西安', '125.151421', '42.920414', 3, '[0],[220000],[220400],', 4, NULL, NULL, NULL, NULL);
INSERT INTO `sys_area` VALUES (220421, 220400, '东丰县', '东丰', '125.529625', '42.675228', 3, '[0],[220000],[220400],', 1, NULL, NULL, NULL, NULL);
INSERT INTO `sys_area` VALUES (220422, 220400, '东辽县', '东辽', '124.991997', '42.927723', 3, '[0],[220000],[220400],', 2, NULL, NULL, NULL, NULL);
INSERT INTO `sys_area` VALUES (220500, 220000, '通化市', '通化', '125.936501', '41.721176', 2, '[0],[220000],', 8, NULL, NULL, NULL, NULL);
INSERT INTO `sys_area` VALUES (220502, 220500, '东昌区', '东昌', '125.936714', '41.721233', 3, '[0],[220000],[220500],', 1, NULL, NULL, NULL, NULL);
INSERT INTO `sys_area` VALUES (220503, 220500, '二道江区', '二道江', '126.04599', '41.777565', 3, '[0],[220000],[220500],', 2, NULL, NULL, NULL, NULL);
INSERT INTO `sys_area` VALUES (220521, 220500, '通化县', '通化', '125.75312', '41.677917', 3, '[0],[220000],[220500],', 7, NULL, NULL, NULL, NULL);
INSERT INTO `sys_area` VALUES (220523, 220500, '辉南县', '辉南', '126.042824', '42.68346', 3, '[0],[220000],[220500],', 3, NULL, NULL, NULL, NULL);
INSERT INTO `sys_area` VALUES (220524, 220500, '柳河县', '柳河', '125.74054', '42.281483', 3, '[0],[220000],[220500],', 5, NULL, NULL, NULL, NULL);
INSERT INTO `sys_area` VALUES (220581, 220500, '梅河口市', '梅河口', '125.68734', '42.530003', 3, '[0],[220000],[220500],', 6, NULL, NULL, NULL, NULL);
INSERT INTO `sys_area` VALUES (220582, 220500, '集安市', '集安', '126.186203', '41.126274', 3, '[0],[220000],[220500],', 4, NULL, NULL, NULL, NULL);
INSERT INTO `sys_area` VALUES (220600, 220000, '白山市', '白山', '126.427841', '41.942505', 2, '[0],[220000],', 2, NULL, NULL, NULL, NULL);
INSERT INTO `sys_area` VALUES (220602, 220600, '浑江区', '浑江', '126.428032', '41.943066', 3, '[0],[220000],[220600],', 3, NULL, NULL, NULL, NULL);
INSERT INTO `sys_area` VALUES (220621, 220600, '抚松县', '抚松', '127.273796', '42.332642', 3, '[0],[220000],[220600],', 2, NULL, NULL, NULL, NULL);
INSERT INTO `sys_area` VALUES (220622, 220600, '靖宇县', '靖宇', '126.808388', '42.38969', 3, '[0],[220000],[220600],', 5, NULL, NULL, NULL, NULL);
INSERT INTO `sys_area` VALUES (220623, 220600, '长白朝鲜族自治县', '长白', '128.203384', '41.419361', 3, '[0],[220000],[220600],', 1, NULL, NULL, NULL, NULL);
INSERT INTO `sys_area` VALUES (220625, 220600, '江源区', '江源', '126.584229', '42.048107', 3, '[0],[220000],[220600],', 4, NULL, NULL, NULL, NULL);
INSERT INTO `sys_area` VALUES (220681, 220600, '临江市', '临江', '126.919296', '41.810688', 3, '[0],[220000],[220600],', 6, NULL, NULL, NULL, NULL);
INSERT INTO `sys_area` VALUES (220700, 220000, '松原市', '松原', '124.823608', '45.118244', 2, '[0],[220000],', 7, NULL, NULL, NULL, NULL);
INSERT INTO `sys_area` VALUES (220702, 220700, '宁江区', '宁江', '124.82785', '45.176498', 3, '[0],[220000],[220700],', 3, NULL, NULL, NULL, NULL);
INSERT INTO `sys_area` VALUES (220721, 220700, '前郭尔罗斯蒙古族自治县', '前郭', '124.826805', '45.116287', 3, '[0],[220000],[220700],', 5, NULL, NULL, NULL, NULL);
INSERT INTO `sys_area` VALUES (220722, 220700, '长岭县', '长岭', '123.985184', '44.276581', 3, '[0],[220000],[220700],', 1, NULL, NULL, NULL, NULL);
INSERT INTO `sys_area` VALUES (220723, 220700, '乾安县', '乾安', '124.024361', '45.006847', 3, '[0],[220000],[220700],', 4, NULL, NULL, NULL, NULL);
INSERT INTO `sys_area` VALUES (220724, 220700, '扶余市', '扶余', '126.042755', '44.986198', 3, '[0],[220000],[220700],', 2, NULL, NULL, NULL, NULL);
INSERT INTO `sys_area` VALUES (220800, 220000, '白城市', '白城', '122.84111', '45.619026', 2, '[0],[220000],', 1, NULL, NULL, NULL, NULL);
INSERT INTO `sys_area` VALUES (220802, 220800, '洮北区', '洮北', '122.842499', '45.619251', 3, '[0],[220000],[220800],', 2, NULL, NULL, NULL, NULL);
INSERT INTO `sys_area` VALUES (220821, 220800, '镇赉县', '镇赉', '123.202248', '45.846088', 3, '[0],[220000],[220800],', 5, NULL, NULL, NULL, NULL);
INSERT INTO `sys_area` VALUES (220822, 220800, '通榆县', '通榆', '123.088547', '44.809151', 3, '[0],[220000],[220800],', 4, NULL, NULL, NULL, NULL);
INSERT INTO `sys_area` VALUES (220881, 220800, '洮南市', '洮南', '122.783775', '45.339111', 3, '[0],[220000],[220800],', 3, NULL, NULL, NULL, NULL);
INSERT INTO `sys_area` VALUES (220882, 220800, '大安市', '大安', '124.291512', '45.507648', 3, '[0],[220000],[220800],', 1, NULL, NULL, NULL, NULL);
INSERT INTO `sys_area` VALUES (222400, 220000, '延边朝鲜族自治州', '延边朝鲜族', '129.513229', '42.904823', 2, '[0],[220000],', 9, NULL, NULL, NULL, NULL);
INSERT INTO `sys_area` VALUES (222401, 222400, '延吉市', '延吉', '129.515793', '42.906963', 3, '[0],[220000],[222400],', 8, NULL, NULL, NULL, NULL);
INSERT INTO `sys_area` VALUES (222402, 222400, '图们市', '图们', '129.846695', '42.966621', 3, '[0],[220000],[222400],', 6, NULL, NULL, NULL, NULL);
INSERT INTO `sys_area` VALUES (222403, 222400, '敦化市', '敦化', '128.229858', '43.36692', 3, '[0],[220000],[222400],', 2, NULL, NULL, NULL, NULL);
INSERT INTO `sys_area` VALUES (222404, 222400, '珲春市', '珲春', '130.365784', '42.871056', 3, '[0],[220000],[222400],', 4, NULL, NULL, NULL, NULL);
INSERT INTO `sys_area` VALUES (222405, 222400, '龙井市', '龙井', '129.425751', '42.77103', 3, '[0],[220000],[222400],', 5, NULL, NULL, NULL, NULL);
INSERT INTO `sys_area` VALUES (222406, 222400, '和龙市', '和龙', '129.008743', '42.547005', 3, '[0],[220000],[222400],', 3, NULL, NULL, NULL, NULL);
INSERT INTO `sys_area` VALUES (222424, 222400, '汪清县', '汪清', '129.766159', '43.315426', 3, '[0],[220000],[222400],', 7, NULL, NULL, NULL, NULL);
INSERT INTO `sys_area` VALUES (222426, 222400, '安图县', '安图', '128.901871', '43.110992', 3, '[0],[220000],[222400],', 1, NULL, NULL, NULL, NULL);
INSERT INTO `sys_area` VALUES (230000, 0, '黑龙江省', '黑龙江', '126.642464', '45.756966', 1, '[0],', 8, NULL, NULL, NULL, NULL);
INSERT INTO `sys_area` VALUES (230100, 230000, '哈尔滨市', '哈尔滨', '126.642464', '45.756966', 2, '[0],[230000],', 3, NULL, NULL, NULL, NULL);
INSERT INTO `sys_area` VALUES (230102, 230100, '道里区', '道里', '126.612534', '45.762035', 3, '[0],[230000],[230100],', 4, NULL, NULL, NULL, NULL);
INSERT INTO `sys_area` VALUES (230103, 230100, '南岗区', '南岗', '126.6521', '45.75597', 3, '[0],[230000],[230100],', 10, NULL, NULL, NULL, NULL);
INSERT INTO `sys_area` VALUES (230104, 230100, '道外区', '道外', '126.648834', '45.784538', 3, '[0],[230000],[230100],', 5, NULL, NULL, NULL, NULL);
INSERT INTO `sys_area` VALUES (230106, 230100, '香坊区', '香坊', '126.667046', '45.713066', 3, '[0],[230000],[230100],', 6, NULL, NULL, NULL, NULL);
INSERT INTO `sys_area` VALUES (230108, 230100, '平房区', '平房', '126.629257', '45.605568', 3, '[0],[230000],[230100],', 11, NULL, NULL, NULL, NULL);
INSERT INTO `sys_area` VALUES (230109, 230100, '松北区', '松北', '126.563065', '45.814655', 3, '[0],[230000],[230100],', 14, NULL, NULL, NULL, NULL);
INSERT INTO `sys_area` VALUES (230111, 230100, '呼兰区', '呼兰', '126.603302', '45.98423', 3, '[0],[230000],[230100],', 8, NULL, NULL, NULL, NULL);
INSERT INTO `sys_area` VALUES (230123, 230100, '依兰县', '依兰', '129.565598', '46.315105', 3, '[0],[230000],[230100],', 18, NULL, NULL, NULL, NULL);
INSERT INTO `sys_area` VALUES (230124, 230100, '方正县', '方正', '128.836136', '45.839535', 3, '[0],[230000],[230100],', 7, NULL, NULL, NULL, NULL);
INSERT INTO `sys_area` VALUES (230125, 230100, '宾县', '宾县', '127.485939', '45.759369', 3, '[0],[230000],[230100],', 3, NULL, NULL, NULL, NULL);
INSERT INTO `sys_area` VALUES (230126, 230100, '巴彦县', '巴彦', '127.403603', '46.08189', 3, '[0],[230000],[230100],', 2, NULL, NULL, NULL, NULL);
INSERT INTO `sys_area` VALUES (230127, 230100, '木兰县', '木兰', '128.042679', '45.949825', 3, '[0],[230000],[230100],', 9, NULL, NULL, NULL, NULL);
INSERT INTO `sys_area` VALUES (230128, 230100, '通河县', '通河', '128.747787', '45.977619', 3, '[0],[230000],[230100],', 15, NULL, NULL, NULL, NULL);
INSERT INTO `sys_area` VALUES (230129, 230100, '延寿县', '延寿', '128.331879', '45.455647', 3, '[0],[230000],[230100],', 17, NULL, NULL, NULL, NULL);
INSERT INTO `sys_area` VALUES (230181, 230100, '阿城区', '阿城', '126.972725', '45.538372', 3, '[0],[230000],[230100],', 1, NULL, NULL, NULL, NULL);
INSERT INTO `sys_area` VALUES (230182, 230100, '双城市', '双城', '126.308784', '45.377941', 3, '[0],[230000],[230100],', 13, NULL, NULL, NULL, NULL);
INSERT INTO `sys_area` VALUES (230183, 230100, '尚志市', '尚志', '127.968536', '45.214954', 3, '[0],[230000],[230100],', 12, NULL, NULL, NULL, NULL);
INSERT INTO `sys_area` VALUES (230184, 230100, '五常市', '五常', '127.157593', '44.919418', 3, '[0],[230000],[230100],', 16, NULL, NULL, NULL, NULL);
INSERT INTO `sys_area` VALUES (230200, 230000, '齐齐哈尔市', '齐齐哈尔', '123.957916', '47.342079', 2, '[0],[230000],', 9, NULL, NULL, NULL, NULL);
INSERT INTO `sys_area` VALUES (230202, 230200, '龙沙区', '龙沙', '123.957336', '47.341736', 3, '[0],[230000],[230200],', 10, NULL, NULL, NULL, NULL);
INSERT INTO `sys_area` VALUES (230203, 230200, '建华区', '建华', '123.955887', '47.354492', 3, '[0],[230000],[230200],', 6, NULL, NULL, NULL, NULL);
INSERT INTO `sys_area` VALUES (230204, 230200, '铁锋区', '铁锋', '123.973557', '47.3395', 3, '[0],[230000],[230200],', 15, NULL, NULL, NULL, NULL);
INSERT INTO `sys_area` VALUES (230205, 230200, '昂昂溪区', '昂昂溪', '123.813179', '47.156868', 3, '[0],[230000],[230200],', 1, NULL, NULL, NULL, NULL);
INSERT INTO `sys_area` VALUES (230206, 230200, '富拉尔基区', '富拉尔基', '123.63887', '47.20697', 3, '[0],[230000],[230200],', 3, NULL, NULL, NULL, NULL);
INSERT INTO `sys_area` VALUES (230207, 230200, '碾子山区', '碾子山', '122.88797', '47.514011', 3, '[0],[230000],[230200],', 13, NULL, NULL, NULL, NULL);
INSERT INTO `sys_area` VALUES (230208, 230200, '梅里斯达斡尔族区', '梅里斯达斡尔族', '123.754601', '47.311111', 3, '[0],[230000],[230200],', 11, NULL, NULL, NULL, NULL);
INSERT INTO `sys_area` VALUES (230221, 230200, '龙江县', '龙江', '123.187225', '47.336388', 3, '[0],[230000],[230200],', 9, NULL, NULL, NULL, NULL);
INSERT INTO `sys_area` VALUES (230223, 230200, '依安县', '依安', '125.307564', '47.890099', 3, '[0],[230000],[230200],', 16, NULL, NULL, NULL, NULL);
INSERT INTO `sys_area` VALUES (230224, 230200, '泰来县', '泰来', '123.419533', '46.39233', 3, '[0],[230000],[230200],', 14, NULL, NULL, NULL, NULL);
INSERT INTO `sys_area` VALUES (230225, 230200, '甘南县', '甘南', '123.506035', '47.917839', 3, '[0],[230000],[230200],', 5, NULL, NULL, NULL, NULL);
INSERT INTO `sys_area` VALUES (230227, 230200, '富裕县', '富裕', '124.469109', '47.797173', 3, '[0],[230000],[230200],', 4, NULL, NULL, NULL, NULL);
INSERT INTO `sys_area` VALUES (230229, 230200, '克山县', '克山', '125.874352', '48.034344', 3, '[0],[230000],[230200],', 8, NULL, NULL, NULL, NULL);
INSERT INTO `sys_area` VALUES (230230, 230200, '克东县', '克东', '126.249092', '48.037319', 3, '[0],[230000],[230200],', 7, NULL, NULL, NULL, NULL);
INSERT INTO `sys_area` VALUES (230231, 230200, '拜泉县', '拜泉', '126.091911', '47.607365', 3, '[0],[230000],[230200],', 2, NULL, NULL, NULL, NULL);
INSERT INTO `sys_area` VALUES (230281, 230200, '讷河市', '讷河', '124.882172', '48.481133', 3, '[0],[230000],[230200],', 12, NULL, NULL, NULL, NULL);
INSERT INTO `sys_area` VALUES (230300, 230000, '鸡西市', '鸡西', '130.975967', '45.300045', 2, '[0],[230000],', 7, NULL, NULL, NULL, NULL);
INSERT INTO `sys_area` VALUES (230302, 230300, '鸡冠区', '鸡冠', '130.97438', '45.300339', 3, '[0],[230000],[230300],', 6, NULL, NULL, NULL, NULL);
INSERT INTO `sys_area` VALUES (230303, 230300, '恒山区', '恒山', '130.910629', '45.213242', 3, '[0],[230000],[230300],', 3, NULL, NULL, NULL, NULL);
INSERT INTO `sys_area` VALUES (230304, 230300, '滴道区', '滴道', '130.846817', '45.348812', 3, '[0],[230000],[230300],', 2, NULL, NULL, NULL, NULL);
INSERT INTO `sys_area` VALUES (230305, 230300, '梨树区', '梨树', '130.697784', '45.092194', 3, '[0],[230000],[230300],', 7, NULL, NULL, NULL, NULL);
INSERT INTO `sys_area` VALUES (230306, 230300, '城子河区', '城子河', '131.010498', '45.338249', 3, '[0],[230000],[230300],', 1, NULL, NULL, NULL, NULL);
INSERT INTO `sys_area` VALUES (230307, 230300, '麻山区', '麻山', '130.481125', '45.209606', 3, '[0],[230000],[230300],', 8, NULL, NULL, NULL, NULL);
INSERT INTO `sys_area` VALUES (230321, 230300, '鸡东县', '鸡东', '131.148911', '45.250893', 3, '[0],[230000],[230300],', 5, NULL, NULL, NULL, NULL);
INSERT INTO `sys_area` VALUES (230381, 230300, '虎林市', '虎林', '132.973877', '45.767986', 3, '[0],[230000],[230300],', 4, NULL, NULL, NULL, NULL);
INSERT INTO `sys_area` VALUES (230382, 230300, '密山市', '密山', '131.87413', '45.547249', 3, '[0],[230000],[230300],', 9, NULL, NULL, NULL, NULL);
INSERT INTO `sys_area` VALUES (230400, 230000, '鹤岗市', '鹤岗', '130.277481', '47.332085', 2, '[0],[230000],', 4, NULL, NULL, NULL, NULL);
INSERT INTO `sys_area` VALUES (230402, 230400, '向阳区', '向阳', '130.29248', '47.345371', 3, '[0],[230000],[230400],', 6, NULL, NULL, NULL, NULL);
INSERT INTO `sys_area` VALUES (230403, 230400, '工农区', '工农', '130.276657', '47.331676', 3, '[0],[230000],[230400],', 2, NULL, NULL, NULL, NULL);
INSERT INTO `sys_area` VALUES (230404, 230400, '南山区', '南山', '130.275528', '47.31324', 3, '[0],[230000],[230400],', 4, NULL, NULL, NULL, NULL);
INSERT INTO `sys_area` VALUES (230405, 230400, '兴安区', '兴安', '130.236176', '47.252911', 3, '[0],[230000],[230400],', 7, NULL, NULL, NULL, NULL);
INSERT INTO `sys_area` VALUES (230406, 230400, '东山区', '东山', '130.317139', '47.337383', 3, '[0],[230000],[230400],', 1, NULL, NULL, NULL, NULL);
INSERT INTO `sys_area` VALUES (230407, 230400, '兴山区', '兴山', '130.305344', '47.35997', 3, '[0],[230000],[230400],', 8, NULL, NULL, NULL, NULL);
INSERT INTO `sys_area` VALUES (230421, 230400, '萝北县', '萝北', '130.829086', '47.577576', 3, '[0],[230000],[230400],', 3, NULL, NULL, NULL, NULL);
INSERT INTO `sys_area` VALUES (230422, 230400, '绥滨县', '绥滨', '131.860519', '47.28989', 3, '[0],[230000],[230400],', 5, NULL, NULL, NULL, NULL);
INSERT INTO `sys_area` VALUES (230500, 230000, '双鸭山市', '双鸭山', '131.157303', '46.64344', 2, '[0],[230000],', 11, NULL, NULL, NULL, NULL);
INSERT INTO `sys_area` VALUES (230502, 230500, '尖山区', '尖山', '131.158966', '46.64296', 3, '[0],[230000],[230500],', 3, NULL, NULL, NULL, NULL);
INSERT INTO `sys_area` VALUES (230503, 230500, '岭东区', '岭东', '131.163681', '46.591076', 3, '[0],[230000],[230500],', 5, NULL, NULL, NULL, NULL);
INSERT INTO `sys_area` VALUES (230505, 230500, '四方台区', '四方台', '131.333176', '46.594345', 3, '[0],[230000],[230500],', 7, NULL, NULL, NULL, NULL);
INSERT INTO `sys_area` VALUES (230506, 230500, '宝山区', '宝山', '131.404297', '46.573364', 3, '[0],[230000],[230500],', 2, NULL, NULL, NULL, NULL);
INSERT INTO `sys_area` VALUES (230521, 230500, '集贤县', '集贤', '131.139328', '46.728981', 3, '[0],[230000],[230500],', 4, NULL, NULL, NULL, NULL);
INSERT INTO `sys_area` VALUES (230522, 230500, '友谊县', '友谊', '131.810623', '46.775158', 3, '[0],[230000],[230500],', 8, NULL, NULL, NULL, NULL);
INSERT INTO `sys_area` VALUES (230523, 230500, '宝清县', '宝清', '132.206421', '46.328781', 3, '[0],[230000],[230500],', 1, NULL, NULL, NULL, NULL);
INSERT INTO `sys_area` VALUES (230524, 230500, '饶河县', '饶河', '134.021164', '46.801289', 3, '[0],[230000],[230500],', 6, NULL, NULL, NULL, NULL);
INSERT INTO `sys_area` VALUES (230600, 230000, '大庆市', '大庆', '125.112717', '46.590733', 2, '[0],[230000],', 1, NULL, NULL, NULL, NULL);
INSERT INTO `sys_area` VALUES (230602, 230600, '萨尔图区', '萨尔图', '125.114639', '46.596355', 3, '[0],[230000],[230600],', 7, NULL, NULL, NULL, NULL);
INSERT INTO `sys_area` VALUES (230603, 230600, '龙凤区', '龙凤', '125.145798', '46.573948', 3, '[0],[230000],[230600],', 5, NULL, NULL, NULL, NULL);
INSERT INTO `sys_area` VALUES (230604, 230600, '让胡路区', '让胡路', '124.86834', '46.653255', 3, '[0],[230000],[230600],', 6, NULL, NULL, NULL, NULL);
INSERT INTO `sys_area` VALUES (230605, 230600, '红岗区', '红岗', '124.889526', '46.403049', 3, '[0],[230000],[230600],', 3, NULL, NULL, NULL, NULL);
INSERT INTO `sys_area` VALUES (230606, 230600, '大同区', '大同', '124.818512', '46.034306', 3, '[0],[230000],[230600],', 1, NULL, NULL, NULL, NULL);
INSERT INTO `sys_area` VALUES (230621, 230600, '肇州县', '肇州', '125.273254', '45.708687', 3, '[0],[230000],[230600],', 9, NULL, NULL, NULL, NULL);
INSERT INTO `sys_area` VALUES (230622, 230600, '肇源县', '肇源', '125.08197', '45.518833', 3, '[0],[230000],[230600],', 8, NULL, NULL, NULL, NULL);
INSERT INTO `sys_area` VALUES (230623, 230600, '林甸县', '林甸', '124.877739', '47.186413', 3, '[0],[230000],[230600],', 4, NULL, NULL, NULL, NULL);
INSERT INTO `sys_area` VALUES (230624, 230600, '杜尔伯特蒙古族自治县', '杜尔伯特', '124.446259', '46.865974', 3, '[0],[230000],[230600],', 2, NULL, NULL, NULL, NULL);
INSERT INTO `sys_area` VALUES (230700, 230000, '伊春市', '伊春', '128.899399', '47.724773', 2, '[0],[230000],', 13, NULL, NULL, NULL, NULL);
INSERT INTO `sys_area` VALUES (230702, 230700, '伊春区', '伊春', '128.899277', '47.726852', 3, '[0],[230000],[230700],', 16, NULL, NULL, NULL, NULL);
INSERT INTO `sys_area` VALUES (230703, 230700, '南岔区', '南岔', '129.282455', '47.137314', 3, '[0],[230000],[230700],', 7, NULL, NULL, NULL, NULL);
INSERT INTO `sys_area` VALUES (230704, 230700, '友好区', '友好', '128.838959', '47.854301', 3, '[0],[230000],[230700],', 17, NULL, NULL, NULL, NULL);
INSERT INTO `sys_area` VALUES (230705, 230700, '西林区', '西林', '129.311447', '47.479439', 3, '[0],[230000],[230700],', 14, NULL, NULL, NULL, NULL);
INSERT INTO `sys_area` VALUES (230706, 230700, '翠峦区', '翠峦', '128.671753', '47.726227', 3, '[0],[230000],[230700],', 1, NULL, NULL, NULL, NULL);
INSERT INTO `sys_area` VALUES (230707, 230700, '新青区', '新青', '129.529953', '48.288292', 3, '[0],[230000],[230700],', 15, NULL, NULL, NULL, NULL);
INSERT INTO `sys_area` VALUES (230708, 230700, '美溪区', '美溪', '129.133408', '47.636101', 3, '[0],[230000],[230700],', 6, NULL, NULL, NULL, NULL);
INSERT INTO `sys_area` VALUES (230709, 230700, '金山屯区', '金山屯', '129.435944', '47.412949', 3, '[0],[230000],[230700],', 5, NULL, NULL, NULL, NULL);
INSERT INTO `sys_area` VALUES (230710, 230700, '五营区', '五营', '129.245026', '48.108204', 3, '[0],[230000],[230700],', 13, NULL, NULL, NULL, NULL);
INSERT INTO `sys_area` VALUES (230711, 230700, '乌马河区', '乌马河', '128.802948', '47.726959', 3, '[0],[230000],[230700],', 11, NULL, NULL, NULL, NULL);
INSERT INTO `sys_area` VALUES (230712, 230700, '汤旺河区', '汤旺河', '129.572235', '48.453651', 3, '[0],[230000],[230700],', 9, NULL, NULL, NULL, NULL);
INSERT INTO `sys_area` VALUES (230713, 230700, '带岭区', '带岭', '129.021149', '47.027531', 3, '[0],[230000],[230700],', 2, NULL, NULL, NULL, NULL);
INSERT INTO `sys_area` VALUES (230714, 230700, '乌伊岭区', '乌伊岭', '129.437851', '48.591122', 3, '[0],[230000],[230700],', 12, NULL, NULL, NULL, NULL);
INSERT INTO `sys_area` VALUES (230715, 230700, '红星区', '红星', '129.388794', '48.238369', 3, '[0],[230000],[230700],', 3, NULL, NULL, NULL, NULL);
INSERT INTO `sys_area` VALUES (230716, 230700, '上甘岭区', '上甘岭', '129.025085', '47.974857', 3, '[0],[230000],[230700],', 8, NULL, NULL, NULL, NULL);
INSERT INTO `sys_area` VALUES (230722, 230700, '嘉荫县', '嘉荫', '130.39769', '48.891376', 3, '[0],[230000],[230700],', 4, NULL, NULL, NULL, NULL);
INSERT INTO `sys_area` VALUES (230781, 230700, '铁力市', '铁力', '128.030563', '46.985771', 3, '[0],[230000],[230700],', 10, NULL, NULL, NULL, NULL);
INSERT INTO `sys_area` VALUES (230800, 230000, '佳木斯市', '佳木斯', '130.361633', '46.809605', 2, '[0],[230000],', 6, NULL, NULL, NULL, NULL);
INSERT INTO `sys_area` VALUES (230803, 230800, '向阳区', '向阳', '130.361786', '46.809647', 3, '[0],[230000],[230800],', 10, NULL, NULL, NULL, NULL);
INSERT INTO `sys_area` VALUES (230804, 230800, '前进区', '前进', '130.377686', '46.812344', 3, '[0],[230000],[230800],', 7, NULL, NULL, NULL, NULL);
INSERT INTO `sys_area` VALUES (230805, 230800, '东风区', '东风', '130.40329', '46.822475', 3, '[0],[230000],[230800],', 1, NULL, NULL, NULL, NULL);
INSERT INTO `sys_area` VALUES (230811, 230800, '郊区', '郊区', '130.361633', '46.809605', 3, '[0],[230000],[230800],', 6, NULL, NULL, NULL, NULL);
INSERT INTO `sys_area` VALUES (230822, 230800, '桦南县', '桦南', '130.570114', '46.240116', 3, '[0],[230000],[230800],', 5, NULL, NULL, NULL, NULL);
INSERT INTO `sys_area` VALUES (230826, 230800, '桦川县', '桦川', '130.723709', '47.023041', 3, '[0],[230000],[230800],', 4, NULL, NULL, NULL, NULL);
INSERT INTO `sys_area` VALUES (230828, 230800, '汤原县', '汤原', '129.904465', '46.730049', 3, '[0],[230000],[230800],', 8, NULL, NULL, NULL, NULL);
INSERT INTO `sys_area` VALUES (230833, 230800, '抚远县', '抚远', '134.294495', '48.364708', 3, '[0],[230000],[230800],', 3, NULL, NULL, NULL, NULL);
INSERT INTO `sys_area` VALUES (230881, 230800, '同江市', '同江', '132.510117', '47.651131', 3, '[0],[230000],[230800],', 9, NULL, NULL, NULL, NULL);
INSERT INTO `sys_area` VALUES (230882, 230800, '富锦市', '富锦', '132.037949', '47.250748', 3, '[0],[230000],[230800],', 2, NULL, NULL, NULL, NULL);
INSERT INTO `sys_area` VALUES (230900, 230000, '七台河市', '七台河', '131.015579', '45.771267', 2, '[0],[230000],', 10, NULL, NULL, NULL, NULL);
INSERT INTO `sys_area` VALUES (230902, 230900, '新兴区', '新兴', '130.889481', '45.794258', 3, '[0],[230000],[230900],', 4, NULL, NULL, NULL, NULL);
INSERT INTO `sys_area` VALUES (230903, 230900, '桃山区', '桃山', '131.015854', '45.771217', 3, '[0],[230000],[230900],', 3, NULL, NULL, NULL, NULL);
INSERT INTO `sys_area` VALUES (230904, 230900, '茄子河区', '茄子河', '131.071564', '45.776588', 3, '[0],[230000],[230900],', 2, NULL, NULL, NULL, NULL);
INSERT INTO `sys_area` VALUES (230921, 230900, '勃利县', '勃利', '130.575027', '45.751572', 3, '[0],[230000],[230900],', 1, NULL, NULL, NULL, NULL);
INSERT INTO `sys_area` VALUES (231000, 230000, '牡丹江市', '牡丹江', '129.618607', '44.582962', 2, '[0],[230000],', 8, NULL, NULL, NULL, NULL);
INSERT INTO `sys_area` VALUES (231002, 231000, '东安区', '东安', '129.623291', '44.582397', 3, '[0],[230000],[231000],', 2, NULL, NULL, NULL, NULL);
INSERT INTO `sys_area` VALUES (231003, 231000, '阳明区', '阳明', '129.634644', '44.596329', 3, '[0],[230000],[231000],', 10, NULL, NULL, NULL, NULL);
INSERT INTO `sys_area` VALUES (231004, 231000, '爱民区', '爱民', '129.601227', '44.595444', 3, '[0],[230000],[231000],', 1, NULL, NULL, NULL, NULL);
INSERT INTO `sys_area` VALUES (231005, 231000, '西安区', '西安', '129.613113', '44.581032', 3, '[0],[230000],[231000],', 9, NULL, NULL, NULL, NULL);
INSERT INTO `sys_area` VALUES (231024, 231000, '东宁县', '东宁', '131.12529', '44.06358', 3, '[0],[230000],[231000],', 3, NULL, NULL, NULL, NULL);
INSERT INTO `sys_area` VALUES (231025, 231000, '林口县', '林口', '130.268402', '45.286644', 3, '[0],[230000],[231000],', 5, NULL, NULL, NULL, NULL);
INSERT INTO `sys_area` VALUES (231081, 231000, '绥芬河市', '绥芬河', '131.164856', '44.396866', 3, '[0],[230000],[231000],', 8, NULL, NULL, NULL, NULL);
INSERT INTO `sys_area` VALUES (231083, 231000, '海林市', '海林', '129.387909', '44.57415', 3, '[0],[230000],[231000],', 4, NULL, NULL, NULL, NULL);
INSERT INTO `sys_area` VALUES (231084, 231000, '宁安市', '宁安', '129.470016', '44.346836', 3, '[0],[230000],[231000],', 7, NULL, NULL, NULL, NULL);
INSERT INTO `sys_area` VALUES (231085, 231000, '穆棱市', '穆棱', '130.527084', '44.91967', 3, '[0],[230000],[231000],', 6, NULL, NULL, NULL, NULL);
INSERT INTO `sys_area` VALUES (231100, 230000, '黑河市', '黑河', '127.499023', '50.249584', 2, '[0],[230000],', 5, NULL, NULL, NULL, NULL);
INSERT INTO `sys_area` VALUES (231102, 231100, '爱辉区', '爱辉', '127.497643', '50.249027', 3, '[0],[230000],[231100],', 1, NULL, NULL, NULL, NULL);
INSERT INTO `sys_area` VALUES (231121, 231100, '嫩江县', '嫩江', '125.229904', '49.17746', 3, '[0],[230000],[231100],', 3, NULL, NULL, NULL, NULL);
INSERT INTO `sys_area` VALUES (231123, 231100, '逊克县', '逊克', '128.476151', '49.582973', 3, '[0],[230000],[231100],', 6, NULL, NULL, NULL, NULL);
INSERT INTO `sys_area` VALUES (231124, 231100, '孙吴县', '孙吴', '127.327316', '49.423943', 3, '[0],[230000],[231100],', 4, NULL, NULL, NULL, NULL);
INSERT INTO `sys_area` VALUES (231181, 231100, '北安市', '北安', '126.508736', '48.245438', 3, '[0],[230000],[231100],', 2, NULL, NULL, NULL, NULL);
INSERT INTO `sys_area` VALUES (231182, 231100, '五大连池市', '五大连池', '126.197693', '48.512688', 3, '[0],[230000],[231100],', 5, NULL, NULL, NULL, NULL);
INSERT INTO `sys_area` VALUES (231200, 230000, '绥化市', '绥化', '126.992928', '46.637394', 2, '[0],[230000],', 12, NULL, NULL, NULL, NULL);
INSERT INTO `sys_area` VALUES (231202, 231200, '北林区', '北林', '126.990662', '46.634911', 3, '[0],[230000],[231200],', 2, NULL, NULL, NULL, NULL);
INSERT INTO `sys_area` VALUES (231221, 231200, '望奎县', '望奎', '126.484192', '46.833519', 3, '[0],[230000],[231200],', 9, NULL, NULL, NULL, NULL);
INSERT INTO `sys_area` VALUES (231222, 231200, '兰西县', '兰西', '126.289314', '46.259037', 3, '[0],[230000],[231200],', 4, NULL, NULL, NULL, NULL);
INSERT INTO `sys_area` VALUES (231223, 231200, '青冈县', '青冈', '126.112267', '46.686596', 3, '[0],[230000],[231200],', 7, NULL, NULL, NULL, NULL);
INSERT INTO `sys_area` VALUES (231224, 231200, '庆安县', '庆安', '127.510025', '46.879204', 3, '[0],[230000],[231200],', 6, NULL, NULL, NULL, NULL);
INSERT INTO `sys_area` VALUES (231225, 231200, '明水县', '明水', '125.907547', '47.183529', 3, '[0],[230000],[231200],', 5, NULL, NULL, NULL, NULL);
INSERT INTO `sys_area` VALUES (231226, 231200, '绥棱县', '绥棱', '127.111122', '47.247196', 3, '[0],[230000],[231200],', 8, NULL, NULL, NULL, NULL);
INSERT INTO `sys_area` VALUES (231281, 231200, '安达市', '安达', '125.329926', '46.410614', 3, '[0],[230000],[231200],', 1, NULL, NULL, NULL, NULL);
INSERT INTO `sys_area` VALUES (231282, 231200, '肇东市', '肇东', '125.991402', '46.069469', 3, '[0],[230000],[231200],', 10, NULL, NULL, NULL, NULL);
INSERT INTO `sys_area` VALUES (231283, 231200, '海伦市', '海伦', '126.969383', '47.460426', 3, '[0],[230000],[231200],', 3, NULL, NULL, NULL, NULL);
INSERT INTO `sys_area` VALUES (232700, 230000, '大兴安岭地区', '大兴安岭', '124.711525', '52.335262', 2, '[0],[230000],', 2, NULL, NULL, NULL, NULL);
INSERT INTO `sys_area` VALUES (232702, 232700, '松岭区', '松岭', '124.711525', '52.335262', 3, '[0],[230000],[232700],', 5, NULL, NULL, NULL, NULL);
INSERT INTO `sys_area` VALUES (232703, 232700, '新林区', '新林', '124.711525', '52.335262', 3, '[0],[230000],[232700],', 7, NULL, NULL, NULL, NULL);
INSERT INTO `sys_area` VALUES (232704, 232700, '呼中区', '呼中', '123.6035', '52.037003', 3, '[0],[230000],[232700],', 2, NULL, NULL, NULL, NULL);
INSERT INTO `sys_area` VALUES (232721, 232700, '呼玛县', '呼玛', '126.662102', '51.726997', 3, '[0],[230000],[232700],', 1, NULL, NULL, NULL, NULL);
INSERT INTO `sys_area` VALUES (232722, 232700, '塔河县', '塔河', '124.710518', '52.335228', 3, '[0],[230000],[232700],', 6, NULL, NULL, NULL, NULL);
INSERT INTO `sys_area` VALUES (232723, 232700, '漠河县', '漠河', '122.536255', '52.972073', 3, '[0],[230000],[232700],', 4, NULL, NULL, NULL, NULL);
INSERT INTO `sys_area` VALUES (232724, 232700, '加格达奇区', '加格达奇', '124.126717', '50.424652', 3, '[0],[230000],[232700],', 3, NULL, NULL, NULL, NULL);
INSERT INTO `sys_area` VALUES (310000, 0, '上海市', '上海', '121.472641', '31.231707', 1, '[0],', 9, NULL, NULL, NULL, NULL);
INSERT INTO `sys_area` VALUES (310100, 310000, '上海市', '上海', '121.472641', '31.231707', 2, '[0],[310000],', 1, NULL, NULL, NULL, NULL);
INSERT INTO `sys_area` VALUES (310101, 310100, '黄浦区', '黄浦', '121.490318', '31.222771', 3, '[0],[310000],[310100],', 7, NULL, NULL, NULL, NULL);
INSERT INTO `sys_area` VALUES (310104, 310100, '徐汇区', '徐汇', '121.437523', '31.179974', 3, '[0],[310000],[310100],', 15, NULL, NULL, NULL, NULL);
INSERT INTO `sys_area` VALUES (310105, 310100, '长宁区', '长宁', '121.422203', '31.218122', 3, '[0],[310000],[310100],', 2, NULL, NULL, NULL, NULL);
INSERT INTO `sys_area` VALUES (310106, 310100, '静安区', '静安', '121.448227', '31.229004', 3, '[0],[310000],[310100],', 9, NULL, NULL, NULL, NULL);
INSERT INTO `sys_area` VALUES (310107, 310100, '普陀区', '普陀', '121.392502', '31.241701', 3, '[0],[310000],[310100],', 12, NULL, NULL, NULL, NULL);
INSERT INTO `sys_area` VALUES (310108, 310100, '闸北区', '闸北', '121.465691', '31.25318', 3, '[0],[310000],[310100],', 17, NULL, NULL, NULL, NULL);
INSERT INTO `sys_area` VALUES (310109, 310100, '虹口区', '虹口', '121.491829', '31.260969', 3, '[0],[310000],[310100],', 6, NULL, NULL, NULL, NULL);
INSERT INTO `sys_area` VALUES (310110, 310100, '杨浦区', '杨浦', '121.522797', '31.270756', 3, '[0],[310000],[310100],', 16, NULL, NULL, NULL, NULL);
INSERT INTO `sys_area` VALUES (310112, 310100, '闵行区', '闵行', '121.375969', '31.111658', 3, '[0],[310000],[310100],', 11, NULL, NULL, NULL, NULL);
INSERT INTO `sys_area` VALUES (310113, 310100, '宝山区', '宝山', '121.489937', '31.398895', 3, '[0],[310000],[310100],', 1, NULL, NULL, NULL, NULL);
INSERT INTO `sys_area` VALUES (310114, 310100, '嘉定区', '嘉定', '121.250336', '31.383524', 3, '[0],[310000],[310100],', 8, NULL, NULL, NULL, NULL);
INSERT INTO `sys_area` VALUES (310115, 310100, '浦东新区', '浦东', '121.567703', '31.245943', 3, '[0],[310000],[310100],', 4, NULL, NULL, NULL, NULL);
INSERT INTO `sys_area` VALUES (310116, 310100, '金山区', '金山', '121.330734', '30.724697', 3, '[0],[310000],[310100],', 10, NULL, NULL, NULL, NULL);
INSERT INTO `sys_area` VALUES (310117, 310100, '松江区', '松江', '121.223541', '31.03047', 3, '[0],[310000],[310100],', 14, NULL, NULL, NULL, NULL);
INSERT INTO `sys_area` VALUES (310118, 310100, '青浦区', '青浦', '121.113022', '31.151209', 3, '[0],[310000],[310100],', 13, NULL, NULL, NULL, NULL);
INSERT INTO `sys_area` VALUES (310120, 310100, '奉贤区', '奉贤', '121.458473', '30.912346', 3, '[0],[310000],[310100],', 5, NULL, NULL, NULL, NULL);
INSERT INTO `sys_area` VALUES (310230, 310100, '崇明县', '崇明', '121.397514', '31.626945', 3, '[0],[310000],[310100],', 3, NULL, NULL, NULL, NULL);
INSERT INTO `sys_area` VALUES (320000, 0, '江苏省', '江苏', '118.76741', '32.041546', 1, '[0],', 10, NULL, NULL, NULL, NULL);
INSERT INTO `sys_area` VALUES (320100, 320000, '南京市', '南京', '118.76741', '32.041546', 2, '[0],[320000],', 4, NULL, NULL, NULL, NULL);
INSERT INTO `sys_area` VALUES (320102, 320100, '玄武区', '玄武', '118.792198', '32.050678', 3, '[0],[320000],[320100],', 10, NULL, NULL, NULL, NULL);
INSERT INTO `sys_area` VALUES (320104, 320100, '秦淮区', '秦淮', '118.786087', '32.033817', 3, '[0],[320000],[320100],', 1, NULL, NULL, NULL, NULL);
INSERT INTO `sys_area` VALUES (320105, 320100, '建邺区', '建邺', '118.732689', '32.004539', 3, '[0],[320000],[320100],', 5, NULL, NULL, NULL, NULL);
INSERT INTO `sys_area` VALUES (320106, 320100, '鼓楼区', '鼓楼', '118.769737', '32.066967', 3, '[0],[320000],[320100],', 3, NULL, NULL, NULL, NULL);
INSERT INTO `sys_area` VALUES (320111, 320100, '浦口区', '浦口', '118.625305', '32.058392', 3, '[0],[320000],[320100],', 8, NULL, NULL, NULL, NULL);
INSERT INTO `sys_area` VALUES (320113, 320100, '栖霞区', '栖霞', '118.808701', '32.102146', 3, '[0],[320000],[320100],', 9, NULL, NULL, NULL, NULL);
INSERT INTO `sys_area` VALUES (320114, 320100, '雨花台区', '雨花台', '118.772072', '31.995947', 3, '[0],[320000],[320100],', 11, NULL, NULL, NULL, NULL);
INSERT INTO `sys_area` VALUES (320115, 320100, '江宁区', '江宁', '118.850624', '31.953419', 3, '[0],[320000],[320100],', 4, NULL, NULL, NULL, NULL);
INSERT INTO `sys_area` VALUES (320116, 320100, '六合区', '六合', '118.850647', '32.340656', 3, '[0],[320000],[320100],', 7, NULL, NULL, NULL, NULL);
INSERT INTO `sys_area` VALUES (320124, 320100, '溧水区', '溧水', '119.028732', '31.653061', 3, '[0],[320000],[320100],', 6, NULL, NULL, NULL, NULL);
INSERT INTO `sys_area` VALUES (320125, 320100, '高淳区', '高淳', '118.875893', '31.327131', 3, '[0],[320000],[320100],', 2, NULL, NULL, NULL, NULL);
INSERT INTO `sys_area` VALUES (320200, 320000, '无锡市', '无锡', '120.301666', '31.57473', 2, '[0],[320000],', 9, NULL, NULL, NULL, NULL);
INSERT INTO `sys_area` VALUES (320202, 320200, '崇安区', '崇安', '120.301628', '31.574705', 3, '[0],[320000],[320200],', 3, NULL, NULL, NULL, NULL);
INSERT INTO `sys_area` VALUES (320203, 320200, '南长区', '南长', '120.308449', '31.563759', 3, '[0],[320000],[320200],', 6, NULL, NULL, NULL, NULL);
INSERT INTO `sys_area` VALUES (320204, 320200, '北塘区', '北塘', '120.295158', '31.586575', 3, '[0],[320000],[320200],', 1, NULL, NULL, NULL, NULL);
INSERT INTO `sys_area` VALUES (320205, 320200, '锡山区', '锡山', '120.3573', '31.58556', 3, '[0],[320000],[320200],', 7, NULL, NULL, NULL, NULL);
INSERT INTO `sys_area` VALUES (320206, 320200, '惠山区', '惠山', '120.303543', '31.681019', 3, '[0],[320000],[320200],', 4, NULL, NULL, NULL, NULL);
INSERT INTO `sys_area` VALUES (320211, 320200, '滨湖区', '滨湖', '120.266052', '31.550228', 3, '[0],[320000],[320200],', 2, NULL, NULL, NULL, NULL);
INSERT INTO `sys_area` VALUES (320281, 320200, '江阴市', '江阴', '120.275894', '31.910984', 3, '[0],[320000],[320200],', 5, NULL, NULL, NULL, NULL);
INSERT INTO `sys_area` VALUES (320282, 320200, '宜兴市', '宜兴', '119.820541', '31.364384', 3, '[0],[320000],[320200],', 8, NULL, NULL, NULL, NULL);
INSERT INTO `sys_area` VALUES (320300, 320000, '徐州市', '徐州', '117.184814', '34.261791', 2, '[0],[320000],', 10, NULL, NULL, NULL, NULL);
INSERT INTO `sys_area` VALUES (320302, 320300, '鼓楼区', '鼓楼', '117.19294', '34.269398', 3, '[0],[320000],[320300],', 2, NULL, NULL, NULL, NULL);
INSERT INTO `sys_area` VALUES (320303, 320300, '云龙区', '云龙', '117.194588', '34.254807', 3, '[0],[320000],[320300],', 10, NULL, NULL, NULL, NULL);
INSERT INTO `sys_area` VALUES (320305, 320300, '贾汪区', '贾汪', '117.450211', '34.441643', 3, '[0],[320000],[320300],', 3, NULL, NULL, NULL, NULL);
INSERT INTO `sys_area` VALUES (320311, 320300, '泉山区', '泉山', '117.182228', '34.262249', 3, '[0],[320000],[320300],', 7, NULL, NULL, NULL, NULL);
INSERT INTO `sys_area` VALUES (320321, 320300, '丰县', '丰县', '116.592888', '34.696945', 3, '[0],[320000],[320300],', 1, NULL, NULL, NULL, NULL);
INSERT INTO `sys_area` VALUES (320322, 320300, '沛县', '沛县', '116.93718', '34.729046', 3, '[0],[320000],[320300],', 5, NULL, NULL, NULL, NULL);
INSERT INTO `sys_area` VALUES (320323, 320300, '铜山区', '铜山', '117.183891', '34.192879', 3, '[0],[320000],[320300],', 4, NULL, NULL, NULL, NULL);
INSERT INTO `sys_area` VALUES (320324, 320300, '睢宁县', '睢宁', '117.950661', '33.899223', 3, '[0],[320000],[320300],', 8, NULL, NULL, NULL, NULL);
INSERT INTO `sys_area` VALUES (320381, 320300, '新沂市', '新沂', '118.345825', '34.368778', 3, '[0],[320000],[320300],', 9, NULL, NULL, NULL, NULL);
INSERT INTO `sys_area` VALUES (320382, 320300, '邳州市', '邳州', '117.963921', '34.314709', 3, '[0],[320000],[320300],', 6, NULL, NULL, NULL, NULL);
INSERT INTO `sys_area` VALUES (320400, 320000, '常州市', '常州', '119.946976', '31.772753', 2, '[0],[320000],', 1, NULL, NULL, NULL, NULL);
INSERT INTO `sys_area` VALUES (320402, 320400, '天宁区', '天宁', '119.963783', '31.779633', 3, '[0],[320000],[320400],', 4, NULL, NULL, NULL, NULL);
INSERT INTO `sys_area` VALUES (320404, 320400, '钟楼区', '钟楼', '119.948387', '31.78096', 3, '[0],[320000],[320400],', 7, NULL, NULL, NULL, NULL);
INSERT INTO `sys_area` VALUES (320405, 320400, '戚墅堰区', '戚墅堰', '120.064751', '31.721663', 3, '[0],[320000],[320400],', 3, NULL, NULL, NULL, NULL);
INSERT INTO `sys_area` VALUES (320411, 320400, '新北区', '新北', '119.974655', '31.824663', 3, '[0],[320000],[320400],', 6, NULL, NULL, NULL, NULL);
INSERT INTO `sys_area` VALUES (320412, 320400, '武进区', '武进', '119.958771', '31.718567', 3, '[0],[320000],[320400],', 5, NULL, NULL, NULL, NULL);
INSERT INTO `sys_area` VALUES (320481, 320400, '溧阳市', '溧阳', '119.487816', '31.42708', 3, '[0],[320000],[320400],', 2, NULL, NULL, NULL, NULL);
INSERT INTO `sys_area` VALUES (320482, 320400, '金坛市', '金坛', '119.573395', '31.744398', 3, '[0],[320000],[320400],', 1, NULL, NULL, NULL, NULL);
INSERT INTO `sys_area` VALUES (320500, 320000, '苏州市', '苏州', '120.619583', '31.299379', 2, '[0],[320000],', 7, NULL, NULL, NULL, NULL);
INSERT INTO `sys_area` VALUES (320505, 320500, '虎丘区', '虎丘', '120.566833', '31.294846', 3, '[0],[320000],[320500],', 3, NULL, NULL, NULL, NULL);
INSERT INTO `sys_area` VALUES (320506, 320500, '吴中区', '吴中', '120.624619', '31.27084', 3, '[0],[320000],[320500],', 7, NULL, NULL, NULL, NULL);
INSERT INTO `sys_area` VALUES (320507, 320500, '相城区', '相城', '120.618958', '31.396685', 3, '[0],[320000],[320500],', 8, NULL, NULL, NULL, NULL);
INSERT INTO `sys_area` VALUES (320508, 320500, '姑苏区', '姑苏', '120.622246', '31.311415', 3, '[0],[320000],[320500],', 2, NULL, NULL, NULL, NULL);
INSERT INTO `sys_area` VALUES (320581, 320500, '常熟市', '常熟', '120.74852', '31.658155', 3, '[0],[320000],[320500],', 1, NULL, NULL, NULL, NULL);
INSERT INTO `sys_area` VALUES (320582, 320500, '张家港市', '张家港', '120.543442', '31.865553', 3, '[0],[320000],[320500],', 9, NULL, NULL, NULL, NULL);
INSERT INTO `sys_area` VALUES (320583, 320500, '昆山市', '昆山', '120.958138', '31.381926', 3, '[0],[320000],[320500],', 4, NULL, NULL, NULL, NULL);
INSERT INTO `sys_area` VALUES (320584, 320500, '吴江区', '吴江', '120.641602', '31.160404', 3, '[0],[320000],[320500],', 6, NULL, NULL, NULL, NULL);
INSERT INTO `sys_area` VALUES (320585, 320500, '太仓市', '太仓', '121.112274', '31.452568', 3, '[0],[320000],[320500],', 5, NULL, NULL, NULL, NULL);
INSERT INTO `sys_area` VALUES (320600, 320000, '南通市', '南通', '120.864609', '32.016212', 2, '[0],[320000],', 5, NULL, NULL, NULL, NULL);
INSERT INTO `sys_area` VALUES (320602, 320600, '崇川区', '崇川', '120.866348', '32.015278', 3, '[0],[320000],[320600],', 1, NULL, NULL, NULL, NULL);
INSERT INTO `sys_area` VALUES (320611, 320600, '港闸区', '港闸', '120.8339', '32.040298', 3, '[0],[320000],[320600],', 2, NULL, NULL, NULL, NULL);
INSERT INTO `sys_area` VALUES (320612, 320600, '通州区', '通州', '121.073174', '32.084286', 3, '[0],[320000],[320600],', 8, NULL, NULL, NULL, NULL);
INSERT INTO `sys_area` VALUES (320621, 320600, '海安县', '海安', '120.465996', '32.540291', 3, '[0],[320000],[320600],', 3, NULL, NULL, NULL, NULL);
INSERT INTO `sys_area` VALUES (320623, 320600, '如东县', '如东', '121.186089', '32.311832', 3, '[0],[320000],[320600],', 6, NULL, NULL, NULL, NULL);
INSERT INTO `sys_area` VALUES (320681, 320600, '启东市', '启东', '121.659721', '31.810158', 3, '[0],[320000],[320600],', 5, NULL, NULL, NULL, NULL);
INSERT INTO `sys_area` VALUES (320682, 320600, '如皋市', '如皋', '120.566322', '32.39159', 3, '[0],[320000],[320600],', 7, NULL, NULL, NULL, NULL);
INSERT INTO `sys_area` VALUES (320684, 320600, '海门市', '海门', '121.176605', '31.893528', 3, '[0],[320000],[320600],', 4, NULL, NULL, NULL, NULL);
INSERT INTO `sys_area` VALUES (320700, 320000, '连云港市', '连云港', '119.178818', '34.600018', 2, '[0],[320000],', 3, NULL, NULL, NULL, NULL);
INSERT INTO `sys_area` VALUES (320703, 320700, '连云区', '连云', '119.366486', '34.739529', 3, '[0],[320000],[320700],', 6, NULL, NULL, NULL, NULL);
INSERT INTO `sys_area` VALUES (320705, 320700, '新浦区', '新浦', '119.182106', '34.597046', 3, '[0],[320000],[320700],', 7, NULL, NULL, NULL, NULL);
INSERT INTO `sys_area` VALUES (320706, 320700, '海州区', '海州', '119.137146', '34.571289', 3, '[0],[320000],[320700],', 5, NULL, NULL, NULL, NULL);
INSERT INTO `sys_area` VALUES (320721, 320700, '赣榆县', '赣榆', '119.128777', '34.839153', 3, '[0],[320000],[320700],', 2, NULL, NULL, NULL, NULL);
INSERT INTO `sys_area` VALUES (320722, 320700, '东海县', '东海', '118.766487', '34.522858', 3, '[0],[320000],[320700],', 1, NULL, NULL, NULL, NULL);
INSERT INTO `sys_area` VALUES (320723, 320700, '灌云县', '灌云', '119.255737', '34.298435', 3, '[0],[320000],[320700],', 4, NULL, NULL, NULL, NULL);
INSERT INTO `sys_area` VALUES (320724, 320700, '灌南县', '灌南', '119.352333', '34.092552', 3, '[0],[320000],[320700],', 3, NULL, NULL, NULL, NULL);
INSERT INTO `sys_area` VALUES (320800, 320000, '淮安市', '淮安', '119.021263', '33.597507', 2, '[0],[320000],', 2, NULL, NULL, NULL, NULL);
INSERT INTO `sys_area` VALUES (320802, 320800, '清河区', '清河', '119.019455', '33.603233', 3, '[0],[320000],[320800],', 6, NULL, NULL, NULL, NULL);
INSERT INTO `sys_area` VALUES (320803, 320800, '淮安区', '淮安', '119.146339', '33.5075', 3, '[0],[320000],[320800],', 2, NULL, NULL, NULL, NULL);
INSERT INTO `sys_area` VALUES (320804, 320800, '淮阴区', '淮阴', '119.020821', '33.622452', 3, '[0],[320000],[320800],', 3, NULL, NULL, NULL, NULL);
INSERT INTO `sys_area` VALUES (320811, 320800, '清浦区', '清浦', '119.030495', '33.580742', 3, '[0],[320000],[320800],', 7, NULL, NULL, NULL, NULL);
INSERT INTO `sys_area` VALUES (320826, 320800, '涟水县', '涟水', '119.266075', '33.771309', 3, '[0],[320000],[320800],', 5, NULL, NULL, NULL, NULL);
INSERT INTO `sys_area` VALUES (320829, 320800, '洪泽县', '洪泽', '118.867874', '33.294975', 3, '[0],[320000],[320800],', 1, NULL, NULL, NULL, NULL);
INSERT INTO `sys_area` VALUES (320830, 320800, '盱眙县', '盱眙', '118.49382', '33.004391', 3, '[0],[320000],[320800],', 8, NULL, NULL, NULL, NULL);
INSERT INTO `sys_area` VALUES (320831, 320800, '金湖县', '金湖', '119.016937', '33.018162', 3, '[0],[320000],[320800],', 4, NULL, NULL, NULL, NULL);
INSERT INTO `sys_area` VALUES (320900, 320000, '盐城市', '盐城', '120.139999', '33.377632', 2, '[0],[320000],', 11, NULL, NULL, NULL, NULL);
INSERT INTO `sys_area` VALUES (320902, 320900, '亭湖区', '亭湖', '120.136078', '33.383911', 3, '[0],[320000],[320900],', 7, NULL, NULL, NULL, NULL);
INSERT INTO `sys_area` VALUES (320903, 320900, '盐都区', '盐都', '120.139755', '33.34129', 3, '[0],[320000],[320900],', 9, NULL, NULL, NULL, NULL);
INSERT INTO `sys_area` VALUES (320921, 320900, '响水县', '响水', '119.579575', '34.199959', 3, '[0],[320000],[320900],', 8, NULL, NULL, NULL, NULL);
INSERT INTO `sys_area` VALUES (320922, 320900, '滨海县', '滨海', '119.828438', '33.989887', 3, '[0],[320000],[320900],', 1, NULL, NULL, NULL, NULL);
INSERT INTO `sys_area` VALUES (320923, 320900, '阜宁县', '阜宁', '119.805336', '33.785728', 3, '[0],[320000],[320900],', 4, NULL, NULL, NULL, NULL);
INSERT INTO `sys_area` VALUES (320924, 320900, '射阳县', '射阳', '120.257446', '33.773781', 3, '[0],[320000],[320900],', 6, NULL, NULL, NULL, NULL);
INSERT INTO `sys_area` VALUES (320925, 320900, '建湖县', '建湖', '119.793106', '33.472622', 3, '[0],[320000],[320900],', 5, NULL, NULL, NULL, NULL);
INSERT INTO `sys_area` VALUES (320981, 320900, '东台市', '东台', '120.314102', '32.853172', 3, '[0],[320000],[320900],', 3, NULL, NULL, NULL, NULL);
INSERT INTO `sys_area` VALUES (320982, 320900, '大丰市', '大丰', '120.470322', '33.199532', 3, '[0],[320000],[320900],', 2, NULL, NULL, NULL, NULL);
INSERT INTO `sys_area` VALUES (321000, 320000, '扬州市', '扬州', '119.421005', '32.393158', 2, '[0],[320000],', 12, NULL, NULL, NULL, NULL);
INSERT INTO `sys_area` VALUES (321002, 321000, '广陵区', '广陵', '119.442268', '32.392155', 3, '[0],[320000],[321000],', 3, NULL, NULL, NULL, NULL);
INSERT INTO `sys_area` VALUES (321003, 321000, '邗江区', '邗江', '119.397774', '32.377899', 3, '[0],[320000],[321000],', 4, NULL, NULL, NULL, NULL);
INSERT INTO `sys_area` VALUES (321023, 321000, '宝应县', '宝应', '119.321281', '33.236938', 3, '[0],[320000],[321000],', 1, NULL, NULL, NULL, NULL);
INSERT INTO `sys_area` VALUES (321081, 321000, '仪征市', '仪征', '119.182442', '32.271965', 3, '[0],[320000],[321000],', 6, NULL, NULL, NULL, NULL);
INSERT INTO `sys_area` VALUES (321084, 321000, '高邮市', '高邮', '119.44384', '32.785164', 3, '[0],[320000],[321000],', 2, NULL, NULL, NULL, NULL);
INSERT INTO `sys_area` VALUES (321088, 321000, '江都区', '江都', '119.567482', '32.426563', 3, '[0],[320000],[321000],', 5, NULL, NULL, NULL, NULL);
INSERT INTO `sys_area` VALUES (321100, 320000, '镇江市', '镇江', '119.452751', '32.204403', 2, '[0],[320000],', 13, NULL, NULL, NULL, NULL);
INSERT INTO `sys_area` VALUES (321102, 321100, '京口区', '京口', '119.454575', '32.206192', 3, '[0],[320000],[321100],', 3, NULL, NULL, NULL, NULL);
INSERT INTO `sys_area` VALUES (321111, 321100, '润州区', '润州', '119.414879', '32.213501', 3, '[0],[320000],[321100],', 5, NULL, NULL, NULL, NULL);
INSERT INTO `sys_area` VALUES (321112, 321100, '丹徒区', '丹徒', '119.433884', '32.128971', 3, '[0],[320000],[321100],', 1, NULL, NULL, NULL, NULL);
INSERT INTO `sys_area` VALUES (321181, 321100, '丹阳市', '丹阳', '119.581909', '31.991459', 3, '[0],[320000],[321100],', 2, NULL, NULL, NULL, NULL);
INSERT INTO `sys_area` VALUES (321182, 321100, '扬中市', '扬中', '119.828056', '32.237267', 3, '[0],[320000],[321100],', 6, NULL, NULL, NULL, NULL);
INSERT INTO `sys_area` VALUES (321183, 321100, '句容市', '句容', '119.167137', '31.947355', 3, '[0],[320000],[321100],', 4, NULL, NULL, NULL, NULL);
INSERT INTO `sys_area` VALUES (321200, 320000, '泰州市', '泰州', '119.915176', '32.484882', 2, '[0],[320000],', 8, NULL, NULL, NULL, NULL);
INSERT INTO `sys_area` VALUES (321202, 321200, '海陵区', '海陵', '119.920189', '32.488407', 3, '[0],[320000],[321200],', 2, NULL, NULL, NULL, NULL);
INSERT INTO `sys_area` VALUES (321203, 321200, '高港区', '高港', '119.88166', '32.315701', 3, '[0],[320000],[321200],', 1, NULL, NULL, NULL, NULL);
INSERT INTO `sys_area` VALUES (321281, 321200, '兴化市', '兴化', '119.840164', '32.938065', 3, '[0],[320000],[321200],', 6, NULL, NULL, NULL, NULL);
INSERT INTO `sys_area` VALUES (321282, 321200, '靖江市', '靖江', '120.26825', '32.018169', 3, '[0],[320000],[321200],', 4, NULL, NULL, NULL, NULL);
INSERT INTO `sys_area` VALUES (321283, 321200, '泰兴市', '泰兴', '120.020226', '32.168785', 3, '[0],[320000],[321200],', 5, NULL, NULL, NULL, NULL);
INSERT INTO `sys_area` VALUES (321284, 321200, '姜堰区', '姜堰', '120.148209', '32.508484', 3, '[0],[320000],[321200],', 3, NULL, NULL, NULL, NULL);
INSERT INTO `sys_area` VALUES (321300, 320000, '宿迁市', '宿迁', '118.275162', '33.963009', 2, '[0],[320000],', 6, NULL, NULL, NULL, NULL);
INSERT INTO `sys_area` VALUES (321302, 321300, '宿城区', '宿城', '118.278984', '33.937725', 3, '[0],[320000],[321300],', 4, NULL, NULL, NULL, NULL);
INSERT INTO `sys_area` VALUES (321311, 321300, '宿豫区', '宿豫', '118.330009', '33.941071', 3, '[0],[320000],[321300],', 5, NULL, NULL, NULL, NULL);
INSERT INTO `sys_area` VALUES (321322, 321300, '沭阳县', '沭阳', '118.775887', '34.129097', 3, '[0],[320000],[321300],', 1, NULL, NULL, NULL, NULL);
INSERT INTO `sys_area` VALUES (321323, 321300, '泗阳县', '泗阳', '118.681282', '33.711433', 3, '[0],[320000],[321300],', 3, NULL, NULL, NULL, NULL);
INSERT INTO `sys_area` VALUES (321324, 321300, '泗洪县', '泗洪', '118.211823', '33.456539', 3, '[0],[320000],[321300],', 2, NULL, NULL, NULL, NULL);
INSERT INTO `sys_area` VALUES (330000, 0, '浙江省', '浙江', '120.15358', '30.287458', 1, '[0],', 11, NULL, NULL, NULL, NULL);
INSERT INTO `sys_area` VALUES (330100, 330000, '杭州市', '杭州', '120.15358', '30.287458', 2, '[0],[330000],', 1, NULL, NULL, NULL, NULL);
INSERT INTO `sys_area` VALUES (330102, 330100, '上城区', '上城', '120.171463', '30.250237', 3, '[0],[330000],[330100],', 8, NULL, NULL, NULL, NULL);
INSERT INTO `sys_area` VALUES (330103, 330100, '下城区', '下城', '120.17276', '30.276272', 3, '[0],[330000],[330100],', 10, NULL, NULL, NULL, NULL);
INSERT INTO `sys_area` VALUES (330104, 330100, '江干区', '江干', '120.202637', '30.266603', 3, '[0],[330000],[330100],', 6, NULL, NULL, NULL, NULL);
INSERT INTO `sys_area` VALUES (330105, 330100, '拱墅区', '拱墅', '120.150055', '30.314697', 3, '[0],[330000],[330100],', 4, NULL, NULL, NULL, NULL);
INSERT INTO `sys_area` VALUES (330106, 330100, '西湖区', '西湖', '120.147377', '30.272934', 3, '[0],[330000],[330100],', 12, NULL, NULL, NULL, NULL);
INSERT INTO `sys_area` VALUES (330108, 330100, '滨江区', '滨江', '120.210617', '30.206615', 3, '[0],[330000],[330100],', 1, NULL, NULL, NULL, NULL);
INSERT INTO `sys_area` VALUES (330109, 330100, '萧山区', '萧山', '120.270691', '30.162931', 3, '[0],[330000],[330100],', 11, NULL, NULL, NULL, NULL);
INSERT INTO `sys_area` VALUES (330110, 330100, '余杭区', '余杭', '120.301735', '30.421186', 3, '[0],[330000],[330100],', 13, NULL, NULL, NULL, NULL);
INSERT INTO `sys_area` VALUES (330122, 330100, '桐庐县', '桐庐', '119.685043', '29.797438', 3, '[0],[330000],[330100],', 9, NULL, NULL, NULL, NULL);
INSERT INTO `sys_area` VALUES (330127, 330100, '淳安县', '淳安', '119.044273', '29.604177', 3, '[0],[330000],[330100],', 2, NULL, NULL, NULL, NULL);
INSERT INTO `sys_area` VALUES (330182, 330100, '建德市', '建德', '119.279091', '29.472284', 3, '[0],[330000],[330100],', 5, NULL, NULL, NULL, NULL);
INSERT INTO `sys_area` VALUES (330183, 330100, '富阳市', '富阳', '119.949867', '30.049871', 3, '[0],[330000],[330100],', 3, NULL, NULL, NULL, NULL);
INSERT INTO `sys_area` VALUES (330185, 330100, '临安市', '临安', '119.715103', '30.231153', 3, '[0],[330000],[330100],', 7, NULL, NULL, NULL, NULL);
INSERT INTO `sys_area` VALUES (330200, 330000, '宁波市', '宁波', '121.549789', '29.868387', 2, '[0],[330000],', 6, NULL, NULL, NULL, NULL);
INSERT INTO `sys_area` VALUES (330203, 330200, '海曙区', '海曙', '121.539696', '29.874453', 3, '[0],[330000],[330200],', 4, NULL, NULL, NULL, NULL);
INSERT INTO `sys_area` VALUES (330204, 330200, '江东区', '江东', '121.57299', '29.866543', 3, '[0],[330000],[330200],', 6, NULL, NULL, NULL, NULL);
INSERT INTO `sys_area` VALUES (330205, 330200, '江北区', '江北', '121.55928', '29.888361', 3, '[0],[330000],[330200],', 5, NULL, NULL, NULL, NULL);
INSERT INTO `sys_area` VALUES (330206, 330200, '北仑区', '北仑', '121.831306', '29.909439', 3, '[0],[330000],[330200],', 1, NULL, NULL, NULL, NULL);
INSERT INTO `sys_area` VALUES (330211, 330200, '镇海区', '镇海', '121.713165', '29.952106', 3, '[0],[330000],[330200],', 11, NULL, NULL, NULL, NULL);
INSERT INTO `sys_area` VALUES (330212, 330200, '鄞州区', '鄞州', '121.558434', '29.831661', 3, '[0],[330000],[330200],', 9, NULL, NULL, NULL, NULL);
INSERT INTO `sys_area` VALUES (330225, 330200, '象山县', '象山', '121.87709', '29.470205', 3, '[0],[330000],[330200],', 8, NULL, NULL, NULL, NULL);
INSERT INTO `sys_area` VALUES (330226, 330200, '宁海县', '宁海', '121.43261', '29.299835', 3, '[0],[330000],[330200],', 7, NULL, NULL, NULL, NULL);
INSERT INTO `sys_area` VALUES (330281, 330200, '余姚市', '余姚', '121.156296', '30.045404', 3, '[0],[330000],[330200],', 10, NULL, NULL, NULL, NULL);
INSERT INTO `sys_area` VALUES (330282, 330200, '慈溪市', '慈溪', '121.248055', '30.177141', 3, '[0],[330000],[330200],', 2, NULL, NULL, NULL, NULL);
INSERT INTO `sys_area` VALUES (330283, 330200, '奉化市', '奉化', '121.410889', '29.662348', 3, '[0],[330000],[330200],', 3, NULL, NULL, NULL, NULL);
INSERT INTO `sys_area` VALUES (330300, 330000, '温州市', '温州', '120.672112', '28.000574', 2, '[0],[330000],', 10, NULL, NULL, NULL, NULL);
INSERT INTO `sys_area` VALUES (330302, 330300, '鹿城区', '鹿城', '120.674232', '28.003351', 3, '[0],[330000],[330300],', 4, NULL, NULL, NULL, NULL);
INSERT INTO `sys_area` VALUES (330303, 330300, '龙湾区', '龙湾', '120.763466', '27.970255', 3, '[0],[330000],[330300],', 3, NULL, NULL, NULL, NULL);
INSERT INTO `sys_area` VALUES (330304, 330300, '瓯海区', '瓯海', '120.637146', '28.006445', 3, '[0],[330000],[330300],', 5, NULL, NULL, NULL, NULL);
INSERT INTO `sys_area` VALUES (330322, 330300, '洞头县', '洞头', '121.156181', '27.836058', 3, '[0],[330000],[330300],', 2, NULL, NULL, NULL, NULL);
INSERT INTO `sys_area` VALUES (330324, 330300, '永嘉县', '永嘉', '120.690971', '28.153887', 3, '[0],[330000],[330300],', 10, NULL, NULL, NULL, NULL);
INSERT INTO `sys_area` VALUES (330326, 330300, '平阳县', '平阳', '120.564384', '27.6693', 3, '[0],[330000],[330300],', 6, NULL, NULL, NULL, NULL);
INSERT INTO `sys_area` VALUES (330327, 330300, '苍南县', '苍南', '120.406258', '27.507744', 3, '[0],[330000],[330300],', 1, NULL, NULL, NULL, NULL);
INSERT INTO `sys_area` VALUES (330328, 330300, '文成县', '文成', '120.092453', '27.789133', 3, '[0],[330000],[330300],', 9, NULL, NULL, NULL, NULL);
INSERT INTO `sys_area` VALUES (330329, 330300, '泰顺县', '泰顺', '119.71624', '27.557308', 3, '[0],[330000],[330300],', 8, NULL, NULL, NULL, NULL);
INSERT INTO `sys_area` VALUES (330381, 330300, '瑞安市', '瑞安', '120.646172', '27.779322', 3, '[0],[330000],[330300],', 7, NULL, NULL, NULL, NULL);
INSERT INTO `sys_area` VALUES (330382, 330300, '乐清市', '乐清', '120.967148', '28.116083', 3, '[0],[330000],[330300],', 11, NULL, NULL, NULL, NULL);
INSERT INTO `sys_area` VALUES (330400, 330000, '嘉兴市', '嘉兴', '120.750862', '30.762653', 2, '[0],[330000],', 3, NULL, NULL, NULL, NULL);
INSERT INTO `sys_area` VALUES (330402, 330400, '南湖区', '南湖', '120.749954', '30.764652', 3, '[0],[330000],[330400],', 4, NULL, NULL, NULL, NULL);
INSERT INTO `sys_area` VALUES (330411, 330400, '秀洲区', '秀洲', '120.720428', '30.763323', 3, '[0],[330000],[330400],', 7, NULL, NULL, NULL, NULL);
INSERT INTO `sys_area` VALUES (330421, 330400, '嘉善县', '嘉善', '120.921867', '30.841352', 3, '[0],[330000],[330400],', 3, NULL, NULL, NULL, NULL);
INSERT INTO `sys_area` VALUES (330424, 330400, '海盐县', '海盐', '120.942017', '30.522223', 3, '[0],[330000],[330400],', 2, NULL, NULL, NULL, NULL);
INSERT INTO `sys_area` VALUES (330481, 330400, '海宁市', '海宁', '120.68882', '30.525543', 3, '[0],[330000],[330400],', 1, NULL, NULL, NULL, NULL);
INSERT INTO `sys_area` VALUES (330482, 330400, '平湖市', '平湖', '121.014664', '30.698921', 3, '[0],[330000],[330400],', 5, NULL, NULL, NULL, NULL);
INSERT INTO `sys_area` VALUES (330483, 330400, '桐乡市', '桐乡', '120.551086', '30.629065', 3, '[0],[330000],[330400],', 6, NULL, NULL, NULL, NULL);
INSERT INTO `sys_area` VALUES (330500, 330000, '湖州市', '湖州', '120.102402', '30.867199', 2, '[0],[330000],', 2, NULL, NULL, NULL, NULL);
INSERT INTO `sys_area` VALUES (330502, 330500, '吴兴区', '吴兴', '120.101418', '30.867252', 3, '[0],[330000],[330500],', 5, NULL, NULL, NULL, NULL);
INSERT INTO `sys_area` VALUES (330503, 330500, '南浔区', '南浔', '120.417198', '30.872742', 3, '[0],[330000],[330500],', 4, NULL, NULL, NULL, NULL);
INSERT INTO `sys_area` VALUES (330521, 330500, '德清县', '德清', '119.967659', '30.534927', 3, '[0],[330000],[330500],', 3, NULL, NULL, NULL, NULL);
INSERT INTO `sys_area` VALUES (330522, 330500, '长兴县', '长兴', '119.910126', '31.004749', 3, '[0],[330000],[330500],', 2, NULL, NULL, NULL, NULL);
INSERT INTO `sys_area` VALUES (330523, 330500, '安吉县', '安吉', '119.687889', '30.631973', 3, '[0],[330000],[330500],', 1, NULL, NULL, NULL, NULL);
INSERT INTO `sys_area` VALUES (330600, 330000, '绍兴市', '绍兴', '120.582115', '29.997116', 2, '[0],[330000],', 8, NULL, NULL, NULL, NULL);
INSERT INTO `sys_area` VALUES (330602, 330600, '越城区', '越城', '120.585312', '29.996992', 3, '[0],[330000],[330600],', 5, NULL, NULL, NULL, NULL);
INSERT INTO `sys_area` VALUES (330621, 330600, '绍兴县', '绍兴', '120.582115', '29.997116', 3, '[0],[330000],[330600],', 2, NULL, NULL, NULL, NULL);
INSERT INTO `sys_area` VALUES (330624, 330600, '新昌县', '新昌', '120.905663', '29.501205', 3, '[0],[330000],[330600],', 4, NULL, NULL, NULL, NULL);
INSERT INTO `sys_area` VALUES (330681, 330600, '诸暨市', '诸暨', '120.244324', '29.713661', 3, '[0],[330000],[330600],', 6, NULL, NULL, NULL, NULL);
INSERT INTO `sys_area` VALUES (330682, 330600, '上虞市', '上虞', '120.582115', '29.997116', 3, '[0],[330000],[330600],', 1, NULL, NULL, NULL, NULL);
INSERT INTO `sys_area` VALUES (330683, 330600, '嵊州市', '嵊州', '120.82888', '29.586605', 3, '[0],[330000],[330600],', 3, NULL, NULL, NULL, NULL);
INSERT INTO `sys_area` VALUES (330700, 330000, '金华市', '金华', '119.649506', '29.089523', 2, '[0],[330000],', 4, NULL, NULL, NULL, NULL);
INSERT INTO `sys_area` VALUES (330702, 330700, '婺城区', '婺城', '119.65258', '29.082607', 3, '[0],[330000],[330700],', 6, NULL, NULL, NULL, NULL);
INSERT INTO `sys_area` VALUES (330703, 330700, '金东区', '金东', '119.681267', '29.095835', 3, '[0],[330000],[330700],', 2, NULL, NULL, NULL, NULL);
INSERT INTO `sys_area` VALUES (330723, 330700, '武义县', '武义', '119.81916', '28.896563', 3, '[0],[330000],[330700],', 7, NULL, NULL, NULL, NULL);
INSERT INTO `sys_area` VALUES (330726, 330700, '浦江县', '浦江', '119.893364', '29.451254', 3, '[0],[330000],[330700],', 5, NULL, NULL, NULL, NULL);
INSERT INTO `sys_area` VALUES (330727, 330700, '磐安县', '磐安', '120.445129', '29.052628', 3, '[0],[330000],[330700],', 4, NULL, NULL, NULL, NULL);
INSERT INTO `sys_area` VALUES (330781, 330700, '兰溪市', '兰溪', '119.460518', '29.210066', 3, '[0],[330000],[330700],', 3, NULL, NULL, NULL, NULL);
INSERT INTO `sys_area` VALUES (330782, 330700, '义乌市', '义乌', '120.074913', '29.306864', 3, '[0],[330000],[330700],', 8, NULL, NULL, NULL, NULL);
INSERT INTO `sys_area` VALUES (330783, 330700, '东阳市', '东阳', '120.233337', '29.262547', 3, '[0],[330000],[330700],', 1, NULL, NULL, NULL, NULL);
INSERT INTO `sys_area` VALUES (330784, 330700, '永康市', '永康', '120.036331', '28.895292', 3, '[0],[330000],[330700],', 9, NULL, NULL, NULL, NULL);
INSERT INTO `sys_area` VALUES (330800, 330000, '衢州市', '衢州', '118.872627', '28.941708', 2, '[0],[330000],', 7, NULL, NULL, NULL, NULL);
INSERT INTO `sys_area` VALUES (330802, 330800, '柯城区', '柯城', '118.873039', '28.944538', 3, '[0],[330000],[330800],', 4, NULL, NULL, NULL, NULL);
INSERT INTO `sys_area` VALUES (330803, 330800, '衢江区', '衢江', '118.95768', '28.973194', 3, '[0],[330000],[330800],', 6, NULL, NULL, NULL, NULL);
INSERT INTO `sys_area` VALUES (330822, 330800, '常山县', '常山', '118.521652', '28.90004', 3, '[0],[330000],[330800],', 1, NULL, NULL, NULL, NULL);
INSERT INTO `sys_area` VALUES (330824, 330800, '开化县', '开化', '118.414436', '29.136503', 3, '[0],[330000],[330800],', 3, NULL, NULL, NULL, NULL);
INSERT INTO `sys_area` VALUES (330825, 330800, '龙游县', '龙游', '119.172523', '29.031364', 3, '[0],[330000],[330800],', 5, NULL, NULL, NULL, NULL);
INSERT INTO `sys_area` VALUES (330881, 330800, '江山市', '江山', '118.627876', '28.734674', 3, '[0],[330000],[330800],', 2, NULL, NULL, NULL, NULL);
INSERT INTO `sys_area` VALUES (330900, 330000, '舟山市', '舟山', '122.106865', '30.016027', 2, '[0],[330000],', 11, NULL, NULL, NULL, NULL);
INSERT INTO `sys_area` VALUES (330902, 330900, '定海区', '定海', '122.108498', '30.016422', 3, '[0],[330000],[330900],', 2, NULL, NULL, NULL, NULL);
INSERT INTO `sys_area` VALUES (330903, 330900, '普陀区', '普陀', '122.301956', '29.945614', 3, '[0],[330000],[330900],', 3, NULL, NULL, NULL, NULL);
INSERT INTO `sys_area` VALUES (330921, 330900, '岱山县', '岱山', '122.201134', '30.242865', 3, '[0],[330000],[330900],', 1, NULL, NULL, NULL, NULL);
INSERT INTO `sys_area` VALUES (330922, 330900, '嵊泗县', '嵊泗', '122.457809', '30.727165', 3, '[0],[330000],[330900],', 4, NULL, NULL, NULL, NULL);
INSERT INTO `sys_area` VALUES (331000, 330000, '台州市', '台州', '121.428596', '28.661379', 2, '[0],[330000],', 9, NULL, NULL, NULL, NULL);
INSERT INTO `sys_area` VALUES (331002, 331000, '椒江区', '椒江', '121.431046', '28.676149', 3, '[0],[330000],[331000],', 2, NULL, NULL, NULL, NULL);
INSERT INTO `sys_area` VALUES (331003, 331000, '黄岩区', '黄岩', '121.262138', '28.64488', 3, '[0],[330000],[331000],', 1, NULL, NULL, NULL, NULL);
INSERT INTO `sys_area` VALUES (331004, 331000, '路桥区', '路桥', '121.372917', '28.581799', 3, '[0],[330000],[331000],', 4, NULL, NULL, NULL, NULL);
INSERT INTO `sys_area` VALUES (331021, 331000, '玉环县', '玉环', '121.232338', '28.12842', 3, '[0],[330000],[331000],', 9, NULL, NULL, NULL, NULL);
INSERT INTO `sys_area` VALUES (331022, 331000, '三门县', '三门', '121.376427', '29.118956', 3, '[0],[330000],[331000],', 5, NULL, NULL, NULL, NULL);
INSERT INTO `sys_area` VALUES (331023, 331000, '天台县', '天台', '121.031227', '29.141127', 3, '[0],[330000],[331000],', 6, NULL, NULL, NULL, NULL);
INSERT INTO `sys_area` VALUES (331024, 331000, '仙居县', '仙居', '120.735077', '28.849213', 3, '[0],[330000],[331000],', 8, NULL, NULL, NULL, NULL);
INSERT INTO `sys_area` VALUES (331081, 331000, '温岭市', '温岭', '121.373611', '28.36878', 3, '[0],[330000],[331000],', 7, NULL, NULL, NULL, NULL);
INSERT INTO `sys_area` VALUES (331082, 331000, '临海市', '临海', '121.131226', '28.845442', 3, '[0],[330000],[331000],', 3, NULL, NULL, NULL, NULL);
INSERT INTO `sys_area` VALUES (331100, 330000, '丽水市', '丽水', '119.921783', '28.451994', 2, '[0],[330000],', 5, NULL, NULL, NULL, NULL);
INSERT INTO `sys_area` VALUES (331102, 331100, '莲都区', '莲都', '119.922295', '28.451103', 3, '[0],[330000],[331100],', 3, NULL, NULL, NULL, NULL);
INSERT INTO `sys_area` VALUES (331121, 331100, '青田县', '青田', '120.291939', '28.135246', 3, '[0],[330000],[331100],', 5, NULL, NULL, NULL, NULL);
INSERT INTO `sys_area` VALUES (331122, 331100, '缙云县', '缙云', '120.078964', '28.654207', 3, '[0],[330000],[331100],', 2, NULL, NULL, NULL, NULL);
INSERT INTO `sys_area` VALUES (331123, 331100, '遂昌县', '遂昌', '119.275887', '28.5924', 3, '[0],[330000],[331100],', 8, NULL, NULL, NULL, NULL);
INSERT INTO `sys_area` VALUES (331124, 331100, '松阳县', '松阳', '119.485291', '28.449938', 3, '[0],[330000],[331100],', 7, NULL, NULL, NULL, NULL);
INSERT INTO `sys_area` VALUES (331125, 331100, '云和县', '云和', '119.569458', '28.111076', 3, '[0],[330000],[331100],', 9, NULL, NULL, NULL, NULL);
INSERT INTO `sys_area` VALUES (331126, 331100, '庆元县', '庆元', '119.06723', '27.618231', 3, '[0],[330000],[331100],', 6, NULL, NULL, NULL, NULL);
INSERT INTO `sys_area` VALUES (331127, 331100, '景宁畲族自治县', '景宁', '119.634666', '27.977247', 3, '[0],[330000],[331100],', 1, NULL, NULL, NULL, NULL);
INSERT INTO `sys_area` VALUES (331181, 331100, '龙泉市', '龙泉', '119.132317', '28.069178', 3, '[0],[330000],[331100],', 4, NULL, NULL, NULL, NULL);
INSERT INTO `sys_area` VALUES (340000, 0, '安徽省', '安徽', '117.283043', '31.861191', 1, '[0],', 12, NULL, NULL, NULL, NULL);
INSERT INTO `sys_area` VALUES (340100, 340000, '合肥市', '合肥', '117.283043', '31.861191', 2, '[0],[340000],', 7, NULL, NULL, NULL, NULL);
INSERT INTO `sys_area` VALUES (340102, 340100, '瑶海区', '瑶海', '117.315361', '31.86961', 3, '[0],[340000],[340100],', 9, NULL, NULL, NULL, NULL);
INSERT INTO `sys_area` VALUES (340103, 340100, '庐阳区', '庐阳', '117.283775', '31.869011', 3, '[0],[340000],[340100],', 7, NULL, NULL, NULL, NULL);
INSERT INTO `sys_area` VALUES (340104, 340100, '蜀山区', '蜀山', '117.26207', '31.855867', 3, '[0],[340000],[340100],', 8, NULL, NULL, NULL, NULL);
INSERT INTO `sys_area` VALUES (340111, 340100, '包河区', '包河', '117.285751', '31.829559', 3, '[0],[340000],[340100],', 1, NULL, NULL, NULL, NULL);
INSERT INTO `sys_area` VALUES (340121, 340100, '长丰县', '长丰', '117.164696', '32.478546', 3, '[0],[340000],[340100],', 2, NULL, NULL, NULL, NULL);
INSERT INTO `sys_area` VALUES (340122, 340100, '肥东县', '肥东', '117.463219', '31.883991', 3, '[0],[340000],[340100],', 4, NULL, NULL, NULL, NULL);
INSERT INTO `sys_area` VALUES (340123, 340100, '肥西县', '肥西', '117.166115', '31.719646', 3, '[0],[340000],[340100],', 5, NULL, NULL, NULL, NULL);
INSERT INTO `sys_area` VALUES (340200, 340000, '芜湖市', '芜湖', '118.37645', '31.326319', 2, '[0],[340000],', 15, NULL, NULL, NULL, NULL);
INSERT INTO `sys_area` VALUES (340202, 340200, '镜湖区', '镜湖', '118.376343', '31.32559', 3, '[0],[340000],[340200],', 2, NULL, NULL, NULL, NULL);
INSERT INTO `sys_area` VALUES (340203, 340200, '弋江区', '弋江', '118.37748', '31.313395', 3, '[0],[340000],[340200],', 8, NULL, NULL, NULL, NULL);
INSERT INTO `sys_area` VALUES (340207, 340200, '鸠江区', '鸠江', '118.400177', '31.362717', 3, '[0],[340000],[340200],', 3, NULL, NULL, NULL, NULL);
INSERT INTO `sys_area` VALUES (340208, 340200, '三山区', '三山', '118.233986', '31.225424', 3, '[0],[340000],[340200],', 5, NULL, NULL, NULL, NULL);
INSERT INTO `sys_area` VALUES (340221, 340200, '芜湖县', '芜湖', '118.572304', '31.145262', 3, '[0],[340000],[340200],', 6, NULL, NULL, NULL, NULL);
INSERT INTO `sys_area` VALUES (340222, 340200, '繁昌县', '繁昌', '118.201347', '31.080896', 3, '[0],[340000],[340200],', 1, NULL, NULL, NULL, NULL);
INSERT INTO `sys_area` VALUES (340223, 340200, '南陵县', '南陵', '118.337105', '30.919638', 3, '[0],[340000],[340200],', 4, NULL, NULL, NULL, NULL);
INSERT INTO `sys_area` VALUES (340300, 340000, '蚌埠市', '蚌埠', '117.363228', '32.939667', 2, '[0],[340000],', 2, NULL, NULL, NULL, NULL);
INSERT INTO `sys_area` VALUES (340302, 340300, '龙子湖区', '龙子湖', '117.382309', '32.950451', 3, '[0],[340000],[340300],', 5, NULL, NULL, NULL, NULL);
INSERT INTO `sys_area` VALUES (340303, 340300, '蚌山区', '蚌山', '117.355789', '32.938065', 3, '[0],[340000],[340300],', 1, NULL, NULL, NULL, NULL);
INSERT INTO `sys_area` VALUES (340304, 340300, '禹会区', '禹会', '117.352592', '32.931934', 3, '[0],[340000],[340300],', 7, NULL, NULL, NULL, NULL);
INSERT INTO `sys_area` VALUES (340311, 340300, '淮上区', '淮上', '117.347092', '32.963146', 3, '[0],[340000],[340300],', 3, NULL, NULL, NULL, NULL);
INSERT INTO `sys_area` VALUES (340321, 340300, '怀远县', '怀远', '117.200172', '32.956936', 3, '[0],[340000],[340300],', 4, NULL, NULL, NULL, NULL);
INSERT INTO `sys_area` VALUES (340322, 340300, '五河县', '五河', '117.888809', '33.146202', 3, '[0],[340000],[340300],', 6, NULL, NULL, NULL, NULL);
INSERT INTO `sys_area` VALUES (340323, 340300, '固镇县', '固镇', '117.315964', '33.31868', 3, '[0],[340000],[340300],', 2, NULL, NULL, NULL, NULL);
INSERT INTO `sys_area` VALUES (340400, 340000, '淮南市', '淮南', '117.018326', '32.647575', 2, '[0],[340000],', 9, NULL, NULL, NULL, NULL);
INSERT INTO `sys_area` VALUES (340402, 340400, '大通区', '大通', '117.052925', '32.632065', 3, '[0],[340000],[340400],', 2, NULL, NULL, NULL, NULL);
INSERT INTO `sys_area` VALUES (340403, 340400, '田家庵区', '田家庵', '117.018318', '32.644341', 3, '[0],[340000],[340400],', 5, NULL, NULL, NULL, NULL);
INSERT INTO `sys_area` VALUES (340404, 340400, '谢家集区', '谢家集', '116.865356', '32.598289', 3, '[0],[340000],[340400],', 6, NULL, NULL, NULL, NULL);
INSERT INTO `sys_area` VALUES (340405, 340400, '八公山区', '八公山', '116.84111', '32.628227', 3, '[0],[340000],[340400],', 1, NULL, NULL, NULL, NULL);
INSERT INTO `sys_area` VALUES (340406, 340400, '潘集区', '潘集', '116.816879', '32.782116', 3, '[0],[340000],[340400],', 4, NULL, NULL, NULL, NULL);
INSERT INTO `sys_area` VALUES (340421, 340400, '凤台县', '凤台', '116.722771', '32.705383', 3, '[0],[340000],[340400],', 3, NULL, NULL, NULL, NULL);
INSERT INTO `sys_area` VALUES (340500, 340000, '马鞍山市', '马鞍山', '118.507904', '31.689362', 2, '[0],[340000],', 12, NULL, NULL, NULL, NULL);
INSERT INTO `sys_area` VALUES (340503, 340500, '花山区', '花山', '118.511307', '31.69902', 3, '[0],[340000],[340500],', 5, NULL, NULL, NULL, NULL);
INSERT INTO `sys_area` VALUES (340504, 340500, '雨山区', '雨山', '118.493103', '31.685911', 3, '[0],[340000],[340500],', 6, NULL, NULL, NULL, NULL);
INSERT INTO `sys_area` VALUES (340506, 340500, '博望区', '博望', '118.843742', '31.562321', 3, '[0],[340000],[340500],', 1, NULL, NULL, NULL, NULL);
INSERT INTO `sys_area` VALUES (340521, 340500, '当涂县', '当涂', '118.489876', '31.556168', 3, '[0],[340000],[340500],', 2, NULL, NULL, NULL, NULL);
INSERT INTO `sys_area` VALUES (340600, 340000, '淮北市', '淮北', '116.794662', '33.971706', 2, '[0],[340000],', 8, NULL, NULL, NULL, NULL);
INSERT INTO `sys_area` VALUES (340602, 340600, '杜集区', '杜集', '116.833923', '33.991219', 3, '[0],[340000],[340600],', 1, NULL, NULL, NULL, NULL);
INSERT INTO `sys_area` VALUES (340603, 340600, '相山区', '相山', '116.790771', '33.970917', 3, '[0],[340000],[340600],', 4, NULL, NULL, NULL, NULL);
INSERT INTO `sys_area` VALUES (340604, 340600, '烈山区', '烈山', '116.809464', '33.88953', 3, '[0],[340000],[340600],', 2, NULL, NULL, NULL, NULL);
INSERT INTO `sys_area` VALUES (340621, 340600, '濉溪县', '濉溪', '116.767433', '33.916409', 3, '[0],[340000],[340600],', 3, NULL, NULL, NULL, NULL);
INSERT INTO `sys_area` VALUES (340700, 340000, '铜陵市', '铜陵', '117.816574', '30.929935', 2, '[0],[340000],', 14, NULL, NULL, NULL, NULL);
INSERT INTO `sys_area` VALUES (340702, 340700, '铜官山区', '铜官山', '117.818428', '30.93182', 3, '[0],[340000],[340700],', 3, NULL, NULL, NULL, NULL);
INSERT INTO `sys_area` VALUES (340703, 340700, '狮子山区', '狮子山', '117.864098', '30.946249', 3, '[0],[340000],[340700],', 2, NULL, NULL, NULL, NULL);
INSERT INTO `sys_area` VALUES (340711, 340700, '郊区', '郊区', '117.816574', '30.929935', 3, '[0],[340000],[340700],', 1, NULL, NULL, NULL, NULL);
INSERT INTO `sys_area` VALUES (340721, 340700, '铜陵县', '铜陵', '117.79229', '30.952337', 3, '[0],[340000],[340700],', 4, NULL, NULL, NULL, NULL);
INSERT INTO `sys_area` VALUES (340800, 340000, '安庆市', '安庆', '117.043549', '30.508829', 2, '[0],[340000],', 1, NULL, NULL, NULL, NULL);
INSERT INTO `sys_area` VALUES (340802, 340800, '迎江区', '迎江', '117.044968', '30.506374', 3, '[0],[340000],[340800],', 8, NULL, NULL, NULL, NULL);
INSERT INTO `sys_area` VALUES (340803, 340800, '大观区', '大观', '117.034515', '30.505632', 3, '[0],[340000],[340800],', 1, NULL, NULL, NULL, NULL);
INSERT INTO `sys_area` VALUES (340811, 340800, '宜秀区', '宜秀', '117.07', '30.541323', 3, '[0],[340000],[340800],', 9, NULL, NULL, NULL, NULL);
INSERT INTO `sys_area` VALUES (340822, 340800, '怀宁县', '怀宁', '116.828667', '30.734995', 3, '[0],[340000],[340800],', 2, NULL, NULL, NULL, NULL);
INSERT INTO `sys_area` VALUES (340823, 340800, '枞阳县', '枞阳', '117.222031', '30.700615', 3, '[0],[340000],[340800],', 11, NULL, NULL, NULL, NULL);
INSERT INTO `sys_area` VALUES (340824, 340800, '潜山县', '潜山', '116.573669', '30.638222', 3, '[0],[340000],[340800],', 3, NULL, NULL, NULL, NULL);
INSERT INTO `sys_area` VALUES (340825, 340800, '太湖县', '太湖', '116.305222', '30.451868', 3, '[0],[340000],[340800],', 5, NULL, NULL, NULL, NULL);
INSERT INTO `sys_area` VALUES (340826, 340800, '宿松县', '宿松', '116.120201', '30.158327', 3, '[0],[340000],[340800],', 4, NULL, NULL, NULL, NULL);
INSERT INTO `sys_area` VALUES (340827, 340800, '望江县', '望江', '116.690926', '30.12491', 3, '[0],[340000],[340800],', 7, NULL, NULL, NULL, NULL);
INSERT INTO `sys_area` VALUES (340828, 340800, '岳西县', '岳西', '116.360481', '30.848501', 3, '[0],[340000],[340800],', 10, NULL, NULL, NULL, NULL);
INSERT INTO `sys_area` VALUES (340881, 340800, '桐城市', '桐城', '116.959656', '31.050575', 3, '[0],[340000],[340800],', 6, NULL, NULL, NULL, NULL);
INSERT INTO `sys_area` VALUES (341000, 340000, '黄山市', '黄山', '118.317322', '29.709238', 2, '[0],[340000],', 10, NULL, NULL, NULL, NULL);
INSERT INTO `sys_area` VALUES (341002, 341000, '屯溪区', '屯溪', '118.317352', '29.709187', 3, '[0],[340000],[341000],', 5, NULL, NULL, NULL, NULL);
INSERT INTO `sys_area` VALUES (341003, 341000, '黄山区', '黄山', '118.136642', '30.294518', 3, '[0],[340000],[341000],', 1, NULL, NULL, NULL, NULL);
INSERT INTO `sys_area` VALUES (341004, 341000, '徽州区', '徽州', '118.339745', '29.825201', 3, '[0],[340000],[341000],', 2, NULL, NULL, NULL, NULL);
INSERT INTO `sys_area` VALUES (341021, 341000, '歙县', '歙县', '118.428024', '29.867748', 3, '[0],[340000],[341000],', 4, NULL, NULL, NULL, NULL);
INSERT INTO `sys_area` VALUES (341022, 341000, '休宁县', '休宁', '118.18853', '29.788877', 3, '[0],[340000],[341000],', 6, NULL, NULL, NULL, NULL);
INSERT INTO `sys_area` VALUES (341023, 341000, '黟县', '黟县', '117.942909', '29.923813', 3, '[0],[340000],[341000],', 7, NULL, NULL, NULL, NULL);
INSERT INTO `sys_area` VALUES (341024, 341000, '祁门县', '祁门', '117.717239', '29.853472', 3, '[0],[340000],[341000],', 3, NULL, NULL, NULL, NULL);
INSERT INTO `sys_area` VALUES (341100, 340000, '滁州市', '滁州', '118.316261', '32.303627', 2, '[0],[340000],', 5, NULL, NULL, NULL, NULL);
INSERT INTO `sys_area` VALUES (341102, 341100, '琅琊区', '琅琊', '118.316475', '32.303799', 3, '[0],[340000],[341100],', 4, NULL, NULL, NULL, NULL);
INSERT INTO `sys_area` VALUES (341103, 341100, '南谯区', '南谯', '118.296951', '32.329842', 3, '[0],[340000],[341100],', 6, NULL, NULL, NULL, NULL);
INSERT INTO `sys_area` VALUES (341122, 341100, '来安县', '来安', '118.433296', '32.45023', 3, '[0],[340000],[341100],', 3, NULL, NULL, NULL, NULL);
INSERT INTO `sys_area` VALUES (341124, 341100, '全椒县', '全椒', '118.268578', '32.093849', 3, '[0],[340000],[341100],', 7, NULL, NULL, NULL, NULL);
INSERT INTO `sys_area` VALUES (341125, 341100, '定远县', '定远', '117.683716', '32.527103', 3, '[0],[340000],[341100],', 1, NULL, NULL, NULL, NULL);
INSERT INTO `sys_area` VALUES (341126, 341100, '凤阳县', '凤阳', '117.562462', '32.867146', 3, '[0],[340000],[341100],', 2, NULL, NULL, NULL, NULL);
INSERT INTO `sys_area` VALUES (341181, 341100, '天长市', '天长', '119.011215', '32.681499', 3, '[0],[340000],[341100],', 8, NULL, NULL, NULL, NULL);
INSERT INTO `sys_area` VALUES (341182, 341100, '明光市', '明光', '117.998047', '32.781204', 3, '[0],[340000],[341100],', 5, NULL, NULL, NULL, NULL);
INSERT INTO `sys_area` VALUES (341200, 340000, '阜阳市', '阜阳', '115.819733', '32.896969', 2, '[0],[340000],', 6, NULL, NULL, NULL, NULL);
INSERT INTO `sys_area` VALUES (341202, 341200, '颍州区', '颍州', '115.813911', '32.891239', 3, '[0],[340000],[341200],', 8, NULL, NULL, NULL, NULL);
INSERT INTO `sys_area` VALUES (341203, 341200, '颍东区', '颍东', '115.858749', '32.908859', 3, '[0],[340000],[341200],', 5, NULL, NULL, NULL, NULL);
INSERT INTO `sys_area` VALUES (341204, 341200, '颍泉区', '颍泉', '115.804527', '32.924797', 3, '[0],[340000],[341200],', 6, NULL, NULL, NULL, NULL);
INSERT INTO `sys_area` VALUES (341221, 341200, '临泉县', '临泉', '115.261688', '33.062698', 3, '[0],[340000],[341200],', 3, NULL, NULL, NULL, NULL);
INSERT INTO `sys_area` VALUES (341222, 341200, '太和县', '太和', '115.627243', '33.162289', 3, '[0],[340000],[341200],', 4, NULL, NULL, NULL, NULL);
INSERT INTO `sys_area` VALUES (341225, 341200, '阜南县', '阜南', '115.59053', '32.638103', 3, '[0],[340000],[341200],', 1, NULL, NULL, NULL, NULL);
INSERT INTO `sys_area` VALUES (341226, 341200, '颍上县', '颍上', '116.259125', '32.637066', 3, '[0],[340000],[341200],', 7, NULL, NULL, NULL, NULL);
INSERT INTO `sys_area` VALUES (341282, 341200, '界首市', '界首', '115.362114', '33.261532', 3, '[0],[340000],[341200],', 2, NULL, NULL, NULL, NULL);
INSERT INTO `sys_area` VALUES (341300, 340000, '宿州市', '宿州', '116.984085', '33.633892', 2, '[0],[340000],', 13, NULL, NULL, NULL, NULL);
INSERT INTO `sys_area` VALUES (341302, 341300, '埇桥区', '埇桥', '116.983307', '33.633854', 3, '[0],[340000],[341300],', 5, NULL, NULL, NULL, NULL);
INSERT INTO `sys_area` VALUES (341321, 341300, '砀山县', '砀山', '116.351112', '34.426247', 3, '[0],[340000],[341300],', 1, NULL, NULL, NULL, NULL);
INSERT INTO `sys_area` VALUES (341322, 341300, '萧县', '萧县', '116.945396', '34.183266', 3, '[0],[340000],[341300],', 4, NULL, NULL, NULL, NULL);
INSERT INTO `sys_area` VALUES (341323, 341300, '灵璧县', '灵璧', '117.551491', '33.54063', 3, '[0],[340000],[341300],', 2, NULL, NULL, NULL, NULL);
INSERT INTO `sys_area` VALUES (341324, 341300, '泗县', '泗县', '117.885445', '33.477581', 3, '[0],[340000],[341300],', 3, NULL, NULL, NULL, NULL);
INSERT INTO `sys_area` VALUES (341400, 340100, '巢湖市', '巢湖', '117.874153', '31.600517', 3, '[0],[340000],[340100],', 3, NULL, NULL, NULL, NULL);
INSERT INTO `sys_area` VALUES (341421, 340100, '庐江县', '庐江', '117.289841', '31.251488', 3, '[0],[340000],[340100],', 6, NULL, NULL, NULL, NULL);
INSERT INTO `sys_area` VALUES (341422, 340200, '无为县', '无为', '117.91143', '31.303076', 3, '[0],[340000],[340200],', 7, NULL, NULL, NULL, NULL);
INSERT INTO `sys_area` VALUES (341423, 340500, '含山县', '含山', '118.105545', '31.727758', 3, '[0],[340000],[340500],', 3, NULL, NULL, NULL, NULL);
INSERT INTO `sys_area` VALUES (341424, 340500, '和县', '和县', '118.362999', '31.716635', 3, '[0],[340000],[340500],', 4, NULL, NULL, NULL, NULL);
INSERT INTO `sys_area` VALUES (341500, 340000, '六安市', '六安', '116.507675', '31.75289', 2, '[0],[340000],', 11, NULL, NULL, NULL, NULL);
INSERT INTO `sys_area` VALUES (341502, 341500, '金安区', '金安', '116.503288', '31.754492', 3, '[0],[340000],[341500],', 3, NULL, NULL, NULL, NULL);
INSERT INTO `sys_area` VALUES (341503, 341500, '裕安区', '裕安', '116.494545', '31.750692', 3, '[0],[340000],[341500],', 7, NULL, NULL, NULL, NULL);
INSERT INTO `sys_area` VALUES (341521, 341500, '寿县', '寿县', '116.785347', '32.577305', 3, '[0],[340000],[341500],', 5, NULL, NULL, NULL, NULL);
INSERT INTO `sys_area` VALUES (341522, 341500, '霍邱县', '霍邱', '116.278877', '32.341305', 3, '[0],[340000],[341500],', 1, NULL, NULL, NULL, NULL);
INSERT INTO `sys_area` VALUES (341523, 341500, '舒城县', '舒城', '116.944092', '31.462849', 3, '[0],[340000],[341500],', 6, NULL, NULL, NULL, NULL);
INSERT INTO `sys_area` VALUES (341524, 341500, '金寨县', '金寨', '115.878517', '31.681623', 3, '[0],[340000],[341500],', 4, NULL, NULL, NULL, NULL);
INSERT INTO `sys_area` VALUES (341525, 341500, '霍山县', '霍山', '116.333076', '31.402456', 3, '[0],[340000],[341500],', 2, NULL, NULL, NULL, NULL);
INSERT INTO `sys_area` VALUES (341600, 340000, '亳州市', '亳州', '115.782936', '33.869339', 2, '[0],[340000],', 3, NULL, NULL, NULL, NULL);
INSERT INTO `sys_area` VALUES (341602, 341600, '谯城区', '谯城', '115.781212', '33.869286', 3, '[0],[340000],[341600],', 4, NULL, NULL, NULL, NULL);
INSERT INTO `sys_area` VALUES (341621, 341600, '涡阳县', '涡阳', '116.211548', '33.502831', 3, '[0],[340000],[341600],', 1, NULL, NULL, NULL, NULL);
INSERT INTO `sys_area` VALUES (341622, 341600, '蒙城县', '蒙城', '116.560333', '33.260815', 3, '[0],[340000],[341600],', 3, NULL, NULL, NULL, NULL);
INSERT INTO `sys_area` VALUES (341623, 341600, '利辛县', '利辛', '116.207779', '33.143501', 3, '[0],[340000],[341600],', 2, NULL, NULL, NULL, NULL);
INSERT INTO `sys_area` VALUES (341700, 340000, '池州市', '池州', '117.489159', '30.656036', 2, '[0],[340000],', 4, NULL, NULL, NULL, NULL);
INSERT INTO `sys_area` VALUES (341702, 341700, '贵池区', '贵池', '117.488342', '30.657377', 3, '[0],[340000],[341700],', 2, NULL, NULL, NULL, NULL);
INSERT INTO `sys_area` VALUES (341721, 341700, '东至县', '东至', '117.021477', '30.096567', 3, '[0],[340000],[341700],', 1, NULL, NULL, NULL, NULL);
INSERT INTO `sys_area` VALUES (341722, 341700, '石台县', '石台', '117.48291', '30.210323', 3, '[0],[340000],[341700],', 4, NULL, NULL, NULL, NULL);
INSERT INTO `sys_area` VALUES (341723, 341700, '青阳县', '青阳', '117.857391', '30.63818', 3, '[0],[340000],[341700],', 3, NULL, NULL, NULL, NULL);
INSERT INTO `sys_area` VALUES (341800, 340000, '宣城市', '宣城', '118.757996', '30.945667', 2, '[0],[340000],', 16, NULL, NULL, NULL, NULL);
INSERT INTO `sys_area` VALUES (341802, 341800, '宣州区', '宣州', '118.758415', '30.946003', 3, '[0],[340000],[341800],', 7, NULL, NULL, NULL, NULL);
INSERT INTO `sys_area` VALUES (341821, 341800, '郎溪县', '郎溪', '119.18502', '31.127834', 3, '[0],[340000],[341800],', 5, NULL, NULL, NULL, NULL);
INSERT INTO `sys_area` VALUES (341822, 341800, '广德县', '广德', '119.417519', '30.893116', 3, '[0],[340000],[341800],', 1, NULL, NULL, NULL, NULL);
INSERT INTO `sys_area` VALUES (341823, 341800, '泾县', '泾县', '118.412399', '30.685974', 3, '[0],[340000],[341800],', 3, NULL, NULL, NULL, NULL);
INSERT INTO `sys_area` VALUES (341824, 341800, '绩溪县', '绩溪', '118.594704', '30.065268', 3, '[0],[340000],[341800],', 4, NULL, NULL, NULL, NULL);
INSERT INTO `sys_area` VALUES (341825, 341800, '旌德县', '旌德', '118.543083', '30.288057', 3, '[0],[340000],[341800],', 2, NULL, NULL, NULL, NULL);
INSERT INTO `sys_area` VALUES (341881, 341800, '宁国市', '宁国', '118.983406', '30.62653', 3, '[0],[340000],[341800],', 6, NULL, NULL, NULL, NULL);
INSERT INTO `sys_area` VALUES (350000, 0, '福建省', '福建', '119.306236', '26.075302', 1, '[0],', 13, NULL, NULL, NULL, NULL);
INSERT INTO `sys_area` VALUES (350100, 350000, '福州市', '福州', '119.306236', '26.075302', 2, '[0],[350000],', 1, NULL, NULL, NULL, NULL);
INSERT INTO `sys_area` VALUES (350102, 350100, '鼓楼区', '鼓楼', '119.299294', '26.082285', 3, '[0],[350000],[350100],', 4, NULL, NULL, NULL, NULL);
INSERT INTO `sys_area` VALUES (350103, 350100, '台江区', '台江', '119.310158', '26.058617', 3, '[0],[350000],[350100],', 12, NULL, NULL, NULL, NULL);
INSERT INTO `sys_area` VALUES (350104, 350100, '仓山区', '仓山', '119.320992', '26.038912', 3, '[0],[350000],[350100],', 1, NULL, NULL, NULL, NULL);
INSERT INTO `sys_area` VALUES (350105, 350100, '马尾区', '马尾', '119.458725', '25.991976', 3, '[0],[350000],[350100],', 8, NULL, NULL, NULL, NULL);
INSERT INTO `sys_area` VALUES (350111, 350100, '晋安区', '晋安', '119.328598', '26.078836', 3, '[0],[350000],[350100],', 5, NULL, NULL, NULL, NULL);
INSERT INTO `sys_area` VALUES (350121, 350100, '闽侯县', '闽侯', '119.145119', '26.148567', 3, '[0],[350000],[350100],', 9, NULL, NULL, NULL, NULL);
INSERT INTO `sys_area` VALUES (350122, 350100, '连江县', '连江', '119.538368', '26.202108', 3, '[0],[350000],[350100],', 6, NULL, NULL, NULL, NULL);
INSERT INTO `sys_area` VALUES (350123, 350100, '罗源县', '罗源', '119.552643', '26.487234', 3, '[0],[350000],[350100],', 7, NULL, NULL, NULL, NULL);
INSERT INTO `sys_area` VALUES (350124, 350100, '闽清县', '闽清', '118.868416', '26.223793', 3, '[0],[350000],[350100],', 10, NULL, NULL, NULL, NULL);
INSERT INTO `sys_area` VALUES (350125, 350100, '永泰县', '永泰', '118.939087', '25.864824', 3, '[0],[350000],[350100],', 13, NULL, NULL, NULL, NULL);
INSERT INTO `sys_area` VALUES (350128, 350100, '平潭县', '平潭', '119.791199', '25.503672', 3, '[0],[350000],[350100],', 11, NULL, NULL, NULL, NULL);
INSERT INTO `sys_area` VALUES (350181, 350100, '福清市', '福清', '119.376991', '25.720402', 3, '[0],[350000],[350100],', 3, NULL, NULL, NULL, NULL);
INSERT INTO `sys_area` VALUES (350182, 350100, '长乐市', '长乐', '119.510849', '25.960583', 3, '[0],[350000],[350100],', 2, NULL, NULL, NULL, NULL);
INSERT INTO `sys_area` VALUES (350200, 350000, '厦门市', '厦门', '118.110222', '24.490475', 2, '[0],[350000],', 8, NULL, NULL, NULL, NULL);
INSERT INTO `sys_area` VALUES (350203, 350200, '思明区', '思明', '118.08783', '24.462059', 3, '[0],[350000],[350200],', 4, NULL, NULL, NULL, NULL);
INSERT INTO `sys_area` VALUES (350205, 350200, '海沧区', '海沧', '118.036362', '24.492512', 3, '[0],[350000],[350200],', 1, NULL, NULL, NULL, NULL);
INSERT INTO `sys_area` VALUES (350206, 350200, '湖里区', '湖里', '118.109428', '24.512764', 3, '[0],[350000],[350200],', 2, NULL, NULL, NULL, NULL);
INSERT INTO `sys_area` VALUES (350211, 350200, '集美区', '集美', '118.100868', '24.572874', 3, '[0],[350000],[350200],', 3, NULL, NULL, NULL, NULL);
INSERT INTO `sys_area` VALUES (350212, 350200, '同安区', '同安', '118.150452', '24.729334', 3, '[0],[350000],[350200],', 5, NULL, NULL, NULL, NULL);
INSERT INTO `sys_area` VALUES (350213, 350200, '翔安区', '翔安', '118.242813', '24.63748', 3, '[0],[350000],[350200],', 6, NULL, NULL, NULL, NULL);
INSERT INTO `sys_area` VALUES (350300, 350000, '莆田市', '莆田', '119.007561', '25.431011', 2, '[0],[350000],', 5, NULL, NULL, NULL, NULL);
INSERT INTO `sys_area` VALUES (350302, 350300, '城厢区', '城厢', '119.00103', '25.433737', 3, '[0],[350000],[350300],', 1, NULL, NULL, NULL, NULL);
INSERT INTO `sys_area` VALUES (350303, 350300, '涵江区', '涵江', '119.119102', '25.459272', 3, '[0],[350000],[350300],', 2, NULL, NULL, NULL, NULL);
INSERT INTO `sys_area` VALUES (350304, 350300, '荔城区', '荔城', '119.02005', '25.430046', 3, '[0],[350000],[350300],', 3, NULL, NULL, NULL, NULL);
INSERT INTO `sys_area` VALUES (350305, 350300, '秀屿区', '秀屿', '119.092606', '25.316141', 3, '[0],[350000],[350300],', 5, NULL, NULL, NULL, NULL);
INSERT INTO `sys_area` VALUES (350322, 350300, '仙游县', '仙游', '118.694328', '25.356529', 3, '[0],[350000],[350300],', 4, NULL, NULL, NULL, NULL);
INSERT INTO `sys_area` VALUES (350400, 350000, '三明市', '三明', '117.635002', '26.265444', 2, '[0],[350000],', 7, NULL, NULL, NULL, NULL);
INSERT INTO `sys_area` VALUES (350402, 350400, '梅列区', '梅列', '117.636871', '26.269209', 3, '[0],[350000],[350400],', 4, NULL, NULL, NULL, NULL);
INSERT INTO `sys_area` VALUES (350403, 350400, '三元区', '三元', '117.607414', '26.234192', 3, '[0],[350000],[350400],', 8, NULL, NULL, NULL, NULL);
INSERT INTO `sys_area` VALUES (350421, 350400, '明溪县', '明溪', '117.201843', '26.357374', 3, '[0],[350000],[350400],', 5, NULL, NULL, NULL, NULL);
INSERT INTO `sys_area` VALUES (350423, 350400, '清流县', '清流', '116.815819', '26.17761', 3, '[0],[350000],[350400],', 7, NULL, NULL, NULL, NULL);
INSERT INTO `sys_area` VALUES (350424, 350400, '宁化县', '宁化', '116.659721', '26.259932', 3, '[0],[350000],[350400],', 6, NULL, NULL, NULL, NULL);
INSERT INTO `sys_area` VALUES (350425, 350400, '大田县', '大田', '117.849358', '25.690804', 3, '[0],[350000],[350400],', 1, NULL, NULL, NULL, NULL);
INSERT INTO `sys_area` VALUES (350426, 350400, '尤溪县', '尤溪', '118.188576', '26.169262', 3, '[0],[350000],[350400],', 12, NULL, NULL, NULL, NULL);
INSERT INTO `sys_area` VALUES (350427, 350400, '沙县', '沙县', '117.789093', '26.397362', 3, '[0],[350000],[350400],', 9, NULL, NULL, NULL, NULL);
INSERT INTO `sys_area` VALUES (350428, 350400, '将乐县', '将乐', '117.473557', '26.728666', 3, '[0],[350000],[350400],', 2, NULL, NULL, NULL, NULL);
INSERT INTO `sys_area` VALUES (350429, 350400, '泰宁县', '泰宁', '117.177521', '26.897995', 3, '[0],[350000],[350400],', 10, NULL, NULL, NULL, NULL);
INSERT INTO `sys_area` VALUES (350430, 350400, '建宁县', '建宁', '116.845833', '26.831398', 3, '[0],[350000],[350400],', 3, NULL, NULL, NULL, NULL);
INSERT INTO `sys_area` VALUES (350481, 350400, '永安市', '永安', '117.364449', '25.974075', 3, '[0],[350000],[350400],', 11, NULL, NULL, NULL, NULL);
INSERT INTO `sys_area` VALUES (350500, 350000, '泉州市', '泉州', '118.589424', '24.908854', 2, '[0],[350000],', 6, NULL, NULL, NULL, NULL);
INSERT INTO `sys_area` VALUES (350502, 350500, '鲤城区', '鲤城', '118.588928', '24.907644', 3, '[0],[350000],[350500],', 7, NULL, NULL, NULL, NULL);
INSERT INTO `sys_area` VALUES (350503, 350500, '丰泽区', '丰泽', '118.605148', '24.896042', 3, '[0],[350000],[350500],', 3, NULL, NULL, NULL, NULL);
INSERT INTO `sys_area` VALUES (350504, 350500, '洛江区', '洛江', '118.670311', '24.941153', 3, '[0],[350000],[350500],', 8, NULL, NULL, NULL, NULL);
INSERT INTO `sys_area` VALUES (350505, 350500, '泉港区', '泉港', '118.912285', '25.12686', 3, '[0],[350000],[350500],', 10, NULL, NULL, NULL, NULL);
INSERT INTO `sys_area` VALUES (350521, 350500, '惠安县', '惠安', '118.79895', '25.028719', 3, '[0],[350000],[350500],', 4, NULL, NULL, NULL, NULL);
INSERT INTO `sys_area` VALUES (350524, 350500, '安溪县', '安溪', '118.186012', '25.056824', 3, '[0],[350000],[350500],', 1, NULL, NULL, NULL, NULL);
INSERT INTO `sys_area` VALUES (350525, 350500, '永春县', '永春', '118.295029', '25.320721', 3, '[0],[350000],[350500],', 12, NULL, NULL, NULL, NULL);
INSERT INTO `sys_area` VALUES (350526, 350500, '德化县', '德化', '118.242989', '25.489004', 3, '[0],[350000],[350500],', 2, NULL, NULL, NULL, NULL);
INSERT INTO `sys_area` VALUES (350527, 350500, '金门县', '金门', '118.323219', '24.436417', 3, '[0],[350000],[350500],', 6, NULL, NULL, NULL, NULL);
INSERT INTO `sys_area` VALUES (350581, 350500, '石狮市', '石狮', '118.628403', '24.731977', 3, '[0],[350000],[350500],', 11, NULL, NULL, NULL, NULL);
INSERT INTO `sys_area` VALUES (350582, 350500, '晋江市', '晋江', '118.577339', '24.807322', 3, '[0],[350000],[350500],', 5, NULL, NULL, NULL, NULL);
INSERT INTO `sys_area` VALUES (350583, 350500, '南安市', '南安', '118.387032', '24.959494', 3, '[0],[350000],[350500],', 9, NULL, NULL, NULL, NULL);
INSERT INTO `sys_area` VALUES (350600, 350000, '漳州市', '漳州', '117.661804', '24.510897', 2, '[0],[350000],', 9, NULL, NULL, NULL, NULL);
INSERT INTO `sys_area` VALUES (350602, 350600, '芗城区', '芗城', '117.656464', '24.509954', 3, '[0],[350000],[350600],', 8, NULL, NULL, NULL, NULL);
INSERT INTO `sys_area` VALUES (350603, 350600, '龙文区', '龙文', '117.671387', '24.515656', 3, '[0],[350000],[350600],', 5, NULL, NULL, NULL, NULL);
INSERT INTO `sys_area` VALUES (350622, 350600, '云霄县', '云霄', '117.340942', '23.950485', 3, '[0],[350000],[350600],', 9, NULL, NULL, NULL, NULL);
INSERT INTO `sys_area` VALUES (350623, 350600, '漳浦县', '漳浦', '117.614021', '24.117907', 3, '[0],[350000],[350600],', 10, NULL, NULL, NULL, NULL);
INSERT INTO `sys_area` VALUES (350624, 350600, '诏安县', '诏安', '117.176086', '23.710835', 3, '[0],[350000],[350600],', 11, NULL, NULL, NULL, NULL);
INSERT INTO `sys_area` VALUES (350625, 350600, '长泰县', '长泰', '117.755913', '24.621475', 3, '[0],[350000],[350600],', 1, NULL, NULL, NULL, NULL);
INSERT INTO `sys_area` VALUES (350626, 350600, '东山县', '东山', '117.427681', '23.702845', 3, '[0],[350000],[350600],', 2, NULL, NULL, NULL, NULL);
INSERT INTO `sys_area` VALUES (350627, 350600, '南靖县', '南靖', '117.365463', '24.516424', 3, '[0],[350000],[350600],', 6, NULL, NULL, NULL, NULL);
INSERT INTO `sys_area` VALUES (350628, 350600, '平和县', '平和', '117.313545', '24.366158', 3, '[0],[350000],[350600],', 7, NULL, NULL, NULL, NULL);
INSERT INTO `sys_area` VALUES (350629, 350600, '华安县', '华安', '117.536308', '25.001415', 3, '[0],[350000],[350600],', 3, NULL, NULL, NULL, NULL);
INSERT INTO `sys_area` VALUES (350681, 350600, '龙海市', '龙海', '117.817291', '24.445341', 3, '[0],[350000],[350600],', 4, NULL, NULL, NULL, NULL);
INSERT INTO `sys_area` VALUES (350700, 350000, '南平市', '南平', '118.178459', '26.635628', 2, '[0],[350000],', 3, NULL, NULL, NULL, NULL);
INSERT INTO `sys_area` VALUES (350702, 350700, '延平区', '延平', '118.178917', '26.63608', 3, '[0],[350000],[350700],', 9, NULL, NULL, NULL, NULL);
INSERT INTO `sys_area` VALUES (350721, 350700, '顺昌县', '顺昌', '117.807709', '26.79285', 3, '[0],[350000],[350700],', 6, NULL, NULL, NULL, NULL);
INSERT INTO `sys_area` VALUES (350722, 350700, '浦城县', '浦城', '118.536819', '27.920412', 3, '[0],[350000],[350700],', 4, NULL, NULL, NULL, NULL);
INSERT INTO `sys_area` VALUES (350723, 350700, '光泽县', '光泽', '117.337898', '27.542803', 3, '[0],[350000],[350700],', 1, NULL, NULL, NULL, NULL);
INSERT INTO `sys_area` VALUES (350724, 350700, '松溪县', '松溪', '118.783493', '27.525785', 3, '[0],[350000],[350700],', 7, NULL, NULL, NULL, NULL);
INSERT INTO `sys_area` VALUES (350725, 350700, '政和县', '政和', '118.858658', '27.365398', 3, '[0],[350000],[350700],', 10, NULL, NULL, NULL, NULL);
INSERT INTO `sys_area` VALUES (350781, 350700, '邵武市', '邵武', '117.491547', '27.337952', 3, '[0],[350000],[350700],', 5, NULL, NULL, NULL, NULL);
INSERT INTO `sys_area` VALUES (350782, 350700, '武夷山市', '武夷山', '118.032799', '27.751734', 3, '[0],[350000],[350700],', 8, NULL, NULL, NULL, NULL);
INSERT INTO `sys_area` VALUES (350783, 350700, '建瓯市', '建瓯', '118.321762', '27.035021', 3, '[0],[350000],[350700],', 2, NULL, NULL, NULL, NULL);
INSERT INTO `sys_area` VALUES (350784, 350700, '建阳市', '建阳', '118.122673', '27.332067', 3, '[0],[350000],[350700],', 3, NULL, NULL, NULL, NULL);
INSERT INTO `sys_area` VALUES (350800, 350000, '龙岩市', '龙岩', '117.029778', '25.091602', 2, '[0],[350000],', 2, NULL, NULL, NULL, NULL);
INSERT INTO `sys_area` VALUES (350802, 350800, '新罗区', '新罗', '117.030724', '25.091801', 3, '[0],[350000],[350800],', 5, NULL, NULL, NULL, NULL);
INSERT INTO `sys_area` VALUES (350821, 350800, '长汀县', '长汀', '116.361008', '25.842278', 3, '[0],[350000],[350800],', 1, NULL, NULL, NULL, NULL);
INSERT INTO `sys_area` VALUES (350822, 350800, '永定县', '永定', '116.732689', '24.720442', 3, '[0],[350000],[350800],', 6, NULL, NULL, NULL, NULL);
INSERT INTO `sys_area` VALUES (350823, 350800, '上杭县', '上杭', '116.424774', '25.050018', 3, '[0],[350000],[350800],', 3, NULL, NULL, NULL, NULL);
INSERT INTO `sys_area` VALUES (350824, 350800, '武平县', '武平', '116.100929', '25.08865', 3, '[0],[350000],[350800],', 4, NULL, NULL, NULL, NULL);
INSERT INTO `sys_area` VALUES (350825, 350800, '连城县', '连城', '116.756683', '25.708506', 3, '[0],[350000],[350800],', 2, NULL, NULL, NULL, NULL);
INSERT INTO `sys_area` VALUES (350881, 350800, '漳平市', '漳平', '117.420731', '25.291597', 3, '[0],[350000],[350800],', 7, NULL, NULL, NULL, NULL);
INSERT INTO `sys_area` VALUES (350900, 350000, '宁德市', '宁德', '119.527084', '26.659241', 2, '[0],[350000],', 4, NULL, NULL, NULL, NULL);
INSERT INTO `sys_area` VALUES (350902, 350900, '蕉城区', '蕉城', '119.527222', '26.659252', 3, '[0],[350000],[350900],', 4, NULL, NULL, NULL, NULL);
INSERT INTO `sys_area` VALUES (350921, 350900, '霞浦县', '霞浦', '120.005211', '26.882069', 3, '[0],[350000],[350900],', 7, NULL, NULL, NULL, NULL);
INSERT INTO `sys_area` VALUES (350922, 350900, '古田县', '古田', '118.743156', '26.577492', 3, '[0],[350000],[350900],', 3, NULL, NULL, NULL, NULL);
INSERT INTO `sys_area` VALUES (350923, 350900, '屏南县', '屏南', '118.987541', '26.910826', 3, '[0],[350000],[350900],', 5, NULL, NULL, NULL, NULL);
INSERT INTO `sys_area` VALUES (350924, 350900, '寿宁县', '寿宁', '119.506737', '27.457798', 3, '[0],[350000],[350900],', 6, NULL, NULL, NULL, NULL);
INSERT INTO `sys_area` VALUES (350925, 350900, '周宁县', '周宁', '119.338242', '27.103106', 3, '[0],[350000],[350900],', 9, NULL, NULL, NULL, NULL);
INSERT INTO `sys_area` VALUES (350926, 350900, '柘荣县', '柘荣', '119.898224', '27.236162', 3, '[0],[350000],[350900],', 8, NULL, NULL, NULL, NULL);
INSERT INTO `sys_area` VALUES (350981, 350900, '福安市', '福安', '119.650795', '27.084246', 3, '[0],[350000],[350900],', 1, NULL, NULL, NULL, NULL);
INSERT INTO `sys_area` VALUES (350982, 350900, '福鼎市', '福鼎', '120.219765', '27.318884', 3, '[0],[350000],[350900],', 2, NULL, NULL, NULL, NULL);
INSERT INTO `sys_area` VALUES (360000, 0, '江西省', '江西', '115.892151', '28.676493', 1, '[0],', 14, NULL, NULL, NULL, NULL);
INSERT INTO `sys_area` VALUES (360100, 360000, '南昌市', '南昌', '115.892151', '28.676493', 2, '[0],[360000],', 6, NULL, NULL, NULL, NULL);
INSERT INTO `sys_area` VALUES (360102, 360100, '东湖区', '东湖', '115.889671', '28.682987', 3, '[0],[360000],[360100],', 2, NULL, NULL, NULL, NULL);
INSERT INTO `sys_area` VALUES (360103, 360100, '西湖区', '西湖', '115.910652', '28.662901', 3, '[0],[360000],[360100],', 8, NULL, NULL, NULL, NULL);
INSERT INTO `sys_area` VALUES (360104, 360100, '青云谱区', '青云谱', '115.907295', '28.635723', 3, '[0],[360000],[360100],', 6, NULL, NULL, NULL, NULL);
INSERT INTO `sys_area` VALUES (360105, 360100, '湾里区', '湾里', '115.731323', '28.714804', 3, '[0],[360000],[360100],', 7, NULL, NULL, NULL, NULL);
INSERT INTO `sys_area` VALUES (360111, 360100, '青山湖区', '青山湖', '115.949043', '28.689293', 3, '[0],[360000],[360100],', 5, NULL, NULL, NULL, NULL);
INSERT INTO `sys_area` VALUES (360121, 360100, '南昌县', '南昌', '115.942467', '28.543781', 3, '[0],[360000],[360100],', 4, NULL, NULL, NULL, NULL);
INSERT INTO `sys_area` VALUES (360122, 360100, '新建县', '新建', '115.820808', '28.690788', 3, '[0],[360000],[360100],', 9, NULL, NULL, NULL, NULL);
INSERT INTO `sys_area` VALUES (360123, 360100, '安义县', '安义', '115.553108', '28.841333', 3, '[0],[360000],[360100],', 1, NULL, NULL, NULL, NULL);
INSERT INTO `sys_area` VALUES (360124, 360100, '进贤县', '进贤', '116.26767', '28.365681', 3, '[0],[360000],[360100],', 3, NULL, NULL, NULL, NULL);
INSERT INTO `sys_area` VALUES (360200, 360000, '景德镇市', '景德镇', '117.214661', '29.292561', 2, '[0],[360000],', 4, NULL, NULL, NULL, NULL);
INSERT INTO `sys_area` VALUES (360202, 360200, '昌江区', '昌江', '117.195023', '29.288465', 3, '[0],[360000],[360200],', 1, NULL, NULL, NULL, NULL);
INSERT INTO `sys_area` VALUES (360203, 360200, '珠山区', '珠山', '117.214813', '29.292812', 3, '[0],[360000],[360200],', 4, NULL, NULL, NULL, NULL);
INSERT INTO `sys_area` VALUES (360222, 360200, '浮梁县', '浮梁', '117.217613', '29.352251', 3, '[0],[360000],[360200],', 2, NULL, NULL, NULL, NULL);
INSERT INTO `sys_area` VALUES (360281, 360200, '乐平市', '乐平', '117.129379', '28.967361', 3, '[0],[360000],[360200],', 3, NULL, NULL, NULL, NULL);
INSERT INTO `sys_area` VALUES (360300, 360000, '萍乡市', '萍乡', '113.852188', '27.622946', 2, '[0],[360000],', 7, NULL, NULL, NULL, NULL);
INSERT INTO `sys_area` VALUES (360302, 360300, '安源区', '安源', '113.855042', '27.625826', 3, '[0],[360000],[360300],', 1, NULL, NULL, NULL, NULL);
INSERT INTO `sys_area` VALUES (360313, 360300, '湘东区', '湘东', '113.745598', '27.639318', 3, '[0],[360000],[360300],', 5, NULL, NULL, NULL, NULL);
INSERT INTO `sys_area` VALUES (360321, 360300, '莲花县', '莲花', '113.955582', '27.127808', 3, '[0],[360000],[360300],', 2, NULL, NULL, NULL, NULL);
INSERT INTO `sys_area` VALUES (360322, 360300, '上栗县', '上栗', '113.800522', '27.877041', 3, '[0],[360000],[360300],', 4, NULL, NULL, NULL, NULL);
INSERT INTO `sys_area` VALUES (360323, 360300, '芦溪县', '芦溪', '114.041206', '27.633633', 3, '[0],[360000],[360300],', 3, NULL, NULL, NULL, NULL);
INSERT INTO `sys_area` VALUES (360400, 360000, '九江市', '九江', '115.992813', '29.712034', 2, '[0],[360000],', 5, NULL, NULL, NULL, NULL);
INSERT INTO `sys_area` VALUES (360402, 360400, '庐山区', '庐山', '115.99012', '29.676174', 3, '[0],[360000],[360400],', 6, NULL, NULL, NULL, NULL);
INSERT INTO `sys_area` VALUES (360403, 360400, '浔阳区', '浔阳', '115.995949', '29.724649', 3, '[0],[360000],[360400],', 12, NULL, NULL, NULL, NULL);
INSERT INTO `sys_area` VALUES (360421, 360400, '九江县', '九江', '115.892975', '29.610264', 3, '[0],[360000],[360400],', 5, NULL, NULL, NULL, NULL);
INSERT INTO `sys_area` VALUES (360423, 360400, '武宁县', '武宁', '115.105644', '29.260181', 3, '[0],[360000],[360400],', 9, NULL, NULL, NULL, NULL);
INSERT INTO `sys_area` VALUES (360424, 360400, '修水县', '修水', '114.573425', '29.032728', 3, '[0],[360000],[360400],', 11, NULL, NULL, NULL, NULL);
INSERT INTO `sys_area` VALUES (360425, 360400, '永修县', '永修', '115.809052', '29.018211', 3, '[0],[360000],[360400],', 13, NULL, NULL, NULL, NULL);
INSERT INTO `sys_area` VALUES (360426, 360400, '德安县', '德安', '115.762611', '29.327475', 3, '[0],[360000],[360400],', 1, NULL, NULL, NULL, NULL);
INSERT INTO `sys_area` VALUES (360427, 360400, '星子县', '星子', '116.043739', '29.456169', 3, '[0],[360000],[360400],', 10, NULL, NULL, NULL, NULL);
INSERT INTO `sys_area` VALUES (360428, 360400, '都昌县', '都昌', '116.205116', '29.275105', 3, '[0],[360000],[360400],', 2, NULL, NULL, NULL, NULL);
INSERT INTO `sys_area` VALUES (360429, 360400, '湖口县', '湖口', '116.244316', '29.726299', 3, '[0],[360000],[360400],', 4, NULL, NULL, NULL, NULL);
INSERT INTO `sys_area` VALUES (360430, 360400, '彭泽县', '彭泽', '116.55584', '29.898865', 3, '[0],[360000],[360400],', 7, NULL, NULL, NULL, NULL);
INSERT INTO `sys_area` VALUES (360481, 360400, '瑞昌市', '瑞昌', '115.669083', '29.6766', 3, '[0],[360000],[360400],', 8, NULL, NULL, NULL, NULL);
INSERT INTO `sys_area` VALUES (360483, 360400, '共青城市', '共青城', '115.80571', '29.247885', 3, '[0],[360000],[360400],', 3, NULL, NULL, NULL, NULL);
INSERT INTO `sys_area` VALUES (360500, 360000, '新余市', '新余', '114.930832', '27.810835', 2, '[0],[360000],', 9, NULL, NULL, NULL, NULL);
INSERT INTO `sys_area` VALUES (360502, 360500, '渝水区', '渝水', '114.92392', '27.819172', 3, '[0],[360000],[360500],', 2, NULL, NULL, NULL, NULL);
INSERT INTO `sys_area` VALUES (360521, 360500, '分宜县', '分宜', '114.675262', '27.8113', 3, '[0],[360000],[360500],', 1, NULL, NULL, NULL, NULL);
INSERT INTO `sys_area` VALUES (360600, 360000, '鹰潭市', '鹰潭', '117.033836', '28.238638', 2, '[0],[360000],', 11, NULL, NULL, NULL, NULL);
INSERT INTO `sys_area` VALUES (360602, 360600, '月湖区', '月湖', '117.034111', '28.239077', 3, '[0],[360000],[360600],', 2, NULL, NULL, NULL, NULL);
INSERT INTO `sys_area` VALUES (360622, 360600, '余江县', '余江', '116.822762', '28.206177', 3, '[0],[360000],[360600],', 3, NULL, NULL, NULL, NULL);
INSERT INTO `sys_area` VALUES (360681, 360600, '贵溪市', '贵溪', '117.212105', '28.283693', 3, '[0],[360000],[360600],', 1, NULL, NULL, NULL, NULL);
INSERT INTO `sys_area` VALUES (360700, 360000, '赣州市', '赣州', '114.940277', '25.850969', 2, '[0],[360000],', 2, NULL, NULL, NULL, NULL);
INSERT INTO `sys_area` VALUES (360702, 360700, '章贡区', '章贡', '114.938721', '25.851368', 3, '[0],[360000],[360700],', 18, NULL, NULL, NULL, NULL);
INSERT INTO `sys_area` VALUES (360721, 360700, '赣县', '赣县', '115.018463', '25.865433', 3, '[0],[360000],[360700],', 5, NULL, NULL, NULL, NULL);
INSERT INTO `sys_area` VALUES (360722, 360700, '信丰县', '信丰', '114.930893', '25.38023', 3, '[0],[360000],[360700],', 13, NULL, NULL, NULL, NULL);
INSERT INTO `sys_area` VALUES (360723, 360700, '大余县', '大余', '114.362244', '25.395937', 3, '[0],[360000],[360700],', 3, NULL, NULL, NULL, NULL);
INSERT INTO `sys_area` VALUES (360724, 360700, '上犹县', '上犹', '114.540535', '25.794285', 3, '[0],[360000],[360700],', 12, NULL, NULL, NULL, NULL);
INSERT INTO `sys_area` VALUES (360725, 360700, '崇义县', '崇义', '114.30735', '25.68791', 3, '[0],[360000],[360700],', 2, NULL, NULL, NULL, NULL);
INSERT INTO `sys_area` VALUES (360726, 360700, '安远县', '安远', '115.392326', '25.13459', 3, '[0],[360000],[360700],', 1, NULL, NULL, NULL, NULL);
INSERT INTO `sys_area` VALUES (360727, 360700, '龙南县', '龙南', '114.792656', '24.90476', 3, '[0],[360000],[360700],', 7, NULL, NULL, NULL, NULL);
INSERT INTO `sys_area` VALUES (360728, 360700, '定南县', '定南', '115.032669', '24.774277', 3, '[0],[360000],[360700],', 4, NULL, NULL, NULL, NULL);
INSERT INTO `sys_area` VALUES (360729, 360700, '全南县', '全南', '114.531586', '24.742651', 3, '[0],[360000],[360700],', 10, NULL, NULL, NULL, NULL);
INSERT INTO `sys_area` VALUES (360730, 360700, '宁都县', '宁都', '116.018784', '26.472054', 3, '[0],[360000],[360700],', 9, NULL, NULL, NULL, NULL);
INSERT INTO `sys_area` VALUES (360731, 360700, '于都县', '于都', '115.411201', '25.955032', 3, '[0],[360000],[360700],', 17, NULL, NULL, NULL, NULL);
INSERT INTO `sys_area` VALUES (360732, 360700, '兴国县', '兴国', '115.351898', '26.330488', 3, '[0],[360000],[360700],', 15, NULL, NULL, NULL, NULL);
INSERT INTO `sys_area` VALUES (360733, 360700, '会昌县', '会昌', '115.791161', '25.599125', 3, '[0],[360000],[360700],', 6, NULL, NULL, NULL, NULL);
INSERT INTO `sys_area` VALUES (360734, 360700, '寻乌县', '寻乌', '115.651398', '24.954136', 3, '[0],[360000],[360700],', 16, NULL, NULL, NULL, NULL);
INSERT INTO `sys_area` VALUES (360735, 360700, '石城县', '石城', '116.342247', '26.326582', 3, '[0],[360000],[360700],', 14, NULL, NULL, NULL, NULL);
INSERT INTO `sys_area` VALUES (360781, 360700, '瑞金市', '瑞金', '116.034851', '25.875278', 3, '[0],[360000],[360700],', 11, NULL, NULL, NULL, NULL);
INSERT INTO `sys_area` VALUES (360782, 360700, '南康市', '南康', '114.756935', '25.66172', 3, '[0],[360000],[360700],', 8, NULL, NULL, NULL, NULL);
INSERT INTO `sys_area` VALUES (360800, 360000, '吉安市', '吉安', '114.986374', '27.111698', 2, '[0],[360000],', 3, NULL, NULL, NULL, NULL);
INSERT INTO `sys_area` VALUES (360802, 360800, '吉州区', '吉州', '114.987328', '27.112368', 3, '[0],[360000],[360800],', 5, NULL, NULL, NULL, NULL);
INSERT INTO `sys_area` VALUES (360803, 360800, '青原区', '青原', '115.016304', '27.105879', 3, '[0],[360000],[360800],', 6, NULL, NULL, NULL, NULL);
INSERT INTO `sys_area` VALUES (360821, 360800, '吉安县', '吉安', '114.905113', '27.040043', 3, '[0],[360000],[360800],', 2, NULL, NULL, NULL, NULL);
INSERT INTO `sys_area` VALUES (360822, 360800, '吉水县', '吉水', '115.134567', '27.213446', 3, '[0],[360000],[360800],', 4, NULL, NULL, NULL, NULL);
INSERT INTO `sys_area` VALUES (360823, 360800, '峡江县', '峡江', '115.319328', '27.580862', 3, '[0],[360000],[360800],', 10, NULL, NULL, NULL, NULL);
INSERT INTO `sys_area` VALUES (360824, 360800, '新干县', '新干', '115.399292', '27.755758', 3, '[0],[360000],[360800],', 11, NULL, NULL, NULL, NULL);
INSERT INTO `sys_area` VALUES (360825, 360800, '永丰县', '永丰', '115.435562', '27.321087', 3, '[0],[360000],[360800],', 12, NULL, NULL, NULL, NULL);
INSERT INTO `sys_area` VALUES (360826, 360800, '泰和县', '泰和', '114.90139', '26.790165', 3, '[0],[360000],[360800],', 8, NULL, NULL, NULL, NULL);
INSERT INTO `sys_area` VALUES (360827, 360800, '遂川县', '遂川', '114.516891', '26.323706', 3, '[0],[360000],[360800],', 7, NULL, NULL, NULL, NULL);
INSERT INTO `sys_area` VALUES (360828, 360800, '万安县', '万安', '114.784691', '26.462086', 3, '[0],[360000],[360800],', 9, NULL, NULL, NULL, NULL);
INSERT INTO `sys_area` VALUES (360829, 360800, '安福县', '安福', '114.613838', '27.382746', 3, '[0],[360000],[360800],', 1, NULL, NULL, NULL, NULL);
INSERT INTO `sys_area` VALUES (360830, 360800, '永新县', '永新', '114.242531', '26.944721', 3, '[0],[360000],[360800],', 13, NULL, NULL, NULL, NULL);
INSERT INTO `sys_area` VALUES (360881, 360800, '井冈山市', '井冈山', '114.284424', '26.745918', 3, '[0],[360000],[360800],', 3, NULL, NULL, NULL, NULL);
INSERT INTO `sys_area` VALUES (360900, 360000, '宜春市', '宜春', '114.391136', '27.8043', 2, '[0],[360000],', 10, NULL, NULL, NULL, NULL);
INSERT INTO `sys_area` VALUES (360902, 360900, '袁州区', '袁州', '114.387383', '27.800117', 3, '[0],[360000],[360900],', 9, NULL, NULL, NULL, NULL);
INSERT INTO `sys_area` VALUES (360921, 360900, '奉新县', '奉新', '115.3899', '28.700672', 3, '[0],[360000],[360900],', 2, NULL, NULL, NULL, NULL);
INSERT INTO `sys_area` VALUES (360922, 360900, '万载县', '万载', '114.449013', '28.104528', 3, '[0],[360000],[360900],', 7, NULL, NULL, NULL, NULL);
INSERT INTO `sys_area` VALUES (360923, 360900, '上高县', '上高', '114.932655', '28.234789', 3, '[0],[360000],[360900],', 5, NULL, NULL, NULL, NULL);
INSERT INTO `sys_area` VALUES (360924, 360900, '宜丰县', '宜丰', '114.787384', '28.388288', 3, '[0],[360000],[360900],', 8, NULL, NULL, NULL, NULL);
INSERT INTO `sys_area` VALUES (360925, 360900, '靖安县', '靖安', '115.361748', '28.86054', 3, '[0],[360000],[360900],', 4, NULL, NULL, NULL, NULL);
INSERT INTO `sys_area` VALUES (360926, 360900, '铜鼓县', '铜鼓', '114.37014', '28.520956', 3, '[0],[360000],[360900],', 6, NULL, NULL, NULL, NULL);
INSERT INTO `sys_area` VALUES (360981, 360900, '丰城市', '丰城', '115.786003', '28.191584', 3, '[0],[360000],[360900],', 1, NULL, NULL, NULL, NULL);
INSERT INTO `sys_area` VALUES (360982, 360900, '樟树市', '樟树', '115.543388', '28.055899', 3, '[0],[360000],[360900],', 10, NULL, NULL, NULL, NULL);
INSERT INTO `sys_area` VALUES (360983, 360900, '高安市', '高安', '115.381531', '28.420952', 3, '[0],[360000],[360900],', 3, NULL, NULL, NULL, NULL);
INSERT INTO `sys_area` VALUES (361000, 360000, '抚州市', '抚州', '116.358353', '27.98385', 2, '[0],[360000],', 1, NULL, NULL, NULL, NULL);
INSERT INTO `sys_area` VALUES (361002, 361000, '临川区', '临川', '116.361404', '27.981918', 3, '[0],[360000],[361000],', 7, NULL, NULL, NULL, NULL);
INSERT INTO `sys_area` VALUES (361021, 361000, '南城县', '南城', '116.63945', '27.555309', 3, '[0],[360000],[361000],', 8, NULL, NULL, NULL, NULL);
INSERT INTO `sys_area` VALUES (361022, 361000, '黎川县', '黎川', '116.914574', '27.292561', 3, '[0],[360000],[361000],', 6, NULL, NULL, NULL, NULL);
INSERT INTO `sys_area` VALUES (361023, 361000, '南丰县', '南丰', '116.532997', '27.210133', 3, '[0],[360000],[361000],', 9, NULL, NULL, NULL, NULL);
INSERT INTO `sys_area` VALUES (361024, 361000, '崇仁县', '崇仁', '116.059113', '27.760906', 3, '[0],[360000],[361000],', 1, NULL, NULL, NULL, NULL);
INSERT INTO `sys_area` VALUES (361025, 361000, '乐安县', '乐安', '115.838432', '27.420101', 3, '[0],[360000],[361000],', 5, NULL, NULL, NULL, NULL);
INSERT INTO `sys_area` VALUES (361026, 361000, '宜黄县', '宜黄', '116.223022', '27.546513', 3, '[0],[360000],[361000],', 10, NULL, NULL, NULL, NULL);
INSERT INTO `sys_area` VALUES (361027, 361000, '金溪县', '金溪', '116.778748', '27.907387', 3, '[0],[360000],[361000],', 4, NULL, NULL, NULL, NULL);
INSERT INTO `sys_area` VALUES (361028, 361000, '资溪县', '资溪', '117.066093', '27.70653', 3, '[0],[360000],[361000],', 11, NULL, NULL, NULL, NULL);
INSERT INTO `sys_area` VALUES (361029, 361000, '东乡县', '东乡', '116.605339', '28.2325', 3, '[0],[360000],[361000],', 2, NULL, NULL, NULL, NULL);
INSERT INTO `sys_area` VALUES (361030, 361000, '广昌县', '广昌', '116.327293', '26.838427', 3, '[0],[360000],[361000],', 3, NULL, NULL, NULL, NULL);
INSERT INTO `sys_area` VALUES (361100, 360000, '上饶市', '上饶', '117.971184', '28.44442', 2, '[0],[360000],', 8, NULL, NULL, NULL, NULL);
INSERT INTO `sys_area` VALUES (361102, 361100, '信州区', '信州', '117.97052', '28.445377', 3, '[0],[360000],[361100],', 6, NULL, NULL, NULL, NULL);
INSERT INTO `sys_area` VALUES (361121, 361100, '上饶县', '上饶', '117.90612', '28.453897', 3, '[0],[360000],[361100],', 5, NULL, NULL, NULL, NULL);
INSERT INTO `sys_area` VALUES (361122, 361100, '广丰县', '广丰', '118.18985', '28.440285', 3, '[0],[360000],[361100],', 2, NULL, NULL, NULL, NULL);
INSERT INTO `sys_area` VALUES (361123, 361100, '玉山县', '玉山', '118.244408', '28.673479', 3, '[0],[360000],[361100],', 12, NULL, NULL, NULL, NULL);
INSERT INTO `sys_area` VALUES (361124, 361100, '铅山县', '铅山', '117.711906', '28.310892', 3, '[0],[360000],[361100],', 9, NULL, NULL, NULL, NULL);
INSERT INTO `sys_area` VALUES (361125, 361100, '横峰县', '横峰', '117.608246', '28.415104', 3, '[0],[360000],[361100],', 3, NULL, NULL, NULL, NULL);
INSERT INTO `sys_area` VALUES (361126, 361100, '弋阳县', '弋阳', '117.435005', '28.402391', 3, '[0],[360000],[361100],', 10, NULL, NULL, NULL, NULL);
INSERT INTO `sys_area` VALUES (361127, 361100, '余干县', '余干', '116.691071', '28.69173', 3, '[0],[360000],[361100],', 11, NULL, NULL, NULL, NULL);
INSERT INTO `sys_area` VALUES (361128, 361100, '鄱阳县', '鄱阳', '116.673744', '28.993374', 3, '[0],[360000],[361100],', 4, NULL, NULL, NULL, NULL);
INSERT INTO `sys_area` VALUES (361129, 361100, '万年县', '万年', '117.070152', '28.692589', 3, '[0],[360000],[361100],', 7, NULL, NULL, NULL, NULL);
INSERT INTO `sys_area` VALUES (361130, 361100, '婺源县', '婺源', '117.86219', '29.254015', 3, '[0],[360000],[361100],', 8, NULL, NULL, NULL, NULL);
INSERT INTO `sys_area` VALUES (361181, 361100, '德兴市', '德兴', '117.578735', '28.945034', 3, '[0],[360000],[361100],', 1, NULL, NULL, NULL, NULL);
INSERT INTO `sys_area` VALUES (370000, 0, '山东省', '山东', '117.000923', '36.675808', 1, '[0],', 15, NULL, NULL, NULL, NULL);
INSERT INTO `sys_area` VALUES (370100, 370000, '济南市', '济南', '117.000923', '36.675808', 2, '[0],[370000],', 5, NULL, NULL, NULL, NULL);
INSERT INTO `sys_area` VALUES (370102, 370100, '历下区', '历下', '117.03862', '36.664169', 3, '[0],[370000],[370100],', 5, NULL, NULL, NULL, NULL);
INSERT INTO `sys_area` VALUES (370103, 370100, '市中区', '市中', '116.998978', '36.657352', 3, '[0],[370000],[370100],', 8, NULL, NULL, NULL, NULL);
INSERT INTO `sys_area` VALUES (370104, 370100, '槐荫区', '槐荫', '116.947922', '36.668205', 3, '[0],[370000],[370100],', 2, NULL, NULL, NULL, NULL);
INSERT INTO `sys_area` VALUES (370105, 370100, '天桥区', '天桥', '116.996086', '36.693375', 3, '[0],[370000],[370100],', 9, NULL, NULL, NULL, NULL);
INSERT INTO `sys_area` VALUES (370112, 370100, '历城区', '历城', '117.063744', '36.681744', 3, '[0],[370000],[370100],', 4, NULL, NULL, NULL, NULL);
INSERT INTO `sys_area` VALUES (370113, 370100, '长清区', '长清', '116.74588', '36.56105', 3, '[0],[370000],[370100],', 1, NULL, NULL, NULL, NULL);
INSERT INTO `sys_area` VALUES (370124, 370100, '平阴县', '平阴', '116.455055', '36.286922', 3, '[0],[370000],[370100],', 6, NULL, NULL, NULL, NULL);
INSERT INTO `sys_area` VALUES (370125, 370100, '济阳县', '济阳', '117.176033', '36.976772', 3, '[0],[370000],[370100],', 3, NULL, NULL, NULL, NULL);
INSERT INTO `sys_area` VALUES (370126, 370100, '商河县', '商河', '117.156372', '37.310543', 3, '[0],[370000],[370100],', 7, NULL, NULL, NULL, NULL);
INSERT INTO `sys_area` VALUES (370181, 370100, '章丘市', '章丘', '117.540688', '36.71209', 3, '[0],[370000],[370100],', 10, NULL, NULL, NULL, NULL);
INSERT INTO `sys_area` VALUES (370200, 370000, '青岛市', '青岛', '120.355171', '36.082981', 2, '[0],[370000],', 10, NULL, NULL, NULL, NULL);
INSERT INTO `sys_area` VALUES (370202, 370200, '市南区', '市南', '120.395966', '36.070892', 3, '[0],[370000],[370200],', 10, NULL, NULL, NULL, NULL);
INSERT INTO `sys_area` VALUES (370203, 370200, '市北区', '市北', '120.355026', '36.08382', 3, '[0],[370000],[370200],', 9, NULL, NULL, NULL, NULL);
INSERT INTO `sys_area` VALUES (370211, 370200, '黄岛区', '黄岛', '119.995522', '35.875137', 3, '[0],[370000],[370200],', 2, NULL, NULL, NULL, NULL);
INSERT INTO `sys_area` VALUES (370212, 370200, '崂山区', '崂山', '120.467392', '36.10257', 3, '[0],[370000],[370200],', 6, NULL, NULL, NULL, NULL);
INSERT INTO `sys_area` VALUES (370213, 370200, '李沧区', '李沧', '120.421234', '36.160023', 3, '[0],[370000],[370200],', 7, NULL, NULL, NULL, NULL);
INSERT INTO `sys_area` VALUES (370214, 370200, '城阳区', '城阳', '120.389137', '36.306831', 3, '[0],[370000],[370200],', 1, NULL, NULL, NULL, NULL);
INSERT INTO `sys_area` VALUES (370281, 370200, '胶州市', '胶州', '120.006203', '36.285877', 3, '[0],[370000],[370200],', 3, NULL, NULL, NULL, NULL);
INSERT INTO `sys_area` VALUES (370282, 370200, '即墨市', '即墨', '120.44735', '36.390846', 3, '[0],[370000],[370200],', 4, NULL, NULL, NULL, NULL);
INSERT INTO `sys_area` VALUES (370283, 370200, '平度市', '平度', '119.959015', '36.78883', 3, '[0],[370000],[370200],', 8, NULL, NULL, NULL, NULL);
INSERT INTO `sys_area` VALUES (370285, 370200, '莱西市', '莱西', '120.526222', '36.865089', 3, '[0],[370000],[370200],', 5, NULL, NULL, NULL, NULL);
INSERT INTO `sys_area` VALUES (370300, 370000, '淄博市', '淄博', '118.047646', '36.814938', 2, '[0],[370000],', 17, NULL, NULL, NULL, NULL);
INSERT INTO `sys_area` VALUES (370302, 370300, '淄川区', '淄川', '117.967697', '36.64727', 3, '[0],[370000],[370300],', 8, NULL, NULL, NULL, NULL);
INSERT INTO `sys_area` VALUES (370303, 370300, '张店区', '张店', '118.05352', '36.807049', 3, '[0],[370000],[370300],', 6, NULL, NULL, NULL, NULL);
INSERT INTO `sys_area` VALUES (370304, 370300, '博山区', '博山', '117.858231', '36.497566', 3, '[0],[370000],[370300],', 1, NULL, NULL, NULL, NULL);
INSERT INTO `sys_area` VALUES (370305, 370300, '临淄区', '临淄', '118.306015', '36.816658', 3, '[0],[370000],[370300],', 4, NULL, NULL, NULL, NULL);
INSERT INTO `sys_area` VALUES (370306, 370300, '周村区', '周村', '117.851036', '36.803699', 3, '[0],[370000],[370300],', 7, NULL, NULL, NULL, NULL);
INSERT INTO `sys_area` VALUES (370321, 370300, '桓台县', '桓台', '118.101555', '36.959774', 3, '[0],[370000],[370300],', 3, NULL, NULL, NULL, NULL);
INSERT INTO `sys_area` VALUES (370322, 370300, '高青县', '高青', '117.829842', '37.169582', 3, '[0],[370000],[370300],', 2, NULL, NULL, NULL, NULL);
INSERT INTO `sys_area` VALUES (370323, 370300, '沂源县', '沂源', '118.166161', '36.186283', 3, '[0],[370000],[370300],', 5, NULL, NULL, NULL, NULL);
INSERT INTO `sys_area` VALUES (370400, 370000, '枣庄市', '枣庄', '117.557961', '34.856422', 2, '[0],[370000],', 16, NULL, NULL, NULL, NULL);
INSERT INTO `sys_area` VALUES (370402, 370400, '市中区', '市中', '117.557281', '34.856651', 3, '[0],[370000],[370400],', 2, NULL, NULL, NULL, NULL);
INSERT INTO `sys_area` VALUES (370403, 370400, '薛城区', '薛城', '117.265289', '34.79789', 3, '[0],[370000],[370400],', 5, NULL, NULL, NULL, NULL);
INSERT INTO `sys_area` VALUES (370404, 370400, '峄城区', '峄城', '117.586319', '34.767712', 3, '[0],[370000],[370400],', 6, NULL, NULL, NULL, NULL);
INSERT INTO `sys_area` VALUES (370405, 370400, '台儿庄区', '台儿庄', '117.734749', '34.564816', 3, '[0],[370000],[370400],', 3, NULL, NULL, NULL, NULL);
INSERT INTO `sys_area` VALUES (370406, 370400, '山亭区', '山亭', '117.458969', '35.096077', 3, '[0],[370000],[370400],', 1, NULL, NULL, NULL, NULL);
INSERT INTO `sys_area` VALUES (370481, 370400, '滕州市', '滕州', '117.162102', '35.088497', 3, '[0],[370000],[370400],', 4, NULL, NULL, NULL, NULL);
INSERT INTO `sys_area` VALUES (370500, 370000, '东营市', '东营', '118.664711', '37.434563', 2, '[0],[370000],', 3, NULL, NULL, NULL, NULL);
INSERT INTO `sys_area` VALUES (370502, 370500, '东营区', '东营', '118.507545', '37.461567', 3, '[0],[370000],[370500],', 1, NULL, NULL, NULL, NULL);
INSERT INTO `sys_area` VALUES (370503, 370500, '河口区', '河口', '118.52961', '37.886017', 3, '[0],[370000],[370500],', 3, NULL, NULL, NULL, NULL);
INSERT INTO `sys_area` VALUES (370521, 370500, '垦利县', '垦利', '118.551315', '37.58868', 3, '[0],[370000],[370500],', 4, NULL, NULL, NULL, NULL);
INSERT INTO `sys_area` VALUES (370522, 370500, '利津县', '利津', '118.248856', '37.493366', 3, '[0],[370000],[370500],', 5, NULL, NULL, NULL, NULL);
INSERT INTO `sys_area` VALUES (370523, 370500, '广饶县', '广饶', '118.407524', '37.051609', 3, '[0],[370000],[370500],', 2, NULL, NULL, NULL, NULL);
INSERT INTO `sys_area` VALUES (370600, 370000, '烟台市', '烟台', '121.39138', '37.539295', 2, '[0],[370000],', 15, NULL, NULL, NULL, NULL);
INSERT INTO `sys_area` VALUES (370602, 370600, '芝罘区', '芝罘', '121.38588', '37.540924', 3, '[0],[370000],[370600],', 12, NULL, NULL, NULL, NULL);
INSERT INTO `sys_area` VALUES (370611, 370600, '福山区', '福山', '121.26474', '37.496876', 3, '[0],[370000],[370600],', 2, NULL, NULL, NULL, NULL);
INSERT INTO `sys_area` VALUES (370612, 370600, '牟平区', '牟平', '121.601509', '37.388355', 3, '[0],[370000],[370600],', 8, NULL, NULL, NULL, NULL);
INSERT INTO `sys_area` VALUES (370613, 370600, '莱山区', '莱山', '121.448868', '37.473549', 3, '[0],[370000],[370600],', 4, NULL, NULL, NULL, NULL);
INSERT INTO `sys_area` VALUES (370634, 370600, '长岛县', '长岛', '120.738342', '37.916195', 3, '[0],[370000],[370600],', 1, NULL, NULL, NULL, NULL);
INSERT INTO `sys_area` VALUES (370681, 370600, '龙口市', '龙口', '120.528328', '37.648445', 3, '[0],[370000],[370600],', 7, NULL, NULL, NULL, NULL);
INSERT INTO `sys_area` VALUES (370682, 370600, '莱阳市', '莱阳', '120.711151', '36.977036', 3, '[0],[370000],[370600],', 5, NULL, NULL, NULL, NULL);
INSERT INTO `sys_area` VALUES (370683, 370600, '莱州市', '莱州', '119.942139', '37.182724', 3, '[0],[370000],[370600],', 6, NULL, NULL, NULL, NULL);
INSERT INTO `sys_area` VALUES (370684, 370600, '蓬莱市', '蓬莱', '120.762688', '37.811169', 3, '[0],[370000],[370600],', 9, NULL, NULL, NULL, NULL);
INSERT INTO `sys_area` VALUES (370685, 370600, '招远市', '招远', '120.403145', '37.364918', 3, '[0],[370000],[370600],', 11, NULL, NULL, NULL, NULL);
INSERT INTO `sys_area` VALUES (370686, 370600, '栖霞市', '栖霞', '120.834099', '37.305855', 3, '[0],[370000],[370600],', 10, NULL, NULL, NULL, NULL);
INSERT INTO `sys_area` VALUES (370687, 370600, '海阳市', '海阳', '121.168388', '36.780659', 3, '[0],[370000],[370600],', 3, NULL, NULL, NULL, NULL);
INSERT INTO `sys_area` VALUES (370700, 370000, '潍坊市', '潍坊', '119.107079', '36.709251', 2, '[0],[370000],', 13, NULL, NULL, NULL, NULL);
INSERT INTO `sys_area` VALUES (370702, 370700, '潍城区', '潍城', '119.103783', '36.71006', 3, '[0],[370000],[370700],', 11, NULL, NULL, NULL, NULL);
INSERT INTO `sys_area` VALUES (370703, 370700, '寒亭区', '寒亭', '119.207863', '36.772102', 3, '[0],[370000],[370700],', 6, NULL, NULL, NULL, NULL);
INSERT INTO `sys_area` VALUES (370704, 370700, '坊子区', '坊子', '119.166328', '36.654617', 3, '[0],[370000],[370700],', 4, NULL, NULL, NULL, NULL);
INSERT INTO `sys_area` VALUES (370705, 370700, '奎文区', '奎文', '119.13736', '36.709496', 3, '[0],[370000],[370700],', 7, NULL, NULL, NULL, NULL);
INSERT INTO `sys_area` VALUES (370724, 370700, '临朐县', '临朐', '118.539879', '36.516373', 3, '[0],[370000],[370700],', 8, NULL, NULL, NULL, NULL);
INSERT INTO `sys_area` VALUES (370725, 370700, '昌乐县', '昌乐', '118.839996', '36.703255', 3, '[0],[370000],[370700],', 2, NULL, NULL, NULL, NULL);
INSERT INTO `sys_area` VALUES (370781, 370700, '青州市', '青州', '118.484695', '36.697857', 3, '[0],[370000],[370700],', 9, NULL, NULL, NULL, NULL);
INSERT INTO `sys_area` VALUES (370782, 370700, '诸城市', '诸城', '119.403183', '35.997093', 3, '[0],[370000],[370700],', 12, NULL, NULL, NULL, NULL);
INSERT INTO `sys_area` VALUES (370783, 370700, '寿光市', '寿光', '118.73645', '36.874413', 3, '[0],[370000],[370700],', 10, NULL, NULL, NULL, NULL);
INSERT INTO `sys_area` VALUES (370784, 370700, '安丘市', '安丘', '119.206886', '36.427418', 3, '[0],[370000],[370700],', 1, NULL, NULL, NULL, NULL);
INSERT INTO `sys_area` VALUES (370785, 370700, '高密市', '高密', '119.757034', '36.377541', 3, '[0],[370000],[370700],', 5, NULL, NULL, NULL, NULL);
INSERT INTO `sys_area` VALUES (370786, 370700, '昌邑市', '昌邑', '119.394501', '36.854939', 3, '[0],[370000],[370700],', 3, NULL, NULL, NULL, NULL);
INSERT INTO `sys_area` VALUES (370800, 370000, '济宁市', '济宁', '116.587242', '35.415394', 2, '[0],[370000],', 6, NULL, NULL, NULL, NULL);
INSERT INTO `sys_area` VALUES (370802, 370800, '市中区', '市中', '116.587242', '35.415394', 3, '[0],[370000],[370800],', 6, NULL, NULL, NULL, NULL);
INSERT INTO `sys_area` VALUES (370811, 370800, '任城区', '任城', '116.63102', '35.431835', 3, '[0],[370000],[370800],', 5, NULL, NULL, NULL, NULL);
INSERT INTO `sys_area` VALUES (370826, 370800, '微山县', '微山', '117.128609', '34.809525', 3, '[0],[370000],[370800],', 8, NULL, NULL, NULL, NULL);
INSERT INTO `sys_area` VALUES (370827, 370800, '鱼台县', '鱼台', '116.650024', '34.997707', 3, '[0],[370000],[370800],', 11, NULL, NULL, NULL, NULL);
INSERT INTO `sys_area` VALUES (370828, 370800, '金乡县', '金乡', '116.310364', '35.069771', 3, '[0],[370000],[370800],', 2, NULL, NULL, NULL, NULL);
INSERT INTO `sys_area` VALUES (370829, 370800, '嘉祥县', '嘉祥', '116.342888', '35.398098', 3, '[0],[370000],[370800],', 1, NULL, NULL, NULL, NULL);
INSERT INTO `sys_area` VALUES (370830, 370800, '汶上县', '汶上', '116.487144', '35.721745', 3, '[0],[370000],[370800],', 9, NULL, NULL, NULL, NULL);
INSERT INTO `sys_area` VALUES (370831, 370800, '泗水县', '泗水', '117.273605', '35.653217', 3, '[0],[370000],[370800],', 7, NULL, NULL, NULL, NULL);
INSERT INTO `sys_area` VALUES (370832, 370800, '梁山县', '梁山', '116.08963', '35.801842', 3, '[0],[370000],[370800],', 3, NULL, NULL, NULL, NULL);
INSERT INTO `sys_area` VALUES (370881, 370800, '曲阜市', '曲阜', '116.991882', '35.592789', 3, '[0],[370000],[370800],', 4, NULL, NULL, NULL, NULL);
INSERT INTO `sys_area` VALUES (370882, 370800, '兖州市', '兖州', '116.587242', '35.415394', 3, '[0],[370000],[370800],', 10, NULL, NULL, NULL, NULL);
INSERT INTO `sys_area` VALUES (370883, 370800, '邹城市', '邹城', '116.966728', '35.405258', 3, '[0],[370000],[370800],', 12, NULL, NULL, NULL, NULL);
INSERT INTO `sys_area` VALUES (370900, 370000, '泰安市', '泰安', '117.129066', '36.194969', 2, '[0],[370000],', 12, NULL, NULL, NULL, NULL);
INSERT INTO `sys_area` VALUES (370902, 370900, '泰山区', '泰山', '117.129982', '36.189312', 3, '[0],[370000],[370900],', 5, NULL, NULL, NULL, NULL);
INSERT INTO `sys_area` VALUES (370903, 370900, '岱岳区', '岱岳', '117.043533', '36.184101', 3, '[0],[370000],[370900],', 1, NULL, NULL, NULL, NULL);
INSERT INTO `sys_area` VALUES (370921, 370900, '宁阳县', '宁阳', '116.799294', '35.76754', 3, '[0],[370000],[370900],', 4, NULL, NULL, NULL, NULL);
INSERT INTO `sys_area` VALUES (370923, 370900, '东平县', '东平', '116.461052', '35.930466', 3, '[0],[370000],[370900],', 2, NULL, NULL, NULL, NULL);
INSERT INTO `sys_area` VALUES (370982, 370900, '新泰市', '新泰', '117.76609', '35.910385', 3, '[0],[370000],[370900],', 6, NULL, NULL, NULL, NULL);
INSERT INTO `sys_area` VALUES (370983, 370900, '肥城市', '肥城', '116.763702', '36.1856', 3, '[0],[370000],[370900],', 3, NULL, NULL, NULL, NULL);
INSERT INTO `sys_area` VALUES (371000, 370000, '威海市', '威海', '122.116394', '37.509689', 2, '[0],[370000],', 14, NULL, NULL, NULL, NULL);
INSERT INTO `sys_area` VALUES (371002, 371000, '环翠区', '环翠', '122.116188', '37.510754', 3, '[0],[370000],[371000],', 1, NULL, NULL, NULL, NULL);
INSERT INTO `sys_area` VALUES (371081, 371000, '文登市', '文登', '122.057137', '37.196213', 3, '[0],[370000],[371000],', 4, NULL, NULL, NULL, NULL);
INSERT INTO `sys_area` VALUES (371082, 371000, '荣成市', '荣成', '122.422897', '37.160133', 3, '[0],[370000],[371000],', 2, NULL, NULL, NULL, NULL);
INSERT INTO `sys_area` VALUES (371083, 371000, '乳山市', '乳山', '121.536346', '36.919621', 3, '[0],[370000],[371000],', 3, NULL, NULL, NULL, NULL);
INSERT INTO `sys_area` VALUES (371100, 370000, '日照市', '日照', '119.461205', '35.428589', 2, '[0],[370000],', 11, NULL, NULL, NULL, NULL);
INSERT INTO `sys_area` VALUES (371102, 371100, '东港区', '东港', '119.457703', '35.426151', 3, '[0],[370000],[371100],', 1, NULL, NULL, NULL, NULL);
INSERT INTO `sys_area` VALUES (371103, 371100, '岚山区', '岚山', '119.315842', '35.119793', 3, '[0],[370000],[371100],', 3, NULL, NULL, NULL, NULL);
INSERT INTO `sys_area` VALUES (371121, 371100, '五莲县', '五莲', '119.206741', '35.751938', 3, '[0],[370000],[371100],', 4, NULL, NULL, NULL, NULL);
INSERT INTO `sys_area` VALUES (371122, 371100, '莒县', '莒县', '118.832855', '35.588116', 3, '[0],[370000],[371100],', 2, NULL, NULL, NULL, NULL);
INSERT INTO `sys_area` VALUES (371200, 370000, '莱芜市', '莱芜', '117.677734', '36.214397', 2, '[0],[370000],', 7, NULL, NULL, NULL, NULL);
INSERT INTO `sys_area` VALUES (371202, 371200, '莱城区', '莱城', '117.678352', '36.213661', 3, '[0],[370000],[371200],', 2, NULL, NULL, NULL, NULL);
INSERT INTO `sys_area` VALUES (371203, 371200, '钢城区', '钢城', '117.820328', '36.058037', 3, '[0],[370000],[371200],', 1, NULL, NULL, NULL, NULL);
INSERT INTO `sys_area` VALUES (371300, 370000, '临沂市', '临沂', '118.326447', '35.065281', 2, '[0],[370000],', 9, NULL, NULL, NULL, NULL);
INSERT INTO `sys_area` VALUES (371302, 371300, '兰山区', '兰山', '118.327667', '35.06163', 3, '[0],[370000],[371300],', 5, NULL, NULL, NULL, NULL);
INSERT INTO `sys_area` VALUES (371311, 371300, '罗庄区', '罗庄', '118.284798', '34.997204', 3, '[0],[370000],[371300],', 7, NULL, NULL, NULL, NULL);
INSERT INTO `sys_area` VALUES (371312, 371300, '河东区', '河东', '118.398293', '35.085003', 3, '[0],[370000],[371300],', 3, NULL, NULL, NULL, NULL);
INSERT INTO `sys_area` VALUES (371321, 371300, '沂南县', '沂南', '118.455399', '35.547001', 3, '[0],[370000],[371300],', 11, NULL, NULL, NULL, NULL);
INSERT INTO `sys_area` VALUES (371322, 371300, '郯城县', '郯城', '118.342964', '34.614742', 3, '[0],[370000],[371300],', 10, NULL, NULL, NULL, NULL);
INSERT INTO `sys_area` VALUES (371323, 371300, '沂水县', '沂水', '118.634544', '35.787029', 3, '[0],[370000],[371300],', 12, NULL, NULL, NULL, NULL);
INSERT INTO `sys_area` VALUES (371324, 371300, '苍山县', '苍山', '118.326447', '35.065281', 3, '[0],[370000],[371300],', 1, NULL, NULL, NULL, NULL);
INSERT INTO `sys_area` VALUES (371325, 371300, '费县', '费县', '117.968872', '35.269173', 3, '[0],[370000],[371300],', 2, NULL, NULL, NULL, NULL);
INSERT INTO `sys_area` VALUES (371326, 371300, '平邑县', '平邑', '117.631882', '35.51152', 3, '[0],[370000],[371300],', 9, NULL, NULL, NULL, NULL);
INSERT INTO `sys_area` VALUES (371327, 371300, '莒南县', '莒南', '118.838326', '35.175911', 3, '[0],[370000],[371300],', 4, NULL, NULL, NULL, NULL);
INSERT INTO `sys_area` VALUES (371328, 371300, '蒙阴县', '蒙阴', '117.943268', '35.712437', 3, '[0],[370000],[371300],', 8, NULL, NULL, NULL, NULL);
INSERT INTO `sys_area` VALUES (371329, 371300, '临沭县', '临沭', '118.648376', '34.917061', 3, '[0],[370000],[371300],', 6, NULL, NULL, NULL, NULL);
INSERT INTO `sys_area` VALUES (371400, 370000, '德州市', '德州', '116.307426', '37.453968', 2, '[0],[370000],', 2, NULL, NULL, NULL, NULL);
INSERT INTO `sys_area` VALUES (371402, 371400, '德城区', '德城', '116.307076', '37.453922', 3, '[0],[370000],[371400],', 1, NULL, NULL, NULL, NULL);
INSERT INTO `sys_area` VALUES (371421, 371400, '陵县', '陵县', '116.574928', '37.332848', 3, '[0],[370000],[371400],', 3, NULL, NULL, NULL, NULL);
INSERT INTO `sys_area` VALUES (371422, 371400, '宁津县', '宁津', '116.793716', '37.64962', 3, '[0],[370000],[371400],', 5, NULL, NULL, NULL, NULL);
INSERT INTO `sys_area` VALUES (371423, 371400, '庆云县', '庆云', '117.390511', '37.777725', 3, '[0],[370000],[371400],', 8, NULL, NULL, NULL, NULL);
INSERT INTO `sys_area` VALUES (371424, 371400, '临邑县', '临邑', '116.867027', '37.192043', 3, '[0],[370000],[371400],', 4, NULL, NULL, NULL, NULL);
INSERT INTO `sys_area` VALUES (371425, 371400, '齐河县', '齐河', '116.758392', '36.795498', 3, '[0],[370000],[371400],', 7, NULL, NULL, NULL, NULL);
INSERT INTO `sys_area` VALUES (371426, 371400, '平原县', '平原', '116.433907', '37.164467', 3, '[0],[370000],[371400],', 6, NULL, NULL, NULL, NULL);
INSERT INTO `sys_area` VALUES (371427, 371400, '夏津县', '夏津', '116.003815', '36.9505', 3, '[0],[370000],[371400],', 10, NULL, NULL, NULL, NULL);
INSERT INTO `sys_area` VALUES (371428, 371400, '武城县', '武城', '116.078629', '37.209526', 3, '[0],[370000],[371400],', 9, NULL, NULL, NULL, NULL);
INSERT INTO `sys_area` VALUES (371481, 371400, '乐陵市', '乐陵', '117.21666', '37.729115', 3, '[0],[370000],[371400],', 2, NULL, NULL, NULL, NULL);
INSERT INTO `sys_area` VALUES (371482, 371400, '禹城市', '禹城', '116.642555', '36.934486', 3, '[0],[370000],[371400],', 11, NULL, NULL, NULL, NULL);
INSERT INTO `sys_area` VALUES (371500, 370000, '聊城市', '聊城', '115.98037', '36.456013', 2, '[0],[370000],', 8, NULL, NULL, NULL, NULL);
INSERT INTO `sys_area` VALUES (371502, 371500, '东昌府区', '东昌府', '115.980026', '36.456059', 3, '[0],[370000],[371500],', 2, NULL, NULL, NULL, NULL);
INSERT INTO `sys_area` VALUES (371521, 371500, '阳谷县', '阳谷', '115.784286', '36.113708', 3, '[0],[370000],[371500],', 8, NULL, NULL, NULL, NULL);
INSERT INTO `sys_area` VALUES (371522, 371500, '莘县', '莘县', '115.66729', '36.237598', 3, '[0],[370000],[371500],', 7, NULL, NULL, NULL, NULL);
INSERT INTO `sys_area` VALUES (371523, 371500, '茌平县', '茌平', '116.253349', '36.591934', 3, '[0],[370000],[371500],', 1, NULL, NULL, NULL, NULL);
INSERT INTO `sys_area` VALUES (371524, 371500, '东阿县', '东阿', '116.248856', '36.336002', 3, '[0],[370000],[371500],', 3, NULL, NULL, NULL, NULL);
INSERT INTO `sys_area` VALUES (371525, 371500, '冠县', '冠县', '115.444809', '36.483753', 3, '[0],[370000],[371500],', 5, NULL, NULL, NULL, NULL);
INSERT INTO `sys_area` VALUES (371526, 371500, '高唐县', '高唐', '116.22966', '36.859756', 3, '[0],[370000],[371500],', 4, NULL, NULL, NULL, NULL);
INSERT INTO `sys_area` VALUES (371581, 371500, '临清市', '临清', '115.713463', '36.842598', 3, '[0],[370000],[371500],', 6, NULL, NULL, NULL, NULL);
INSERT INTO `sys_area` VALUES (371600, 370000, '滨州市', '滨州', '118.016975', '37.383541', 2, '[0],[370000],', 1, NULL, NULL, NULL, NULL);
INSERT INTO `sys_area` VALUES (371602, 371600, '滨城区', '滨城', '118.020149', '37.384842', 3, '[0],[370000],[371600],', 1, NULL, NULL, NULL, NULL);
INSERT INTO `sys_area` VALUES (371621, 371600, '惠民县', '惠民', '117.508942', '37.483875', 3, '[0],[370000],[371600],', 3, NULL, NULL, NULL, NULL);
INSERT INTO `sys_area` VALUES (371622, 371600, '阳信县', '阳信', '117.581329', '37.640491', 3, '[0],[370000],[371600],', 5, NULL, NULL, NULL, NULL);
INSERT INTO `sys_area` VALUES (371623, 371600, '无棣县', '无棣', '117.616325', '37.740849', 3, '[0],[370000],[371600],', 4, NULL, NULL, NULL, NULL);
INSERT INTO `sys_area` VALUES (371624, 371600, '沾化县', '沾化', '118.129906', '37.698456', 3, '[0],[370000],[371600],', 6, NULL, NULL, NULL, NULL);
INSERT INTO `sys_area` VALUES (371625, 371600, '博兴县', '博兴', '118.123093', '37.147003', 3, '[0],[370000],[371600],', 2, NULL, NULL, NULL, NULL);
INSERT INTO `sys_area` VALUES (371626, 371600, '邹平县', '邹平', '117.736809', '36.878029', 3, '[0],[370000],[371600],', 7, NULL, NULL, NULL, NULL);
INSERT INTO `sys_area` VALUES (371700, 370000, '菏泽市', '菏泽', '115.469383', '35.246532', 2, '[0],[370000],', 4, NULL, NULL, NULL, NULL);
INSERT INTO `sys_area` VALUES (371702, 371700, '牡丹区', '牡丹', '115.470947', '35.243111', 3, '[0],[370000],[371700],', 7, NULL, NULL, NULL, NULL);
INSERT INTO `sys_area` VALUES (371721, 371700, '曹县', '曹县', '115.549484', '34.823254', 3, '[0],[370000],[371700],', 1, NULL, NULL, NULL, NULL);
INSERT INTO `sys_area` VALUES (371722, 371700, '单县', '单县', '116.082619', '34.790852', 3, '[0],[370000],[371700],', 8, NULL, NULL, NULL, NULL);
INSERT INTO `sys_area` VALUES (371723, 371700, '成武县', '成武', '115.897346', '34.947365', 3, '[0],[370000],[371700],', 2, NULL, NULL, NULL, NULL);
INSERT INTO `sys_area` VALUES (371724, 371700, '巨野县', '巨野', '116.08934', '35.390999', 3, '[0],[370000],[371700],', 6, NULL, NULL, NULL, NULL);
INSERT INTO `sys_area` VALUES (371725, 371700, '郓城县', '郓城', '115.93885', '35.594772', 3, '[0],[370000],[371700],', 9, NULL, NULL, NULL, NULL);
INSERT INTO `sys_area` VALUES (371726, 371700, '鄄城县', '鄄城', '115.514343', '35.560257', 3, '[0],[370000],[371700],', 5, NULL, NULL, NULL, NULL);
INSERT INTO `sys_area` VALUES (371727, 371700, '定陶县', '定陶', '115.569603', '35.072701', 3, '[0],[370000],[371700],', 3, NULL, NULL, NULL, NULL);
INSERT INTO `sys_area` VALUES (371728, 371700, '东明县', '东明', '115.098412', '35.289639', 3, '[0],[370000],[371700],', 4, NULL, NULL, NULL, NULL);
INSERT INTO `sys_area` VALUES (410000, 0, '河南省', '河南', '113.665413', '34.757977', 1, '[0],', 16, NULL, NULL, NULL, NULL);
INSERT INTO `sys_area` VALUES (410100, 410000, '郑州市', '郑州', '113.665413', '34.757977', 2, '[0],[410000],', 16, NULL, NULL, NULL, NULL);
INSERT INTO `sys_area` VALUES (410102, 410100, '中原区', '中原', '113.611572', '34.748287', 3, '[0],[410000],[410100],', 12, NULL, NULL, NULL, NULL);
INSERT INTO `sys_area` VALUES (410103, 410100, '二七区', '二七', '113.645424', '34.730934', 3, '[0],[410000],[410100],', 2, NULL, NULL, NULL, NULL);
INSERT INTO `sys_area` VALUES (410104, 410100, '管城回族区', '管城回族', '113.68531', '34.746452', 3, '[0],[410000],[410100],', 4, NULL, NULL, NULL, NULL);
INSERT INTO `sys_area` VALUES (410105, 410100, '金水区', '金水', '113.686035', '34.775837', 3, '[0],[410000],[410100],', 6, NULL, NULL, NULL, NULL);
INSERT INTO `sys_area` VALUES (410106, 410100, '上街区', '上街', '113.298279', '34.808689', 3, '[0],[410000],[410100],', 7, NULL, NULL, NULL, NULL);
INSERT INTO `sys_area` VALUES (410108, 410100, '惠济区', '惠济', '113.618362', '34.82859', 3, '[0],[410000],[410100],', 5, NULL, NULL, NULL, NULL);
INSERT INTO `sys_area` VALUES (410122, 410100, '中牟县', '中牟', '114.022522', '34.721977', 3, '[0],[410000],[410100],', 11, NULL, NULL, NULL, NULL);
INSERT INTO `sys_area` VALUES (410181, 410100, '巩义市', '巩义', '112.982826', '34.752178', 3, '[0],[410000],[410100],', 3, NULL, NULL, NULL, NULL);
INSERT INTO `sys_area` VALUES (410182, 410100, '荥阳市', '荥阳', '113.391525', '34.789078', 3, '[0],[410000],[410100],', 8, NULL, NULL, NULL, NULL);
INSERT INTO `sys_area` VALUES (410183, 410100, '新密市', '新密', '113.380615', '34.537846', 3, '[0],[410000],[410100],', 9, NULL, NULL, NULL, NULL);
INSERT INTO `sys_area` VALUES (410184, 410100, '新郑市', '新郑', '113.73967', '34.394218', 3, '[0],[410000],[410100],', 10, NULL, NULL, NULL, NULL);
INSERT INTO `sys_area` VALUES (410185, 410100, '登封市', '登封', '113.037766', '34.459938', 3, '[0],[410000],[410100],', 1, NULL, NULL, NULL, NULL);
INSERT INTO `sys_area` VALUES (410200, 410000, '开封市', '开封', '114.341446', '34.79705', 2, '[0],[410000],', 5, NULL, NULL, NULL, NULL);
INSERT INTO `sys_area` VALUES (410202, 410200, '龙亭区', '龙亭', '114.353348', '34.799831', 3, '[0],[410000],[410200],', 5, NULL, NULL, NULL, NULL);
INSERT INTO `sys_area` VALUES (410203, 410200, '顺河回族区', '顺河回族', '114.364876', '34.800461', 3, '[0],[410000],[410200],', 7, NULL, NULL, NULL, NULL);
INSERT INTO `sys_area` VALUES (410204, 410200, '鼓楼区', '鼓楼', '114.348503', '34.792381', 3, '[0],[410000],[410200],', 1, NULL, NULL, NULL, NULL);
INSERT INTO `sys_area` VALUES (410205, 410200, '禹王台区', '禹王台', '114.350243', '34.779728', 3, '[0],[410000],[410200],', 10, NULL, NULL, NULL, NULL);
INSERT INTO `sys_area` VALUES (410211, 410200, '金明区', '金明', '114.300682', '34.791512', 3, '[0],[410000],[410200],', 2, NULL, NULL, NULL, NULL);
INSERT INTO `sys_area` VALUES (410221, 410200, '杞县', '杞县', '114.77047', '34.554585', 3, '[0],[410000],[410200],', 6, NULL, NULL, NULL, NULL);
INSERT INTO `sys_area` VALUES (410222, 410200, '通许县', '通许', '114.467735', '34.477303', 3, '[0],[410000],[410200],', 8, NULL, NULL, NULL, NULL);
INSERT INTO `sys_area` VALUES (410223, 410200, '尉氏县', '尉氏', '114.193924', '34.412254', 3, '[0],[410000],[410200],', 9, NULL, NULL, NULL, NULL);
INSERT INTO `sys_area` VALUES (410224, 410200, '开封县', '开封', '114.437622', '34.756477', 3, '[0],[410000],[410200],', 3, NULL, NULL, NULL, NULL);
INSERT INTO `sys_area` VALUES (410225, 410200, '兰考县', '兰考', '114.820572', '34.829899', 3, '[0],[410000],[410200],', 4, NULL, NULL, NULL, NULL);
INSERT INTO `sys_area` VALUES (410300, 410000, '洛阳市', '洛阳', '112.434471', '34.66304', 2, '[0],[410000],', 7, NULL, NULL, NULL, NULL);
INSERT INTO `sys_area` VALUES (410302, 410300, '老城区', '老城', '112.477295', '34.682945', 3, '[0],[410000],[410300],', 4, NULL, NULL, NULL, NULL);
INSERT INTO `sys_area` VALUES (410303, 410300, '西工区', '西工', '112.44323', '34.667847', 3, '[0],[410000],[410300],', 11, NULL, NULL, NULL, NULL);
INSERT INTO `sys_area` VALUES (410304, 410300, '瀍河回族区', '瀍河回族', '112.491623', '34.684738', 3, '[0],[410000],[410300],', 1, NULL, NULL, NULL, NULL);
INSERT INTO `sys_area` VALUES (410305, 410300, '涧西区', '涧西', '112.399246', '34.654251', 3, '[0],[410000],[410300],', 2, NULL, NULL, NULL, NULL);
INSERT INTO `sys_area` VALUES (410306, 410300, '吉利区', '吉利', '112.584793', '34.899094', 3, '[0],[410000],[410300],', 3, NULL, NULL, NULL, NULL);
INSERT INTO `sys_area` VALUES (410307, 410300, '洛龙区', '洛龙', '112.456635', '34.618557', 3, '[0],[410000],[410300],', 6, NULL, NULL, NULL, NULL);
INSERT INTO `sys_area` VALUES (410322, 410300, '孟津县', '孟津', '112.443893', '34.826485', 3, '[0],[410000],[410300],', 8, NULL, NULL, NULL, NULL);
INSERT INTO `sys_area` VALUES (410323, 410300, '新安县', '新安', '112.141403', '34.72868', 3, '[0],[410000],[410300],', 12, NULL, NULL, NULL, NULL);
INSERT INTO `sys_area` VALUES (410324, 410300, '栾川县', '栾川', '111.618385', '33.783195', 3, '[0],[410000],[410300],', 5, NULL, NULL, NULL, NULL);
INSERT INTO `sys_area` VALUES (410325, 410300, '嵩县', '嵩县', '112.087769', '34.131561', 3, '[0],[410000],[410300],', 10, NULL, NULL, NULL, NULL);
INSERT INTO `sys_area` VALUES (410326, 410300, '汝阳县', '汝阳', '112.473785', '34.153229', 3, '[0],[410000],[410300],', 9, NULL, NULL, NULL, NULL);
INSERT INTO `sys_area` VALUES (410327, 410300, '宜阳县', '宜阳', '112.179993', '34.516479', 3, '[0],[410000],[410300],', 15, NULL, NULL, NULL, NULL);
INSERT INTO `sys_area` VALUES (410328, 410300, '洛宁县', '洛宁', '111.655396', '34.38718', 3, '[0],[410000],[410300],', 7, NULL, NULL, NULL, NULL);
INSERT INTO `sys_area` VALUES (410329, 410300, '伊川县', '伊川', '112.429382', '34.423416', 3, '[0],[410000],[410300],', 14, NULL, NULL, NULL, NULL);
INSERT INTO `sys_area` VALUES (410381, 410300, '偃师市', '偃师', '112.787743', '34.723042', 3, '[0],[410000],[410300],', 13, NULL, NULL, NULL, NULL);
INSERT INTO `sys_area` VALUES (410400, 410000, '平顶山市', '平顶山', '113.307716', '33.735241', 2, '[0],[410000],', 9, NULL, NULL, NULL, NULL);
INSERT INTO `sys_area` VALUES (410402, 410400, '新华区', '新华', '113.299065', '33.737579', 3, '[0],[410000],[410400],', 8, NULL, NULL, NULL, NULL);
INSERT INTO `sys_area` VALUES (410403, 410400, '卫东区', '卫东', '113.310326', '33.739285', 3, '[0],[410000],[410400],', 6, NULL, NULL, NULL, NULL);
INSERT INTO `sys_area` VALUES (410404, 410400, '石龙区', '石龙', '112.889885', '33.901539', 3, '[0],[410000],[410400],', 5, NULL, NULL, NULL, NULL);
INSERT INTO `sys_area` VALUES (410411, 410400, '湛河区', '湛河', '113.320869', '33.725681', 3, '[0],[410000],[410400],', 10, NULL, NULL, NULL, NULL);
INSERT INTO `sys_area` VALUES (410421, 410400, '宝丰县', '宝丰', '113.066811', '33.86636', 3, '[0],[410000],[410400],', 1, NULL, NULL, NULL, NULL);
INSERT INTO `sys_area` VALUES (410422, 410400, '叶县', '叶县', '113.358299', '33.62125', 3, '[0],[410000],[410400],', 9, NULL, NULL, NULL, NULL);
INSERT INTO `sys_area` VALUES (410423, 410400, '鲁山县', '鲁山', '112.9067', '33.740326', 3, '[0],[410000],[410400],', 3, NULL, NULL, NULL, NULL);
INSERT INTO `sys_area` VALUES (410425, 410400, '郏县', '郏县', '113.220451', '33.971992', 3, '[0],[410000],[410400],', 2, NULL, NULL, NULL, NULL);
INSERT INTO `sys_area` VALUES (410481, 410400, '舞钢市', '舞钢', '113.526253', '33.302082', 3, '[0],[410000],[410400],', 7, NULL, NULL, NULL, NULL);
INSERT INTO `sys_area` VALUES (410482, 410400, '汝州市', '汝州', '112.845337', '34.167408', 3, '[0],[410000],[410400],', 4, NULL, NULL, NULL, NULL);
INSERT INTO `sys_area` VALUES (410500, 410000, '安阳市', '安阳', '114.352486', '36.103443', 2, '[0],[410000],', 1, NULL, NULL, NULL, NULL);
INSERT INTO `sys_area` VALUES (410502, 410500, '文峰区', '文峰', '114.352562', '36.098103', 3, '[0],[410000],[410500],', 8, NULL, NULL, NULL, NULL);
INSERT INTO `sys_area` VALUES (410503, 410500, '北关区', '北关', '114.352646', '36.109779', 3, '[0],[410000],[410500],', 2, NULL, NULL, NULL, NULL);
INSERT INTO `sys_area` VALUES (410505, 410500, '殷都区', '殷都', '114.300095', '36.108974', 3, '[0],[410000],[410500],', 9, NULL, NULL, NULL, NULL);
INSERT INTO `sys_area` VALUES (410506, 410500, '龙安区', '龙安', '114.323524', '36.09557', 3, '[0],[410000],[410500],', 5, NULL, NULL, NULL, NULL);
INSERT INTO `sys_area` VALUES (410522, 410500, '安阳县', '安阳', '114.130203', '36.130585', 3, '[0],[410000],[410500],', 1, NULL, NULL, NULL, NULL);
INSERT INTO `sys_area` VALUES (410523, 410500, '汤阴县', '汤阴', '114.362358', '35.922348', 3, '[0],[410000],[410500],', 7, NULL, NULL, NULL, NULL);
INSERT INTO `sys_area` VALUES (410526, 410500, '滑县', '滑县', '114.524002', '35.574627', 3, '[0],[410000],[410500],', 3, NULL, NULL, NULL, NULL);
INSERT INTO `sys_area` VALUES (410527, 410500, '内黄县', '内黄', '114.904579', '35.953701', 3, '[0],[410000],[410500],', 6, NULL, NULL, NULL, NULL);
INSERT INTO `sys_area` VALUES (410581, 410500, '林州市', '林州', '113.823769', '36.063404', 3, '[0],[410000],[410500],', 4, NULL, NULL, NULL, NULL);
INSERT INTO `sys_area` VALUES (410600, 410000, '鹤壁市', '鹤壁', '114.295441', '35.748238', 2, '[0],[410000],', 2, NULL, NULL, NULL, NULL);
INSERT INTO `sys_area` VALUES (410602, 410600, '鹤山区', '鹤山', '114.16655', '35.936127', 3, '[0],[410000],[410600],', 1, NULL, NULL, NULL, NULL);
INSERT INTO `sys_area` VALUES (410603, 410600, '山城区', '山城', '114.184204', '35.896057', 3, '[0],[410000],[410600],', 4, NULL, NULL, NULL, NULL);
INSERT INTO `sys_area` VALUES (410611, 410600, '淇滨区', '淇滨', '114.293915', '35.748383', 3, '[0],[410000],[410600],', 2, NULL, NULL, NULL, NULL);
INSERT INTO `sys_area` VALUES (410621, 410600, '浚县', '浚县', '114.550163', '35.671284', 3, '[0],[410000],[410600],', 5, NULL, NULL, NULL, NULL);
INSERT INTO `sys_area` VALUES (410622, 410600, '淇县', '淇县', '114.200378', '35.609478', 3, '[0],[410000],[410600],', 3, NULL, NULL, NULL, NULL);
INSERT INTO `sys_area` VALUES (410700, 410000, '新乡市', '新乡', '113.883987', '35.302616', 2, '[0],[410000],', 14, NULL, NULL, NULL, NULL);
INSERT INTO `sys_area` VALUES (410702, 410700, '红旗区', '红旗', '113.878159', '35.302685', 3, '[0],[410000],[410700],', 4, NULL, NULL, NULL, NULL);
INSERT INTO `sys_area` VALUES (410703, 410700, '卫滨区', '卫滨', '113.866066', '35.304905', 3, '[0],[410000],[410700],', 8, NULL, NULL, NULL, NULL);
INSERT INTO `sys_area` VALUES (410704, 410700, '凤泉区', '凤泉', '113.906715', '35.379856', 3, '[0],[410000],[410700],', 3, NULL, NULL, NULL, NULL);
INSERT INTO `sys_area` VALUES (410711, 410700, '牧野区', '牧野', '113.897163', '35.312973', 3, '[0],[410000],[410700],', 7, NULL, NULL, NULL, NULL);
INSERT INTO `sys_area` VALUES (410721, 410700, '新乡县', '新乡', '113.806183', '35.190022', 3, '[0],[410000],[410700],', 10, NULL, NULL, NULL, NULL);
INSERT INTO `sys_area` VALUES (410724, 410700, '获嘉县', '获嘉', '113.657249', '35.261684', 3, '[0],[410000],[410700],', 6, NULL, NULL, NULL, NULL);
INSERT INTO `sys_area` VALUES (410725, 410700, '原阳县', '原阳', '113.965965', '35.054001', 3, '[0],[410000],[410700],', 12, NULL, NULL, NULL, NULL);
INSERT INTO `sys_area` VALUES (410726, 410700, '延津县', '延津', '114.200981', '35.149513', 3, '[0],[410000],[410700],', 11, NULL, NULL, NULL, NULL);
INSERT INTO `sys_area` VALUES (410727, 410700, '封丘县', '封丘', '114.423409', '35.040569', 3, '[0],[410000],[410700],', 2, NULL, NULL, NULL, NULL);
INSERT INTO `sys_area` VALUES (410728, 410700, '长垣县', '长垣', '114.673805', '35.196152', 3, '[0],[410000],[410700],', 1, NULL, NULL, NULL, NULL);
INSERT INTO `sys_area` VALUES (410781, 410700, '卫辉市', '卫辉', '114.065857', '35.404297', 3, '[0],[410000],[410700],', 9, NULL, NULL, NULL, NULL);
INSERT INTO `sys_area` VALUES (410782, 410700, '辉县市', '辉县', '113.802521', '35.461319', 3, '[0],[410000],[410700],', 5, NULL, NULL, NULL, NULL);
INSERT INTO `sys_area` VALUES (410800, 410000, '焦作市', '焦作', '113.238266', '35.23904', 2, '[0],[410000],', 3, NULL, NULL, NULL, NULL);
INSERT INTO `sys_area` VALUES (410802, 410800, '解放区', '解放', '113.226128', '35.241352', 3, '[0],[410000],[410800],', 2, NULL, NULL, NULL, NULL);
INSERT INTO `sys_area` VALUES (410803, 410800, '中站区', '中站', '113.175484', '35.236145', 3, '[0],[410000],[410800],', 10, NULL, NULL, NULL, NULL);
INSERT INTO `sys_area` VALUES (410804, 410800, '马村区', '马村', '113.321701', '35.265453', 3, '[0],[410000],[410800],', 3, NULL, NULL, NULL, NULL);
INSERT INTO `sys_area` VALUES (410811, 410800, '山阳区', '山阳', '113.267662', '35.21476', 3, '[0],[410000],[410800],', 6, NULL, NULL, NULL, NULL);
INSERT INTO `sys_area` VALUES (410821, 410800, '修武县', '修武', '113.447464', '35.229923', 3, '[0],[410000],[410800],', 9, NULL, NULL, NULL, NULL);
INSERT INTO `sys_area` VALUES (410822, 410800, '博爱县', '博爱', '113.069313', '35.170349', 3, '[0],[410000],[410800],', 1, NULL, NULL, NULL, NULL);
INSERT INTO `sys_area` VALUES (410823, 410800, '武陟县', '武陟', '113.408333', '35.09885', 3, '[0],[410000],[410800],', 8, NULL, NULL, NULL, NULL);
INSERT INTO `sys_area` VALUES (410825, 410800, '温县', '温县', '113.079117', '34.941235', 3, '[0],[410000],[410800],', 7, NULL, NULL, NULL, NULL);
INSERT INTO `sys_area` VALUES (410881, 410000, '济源市', '济源', '112.59005', '35.090378', 2, '[0],[410000],', 4, NULL, NULL, NULL, NULL);
INSERT INTO `sys_area` VALUES (410882, 410800, '沁阳市', '沁阳', '112.93454', '35.089008', 3, '[0],[410000],[410800],', 5, NULL, NULL, NULL, NULL);
INSERT INTO `sys_area` VALUES (410883, 410800, '孟州市', '孟州', '112.787079', '34.90963', 3, '[0],[410000],[410800],', 4, NULL, NULL, NULL, NULL);
INSERT INTO `sys_area` VALUES (410900, 410000, '濮阳市', '濮阳', '115.041298', '35.768234', 2, '[0],[410000],', 10, NULL, NULL, NULL, NULL);
INSERT INTO `sys_area` VALUES (410902, 410900, '华龙区', '华龙', '115.031837', '35.760471', 3, '[0],[410000],[410900],', 2, NULL, NULL, NULL, NULL);
INSERT INTO `sys_area` VALUES (410922, 410900, '清丰县', '清丰', '115.107285', '35.902412', 3, '[0],[410000],[410900],', 5, NULL, NULL, NULL, NULL);
INSERT INTO `sys_area` VALUES (410923, 410900, '南乐县', '南乐', '115.204338', '36.075203', 3, '[0],[410000],[410900],', 3, NULL, NULL, NULL, NULL);
INSERT INTO `sys_area` VALUES (410926, 410900, '范县', '范县', '115.504211', '35.851978', 3, '[0],[410000],[410900],', 1, NULL, NULL, NULL, NULL);
INSERT INTO `sys_area` VALUES (410927, 410900, '台前县', '台前', '115.855682', '35.996475', 3, '[0],[410000],[410900],', 6, NULL, NULL, NULL, NULL);
INSERT INTO `sys_area` VALUES (410928, 410900, '濮阳县', '濮阳', '115.023842', '35.71035', 3, '[0],[410000],[410900],', 4, NULL, NULL, NULL, NULL);
INSERT INTO `sys_area` VALUES (411000, 410000, '许昌市', '许昌', '113.826065', '34.022957', 2, '[0],[410000],', 15, NULL, NULL, NULL, NULL);
INSERT INTO `sys_area` VALUES (411002, 411000, '魏都区', '魏都', '113.828308', '34.027111', 3, '[0],[410000],[411000],', 2, NULL, NULL, NULL, NULL);
INSERT INTO `sys_area` VALUES (411023, 411000, '许昌县', '许昌', '113.842896', '34.005016', 3, '[0],[410000],[411000],', 4, NULL, NULL, NULL, NULL);
INSERT INTO `sys_area` VALUES (411024, 411000, '鄢陵县', '鄢陵', '114.188507', '34.100502', 3, '[0],[410000],[411000],', 5, NULL, NULL, NULL, NULL);
INSERT INTO `sys_area` VALUES (411025, 411000, '襄城县', '襄城', '113.493164', '33.855942', 3, '[0],[410000],[411000],', 3, NULL, NULL, NULL, NULL);
INSERT INTO `sys_area` VALUES (411081, 411000, '禹州市', '禹州', '113.471313', '34.154404', 3, '[0],[410000],[411000],', 6, NULL, NULL, NULL, NULL);
INSERT INTO `sys_area` VALUES (411082, 411000, '长葛市', '长葛', '113.768913', '34.219257', 3, '[0],[410000],[411000],', 1, NULL, NULL, NULL, NULL);
INSERT INTO `sys_area` VALUES (411100, 410000, '漯河市', '漯河', '114.026405', '33.575855', 2, '[0],[410000],', 6, NULL, NULL, NULL, NULL);
INSERT INTO `sys_area` VALUES (411102, 411100, '源汇区', '源汇', '114.017944', '33.565441', 3, '[0],[410000],[411100],', 4, NULL, NULL, NULL, NULL);
INSERT INTO `sys_area` VALUES (411103, 411100, '郾城区', '郾城', '114.016815', '33.588898', 3, '[0],[410000],[411100],', 3, NULL, NULL, NULL, NULL);
INSERT INTO `sys_area` VALUES (411104, 411100, '召陵区', '召陵', '114.051689', '33.567554', 3, '[0],[410000],[411100],', 5, NULL, NULL, NULL, NULL);
INSERT INTO `sys_area` VALUES (411121, 411100, '舞阳县', '舞阳', '113.610565', '33.436279', 3, '[0],[410000],[411100],', 2, NULL, NULL, NULL, NULL);
INSERT INTO `sys_area` VALUES (411122, 411100, '临颍县', '临颍', '113.938889', '33.806091', 3, '[0],[410000],[411100],', 1, NULL, NULL, NULL, NULL);
INSERT INTO `sys_area` VALUES (411200, 410000, '三门峡市', '三门峡', '111.194099', '34.777336', 2, '[0],[410000],', 11, NULL, NULL, NULL, NULL);
INSERT INTO `sys_area` VALUES (411202, 411200, '湖滨区', '湖滨', '111.19487', '34.778118', 3, '[0],[410000],[411200],', 1, NULL, NULL, NULL, NULL);
INSERT INTO `sys_area` VALUES (411221, 411200, '渑池县', '渑池', '111.762993', '34.763489', 3, '[0],[410000],[411200],', 4, NULL, NULL, NULL, NULL);
INSERT INTO `sys_area` VALUES (411222, 411200, '陕县', '陕县', '111.103851', '34.720245', 3, '[0],[410000],[411200],', 5, NULL, NULL, NULL, NULL);
INSERT INTO `sys_area` VALUES (411224, 411200, '卢氏县', '卢氏', '111.05265', '34.053993', 3, '[0],[410000],[411200],', 3, NULL, NULL, NULL, NULL);
INSERT INTO `sys_area` VALUES (411281, 411200, '义马市', '义马', '111.869415', '34.746868', 3, '[0],[410000],[411200],', 6, NULL, NULL, NULL, NULL);
INSERT INTO `sys_area` VALUES (411282, 411200, '灵宝市', '灵宝', '110.885773', '34.521263', 3, '[0],[410000],[411200],', 2, NULL, NULL, NULL, NULL);
INSERT INTO `sys_area` VALUES (411300, 410000, '南阳市', '南阳', '112.540916', '32.999081', 2, '[0],[410000],', 8, NULL, NULL, NULL, NULL);
INSERT INTO `sys_area` VALUES (411302, 411300, '宛城区', '宛城', '112.544594', '32.994858', 3, '[0],[410000],[411300],', 8, NULL, NULL, NULL, NULL);
INSERT INTO `sys_area` VALUES (411303, 411300, '卧龙区', '卧龙', '112.528786', '32.989876', 3, '[0],[410000],[411300],', 9, NULL, NULL, NULL, NULL);
INSERT INTO `sys_area` VALUES (411321, 411300, '南召县', '南召', '112.435585', '33.488617', 3, '[0],[410000],[411300],', 3, NULL, NULL, NULL, NULL);
INSERT INTO `sys_area` VALUES (411322, 411300, '方城县', '方城', '113.010933', '33.255138', 3, '[0],[410000],[411300],', 2, NULL, NULL, NULL, NULL);
INSERT INTO `sys_area` VALUES (411323, 411300, '西峡县', '西峡', '111.485771', '33.302982', 3, '[0],[410000],[411300],', 12, NULL, NULL, NULL, NULL);
INSERT INTO `sys_area` VALUES (411324, 411300, '镇平县', '镇平', '112.232719', '33.036652', 3, '[0],[410000],[411300],', 13, NULL, NULL, NULL, NULL);
INSERT INTO `sys_area` VALUES (411325, 411300, '内乡县', '内乡', '111.843803', '33.046356', 3, '[0],[410000],[411300],', 4, NULL, NULL, NULL, NULL);
INSERT INTO `sys_area` VALUES (411326, 411300, '淅川县', '淅川', '111.489029', '33.136105', 3, '[0],[410000],[411300],', 10, NULL, NULL, NULL, NULL);
INSERT INTO `sys_area` VALUES (411327, 411300, '社旗县', '社旗县', '112.938278', '33.056126', 3, '[0],[410000],[411300],', 5, NULL, NULL, NULL, NULL);
INSERT INTO `sys_area` VALUES (411328, 411300, '唐河县', '唐河', '112.838493', '32.687893', 3, '[0],[410000],[411300],', 6, NULL, NULL, NULL, NULL);
INSERT INTO `sys_area` VALUES (411329, 411300, '新野县', '新野', '112.365623', '32.524006', 3, '[0],[410000],[411300],', 11, NULL, NULL, NULL, NULL);
INSERT INTO `sys_area` VALUES (411330, 411300, '桐柏县', '桐柏', '113.406059', '32.367153', 3, '[0],[410000],[411300],', 7, NULL, NULL, NULL, NULL);
INSERT INTO `sys_area` VALUES (411381, 411300, '邓州市', '邓州', '112.092712', '32.681641', 3, '[0],[410000],[411300],', 1, NULL, NULL, NULL, NULL);
INSERT INTO `sys_area` VALUES (411400, 410000, '商丘市', '商丘', '115.650497', '34.437054', 2, '[0],[410000],', 12, NULL, NULL, NULL, NULL);
INSERT INTO `sys_area` VALUES (411402, 411400, '梁园区', '梁园', '115.654587', '34.436554', 3, '[0],[410000],[411400],', 1, NULL, NULL, NULL, NULL);
INSERT INTO `sys_area` VALUES (411403, 411400, '睢阳区', '睢阳', '115.653816', '34.390537', 3, '[0],[410000],[411400],', 5, NULL, NULL, NULL, NULL);
INSERT INTO `sys_area` VALUES (411421, 411400, '民权县', '民权', '115.148148', '34.648457', 3, '[0],[410000],[411400],', 2, NULL, NULL, NULL, NULL);
INSERT INTO `sys_area` VALUES (411422, 411400, '睢县', '睢县', '115.070107', '34.428432', 3, '[0],[410000],[411400],', 4, NULL, NULL, NULL, NULL);
INSERT INTO `sys_area` VALUES (411423, 411400, '宁陵县', '宁陵', '115.320053', '34.449299', 3, '[0],[410000],[411400],', 3, NULL, NULL, NULL, NULL);
INSERT INTO `sys_area` VALUES (411424, 411400, '柘城县', '柘城', '115.307434', '34.075275', 3, '[0],[410000],[411400],', 9, NULL, NULL, NULL, NULL);
INSERT INTO `sys_area` VALUES (411425, 411400, '虞城县', '虞城', '115.863808', '34.399635', 3, '[0],[410000],[411400],', 8, NULL, NULL, NULL, NULL);
INSERT INTO `sys_area` VALUES (411426, 411400, '夏邑县', '夏邑', '116.139893', '34.240894', 3, '[0],[410000],[411400],', 6, NULL, NULL, NULL, NULL);
INSERT INTO `sys_area` VALUES (411481, 411400, '永城市', '永城', '116.449669', '33.931316', 3, '[0],[410000],[411400],', 7, NULL, NULL, NULL, NULL);
INSERT INTO `sys_area` VALUES (411500, 410000, '信阳市', '信阳', '114.075027', '32.123276', 2, '[0],[410000],', 13, NULL, NULL, NULL, NULL);
INSERT INTO `sys_area` VALUES (411502, 411500, '浉河区', '浉河', '114.075027', '32.123276', 3, '[0],[410000],[411500],', 8, NULL, NULL, NULL, NULL);
INSERT INTO `sys_area` VALUES (411503, 411500, '平桥区', '平桥', '114.12603', '32.098396', 3, '[0],[410000],[411500],', 6, NULL, NULL, NULL, NULL);
INSERT INTO `sys_area` VALUES (411521, 411500, '罗山县', '罗山', '114.533417', '32.203205', 3, '[0],[410000],[411500],', 5, NULL, NULL, NULL, NULL);
INSERT INTO `sys_area` VALUES (411522, 411500, '光山县', '光山', '114.90358', '32.010399', 3, '[0],[410000],[411500],', 1, NULL, NULL, NULL, NULL);
INSERT INTO `sys_area` VALUES (411523, 411500, '新县', '新县', '114.877052', '31.635151', 3, '[0],[410000],[411500],', 9, NULL, NULL, NULL, NULL);
INSERT INTO `sys_area` VALUES (411524, 411500, '商城县', '商城', '115.406296', '31.799982', 3, '[0],[410000],[411500],', 7, NULL, NULL, NULL, NULL);
INSERT INTO `sys_area` VALUES (411525, 411500, '固始县', '固始', '115.667328', '32.183075', 3, '[0],[410000],[411500],', 2, NULL, NULL, NULL, NULL);
INSERT INTO `sys_area` VALUES (411526, 411500, '潢川县', '潢川', '115.050125', '32.134026', 3, '[0],[410000],[411500],', 4, NULL, NULL, NULL, NULL);
INSERT INTO `sys_area` VALUES (411527, 411500, '淮滨县', '淮滨', '115.415451', '32.452641', 3, '[0],[410000],[411500],', 3, NULL, NULL, NULL, NULL);
INSERT INTO `sys_area` VALUES (411528, 411500, '息县', '息县', '114.740715', '32.344746', 3, '[0],[410000],[411500],', 10, NULL, NULL, NULL, NULL);
INSERT INTO `sys_area` VALUES (411600, 410000, '周口市', '周口', '114.649651', '33.620358', 2, '[0],[410000],', 17, NULL, NULL, NULL, NULL);
INSERT INTO `sys_area` VALUES (411602, 411600, '川汇区', '川汇', '114.652138', '33.614838', 3, '[0],[410000],[411600],', 1, NULL, NULL, NULL, NULL);
INSERT INTO `sys_area` VALUES (411621, 411600, '扶沟县', '扶沟', '114.392006', '34.054062', 3, '[0],[410000],[411600],', 3, NULL, NULL, NULL, NULL);
INSERT INTO `sys_area` VALUES (411622, 411600, '西华县', '西华', '114.530067', '33.784378', 3, '[0],[410000],[411600],', 10, NULL, NULL, NULL, NULL);
INSERT INTO `sys_area` VALUES (411623, 411600, '商水县', '商水', '114.609268', '33.543846', 3, '[0],[410000],[411600],', 6, NULL, NULL, NULL, NULL);
INSERT INTO `sys_area` VALUES (411624, 411600, '沈丘县', '沈丘', '115.078377', '33.395515', 3, '[0],[410000],[411600],', 7, NULL, NULL, NULL, NULL);
INSERT INTO `sys_area` VALUES (411625, 411600, '郸城县', '郸城', '115.189003', '33.643852', 3, '[0],[410000],[411600],', 2, NULL, NULL, NULL, NULL);
INSERT INTO `sys_area` VALUES (411626, 411600, '淮阳县', '淮阳', '114.870163', '33.732548', 3, '[0],[410000],[411600],', 4, NULL, NULL, NULL, NULL);
INSERT INTO `sys_area` VALUES (411627, 411600, '太康县', '太康', '114.853836', '34.065311', 3, '[0],[410000],[411600],', 8, NULL, NULL, NULL, NULL);
INSERT INTO `sys_area` VALUES (411628, 411600, '鹿邑县', '鹿邑', '115.486389', '33.861069', 3, '[0],[410000],[411600],', 5, NULL, NULL, NULL, NULL);
INSERT INTO `sys_area` VALUES (411681, 411600, '项城市', '项城', '114.899521', '33.443085', 3, '[0],[410000],[411600],', 9, NULL, NULL, NULL, NULL);
INSERT INTO `sys_area` VALUES (411700, 410000, '驻马店市', '驻马店', '114.024734', '32.980167', 2, '[0],[410000],', 18, NULL, NULL, NULL, NULL);
INSERT INTO `sys_area` VALUES (411702, 411700, '驿城区', '驿城', '114.029152', '32.977558', 3, '[0],[410000],[411700],', 9, NULL, NULL, NULL, NULL);
INSERT INTO `sys_area` VALUES (411721, 411700, '西平县', '西平', '114.026863', '33.382317', 3, '[0],[410000],[411700],', 8, NULL, NULL, NULL, NULL);
INSERT INTO `sys_area` VALUES (411722, 411700, '上蔡县', '上蔡', '114.266891', '33.264717', 3, '[0],[410000],[411700],', 5, NULL, NULL, NULL, NULL);
INSERT INTO `sys_area` VALUES (411723, 411700, '平舆县', '平舆', '114.637108', '32.955627', 3, '[0],[410000],[411700],', 2, NULL, NULL, NULL, NULL);
INSERT INTO `sys_area` VALUES (411724, 411700, '正阳县', '正阳', '114.389481', '32.601826', 3, '[0],[410000],[411700],', 10, NULL, NULL, NULL, NULL);
INSERT INTO `sys_area` VALUES (411725, 411700, '确山县', '确山', '114.02668', '32.801537', 3, '[0],[410000],[411700],', 3, NULL, NULL, NULL, NULL);
INSERT INTO `sys_area` VALUES (411726, 411700, '泌阳县', '泌阳', '113.32605', '32.725128', 3, '[0],[410000],[411700],', 1, NULL, NULL, NULL, NULL);
INSERT INTO `sys_area` VALUES (411727, 411700, '汝南县', '汝南', '114.359497', '33.004536', 3, '[0],[410000],[411700],', 4, NULL, NULL, NULL, NULL);
INSERT INTO `sys_area` VALUES (411728, 411700, '遂平县', '遂平', '114.003708', '33.14698', 3, '[0],[410000],[411700],', 6, NULL, NULL, NULL, NULL);
INSERT INTO `sys_area` VALUES (411729, 411700, '新蔡县', '新蔡', '114.975243', '32.749947', 3, '[0],[410000],[411700],', 7, NULL, NULL, NULL, NULL);
INSERT INTO `sys_area` VALUES (420000, 0, '湖北省', '湖北', '114.298569', '30.584354', 1, '[0],', 17, NULL, NULL, NULL, NULL);
INSERT INTO `sys_area` VALUES (420100, 420000, '武汉市', '武汉', '114.298569', '30.584354', 2, '[0],[420000],', 12, NULL, NULL, NULL, NULL);
INSERT INTO `sys_area` VALUES (420102, 420100, '江岸区', '江岸', '114.30304', '30.594912', 3, '[0],[420000],[420100],', 7, NULL, NULL, NULL, NULL);
INSERT INTO `sys_area` VALUES (420103, 420100, '江汉区', '江汉', '114.283112', '30.578772', 3, '[0],[420000],[420100],', 8, NULL, NULL, NULL, NULL);
INSERT INTO `sys_area` VALUES (420104, 420100, '硚口区', '硚口', '114.264565', '30.57061', 3, '[0],[420000],[420100],', 10, NULL, NULL, NULL, NULL);
INSERT INTO `sys_area` VALUES (420105, 420100, '汉阳区', '汉阳', '114.265808', '30.549326', 3, '[0],[420000],[420100],', 4, NULL, NULL, NULL, NULL);
INSERT INTO `sys_area` VALUES (420106, 420100, '武昌区', '武昌', '114.307343', '30.546535', 3, '[0],[420000],[420100],', 12, NULL, NULL, NULL, NULL);
INSERT INTO `sys_area` VALUES (420107, 420100, '青山区', '青山', '114.397072', '30.634214', 3, '[0],[420000],[420100],', 11, NULL, NULL, NULL, NULL);
INSERT INTO `sys_area` VALUES (420111, 420100, '洪山区', '洪山', '114.400719', '30.504259', 3, '[0],[420000],[420100],', 5, NULL, NULL, NULL, NULL);
INSERT INTO `sys_area` VALUES (420112, 420100, '东西湖区', '东西湖', '114.142487', '30.622467', 3, '[0],[420000],[420100],', 2, NULL, NULL, NULL, NULL);
INSERT INTO `sys_area` VALUES (420113, 420100, '汉南区', '汉南', '114.081238', '30.309637', 3, '[0],[420000],[420100],', 3, NULL, NULL, NULL, NULL);
INSERT INTO `sys_area` VALUES (420114, 420100, '蔡甸区', '蔡甸', '114.029343', '30.582186', 3, '[0],[420000],[420100],', 1, NULL, NULL, NULL, NULL);
INSERT INTO `sys_area` VALUES (420115, 420100, '江夏区', '江夏', '114.313957', '30.349045', 3, '[0],[420000],[420100],', 9, NULL, NULL, NULL, NULL);
INSERT INTO `sys_area` VALUES (420116, 420100, '黄陂区', '黄陂', '114.374023', '30.874155', 3, '[0],[420000],[420100],', 6, NULL, NULL, NULL, NULL);
INSERT INTO `sys_area` VALUES (420117, 420100, '新洲区', '新洲', '114.802109', '30.84215', 3, '[0],[420000],[420100],', 13, NULL, NULL, NULL, NULL);
INSERT INTO `sys_area` VALUES (420200, 420000, '黄石市', '黄石', '115.077049', '30.220074', 2, '[0],[420000],', 4, NULL, NULL, NULL, NULL);
INSERT INTO `sys_area` VALUES (420202, 420200, '黄石港区', '黄石港', '115.090164', '30.212086', 3, '[0],[420000],[420200],', 2, NULL, NULL, NULL, NULL);
INSERT INTO `sys_area` VALUES (420203, 420200, '西塞山区', '西塞山', '115.093353', '30.205364', 3, '[0],[420000],[420200],', 5, NULL, NULL, NULL, NULL);
INSERT INTO `sys_area` VALUES (420204, 420200, '下陆区', '下陆', '114.975754', '30.177845', 3, '[0],[420000],[420200],', 4, NULL, NULL, NULL, NULL);
INSERT INTO `sys_area` VALUES (420205, 420200, '铁山区', '铁山', '114.901367', '30.206011', 3, '[0],[420000],[420200],', 3, NULL, NULL, NULL, NULL);
INSERT INTO `sys_area` VALUES (420222, 420200, '阳新县', '阳新', '115.212883', '29.841572', 3, '[0],[420000],[420200],', 6, NULL, NULL, NULL, NULL);
INSERT INTO `sys_area` VALUES (420281, 420200, '大冶市', '大冶', '114.974838', '30.098804', 3, '[0],[420000],[420200],', 1, NULL, NULL, NULL, NULL);
INSERT INTO `sys_area` VALUES (420300, 420000, '十堰市', '十堰', '110.787918', '32.646908', 2, '[0],[420000],', 9, NULL, NULL, NULL, NULL);
INSERT INTO `sys_area` VALUES (420302, 420300, '茅箭区', '茅箭', '110.786209', '32.644463', 3, '[0],[420000],[420300],', 3, NULL, NULL, NULL, NULL);
INSERT INTO `sys_area` VALUES (420303, 420300, '张湾区', '张湾', '110.772362', '32.652515', 3, '[0],[420000],[420300],', 6, NULL, NULL, NULL, NULL);
INSERT INTO `sys_area` VALUES (420321, 420300, '郧县', '郧县', '110.812096', '32.838268', 3, '[0],[420000],[420300],', 4, NULL, NULL, NULL, NULL);
INSERT INTO `sys_area` VALUES (420322, 420300, '郧西县', '郧西', '110.426476', '32.991459', 3, '[0],[420000],[420300],', 5, NULL, NULL, NULL, NULL);
INSERT INTO `sys_area` VALUES (420323, 420300, '竹山县', '竹山', '110.229599', '32.225861', 3, '[0],[420000],[420300],', 7, NULL, NULL, NULL, NULL);
INSERT INTO `sys_area` VALUES (420324, 420300, '竹溪县', '竹溪', '109.717194', '32.315342', 3, '[0],[420000],[420300],', 8, NULL, NULL, NULL, NULL);
INSERT INTO `sys_area` VALUES (420325, 420300, '房县', '房县', '110.741966', '32.055', 3, '[0],[420000],[420300],', 2, NULL, NULL, NULL, NULL);
INSERT INTO `sys_area` VALUES (420381, 420300, '丹江口市', '丹江口', '111.513794', '32.538837', 3, '[0],[420000],[420300],', 1, NULL, NULL, NULL, NULL);
INSERT INTO `sys_area` VALUES (420500, 420000, '宜昌市', '宜昌', '111.29084', '30.702637', 2, '[0],[420000],', 17, NULL, NULL, NULL, NULL);
INSERT INTO `sys_area` VALUES (420502, 420500, '西陵区', '西陵', '111.295471', '30.702477', 3, '[0],[420000],[420500],', 6, NULL, NULL, NULL, NULL);
INSERT INTO `sys_area` VALUES (420503, 420500, '伍家岗区', '伍家岗', '111.307213', '30.679052', 3, '[0],[420000],[420500],', 5, NULL, NULL, NULL, NULL);
INSERT INTO `sys_area` VALUES (420504, 420500, '点军区', '点军', '111.268166', '30.692322', 3, '[0],[420000],[420500],', 3, NULL, NULL, NULL, NULL);
INSERT INTO `sys_area` VALUES (420505, 420500, '猇亭区', '猇亭', '111.29084', '30.702637', 3, '[0],[420000],[420500],', 8, NULL, NULL, NULL, NULL);
INSERT INTO `sys_area` VALUES (420506, 420500, '夷陵区', '夷陵', '111.326744', '30.770199', 3, '[0],[420000],[420500],', 10, NULL, NULL, NULL, NULL);
INSERT INTO `sys_area` VALUES (420525, 420500, '远安县', '远安', '111.643311', '31.059626', 3, '[0],[420000],[420500],', 11, NULL, NULL, NULL, NULL);
INSERT INTO `sys_area` VALUES (420526, 420500, '兴山县', '兴山', '110.754501', '31.34795', 3, '[0],[420000],[420500],', 7, NULL, NULL, NULL, NULL);
INSERT INTO `sys_area` VALUES (420527, 420500, '秭归县', '秭归', '110.976784', '30.823908', 3, '[0],[420000],[420500],', 13, NULL, NULL, NULL, NULL);
INSERT INTO `sys_area` VALUES (420528, 420500, '长阳土家族自治县', '长阳', '111.198479', '30.466534', 3, '[0],[420000],[420500],', 1, NULL, NULL, NULL, NULL);
INSERT INTO `sys_area` VALUES (420529, 420500, '五峰土家族自治县', '五峰', '110.674934', '30.199251', 3, '[0],[420000],[420500],', 4, NULL, NULL, NULL, NULL);
INSERT INTO `sys_area` VALUES (420581, 420500, '宜都市', '宜都', '111.454369', '30.387234', 3, '[0],[420000],[420500],', 9, NULL, NULL, NULL, NULL);
INSERT INTO `sys_area` VALUES (420582, 420500, '当阳市', '当阳', '111.793419', '30.824492', 3, '[0],[420000],[420500],', 2, NULL, NULL, NULL, NULL);
INSERT INTO `sys_area` VALUES (420583, 420500, '枝江市', '枝江', '111.751801', '30.425364', 3, '[0],[420000],[420500],', 12, NULL, NULL, NULL, NULL);
INSERT INTO `sys_area` VALUES (420600, 420000, '襄阳市', '襄阳', '112.14415', '32.042427', 2, '[0],[420000],', 13, NULL, NULL, NULL, NULL);
INSERT INTO `sys_area` VALUES (420602, 420600, '襄城区', '襄城', '112.15033', '32.015087', 3, '[0],[420000],[420600],', 6, NULL, NULL, NULL, NULL);
INSERT INTO `sys_area` VALUES (420606, 420600, '樊城区', '樊城', '112.139572', '32.05859', 3, '[0],[420000],[420600],', 2, NULL, NULL, NULL, NULL);
INSERT INTO `sys_area` VALUES (420607, 420600, '襄州区', '襄州', '112.19738', '32.085518', 3, '[0],[420000],[420600],', 7, NULL, NULL, NULL, NULL);
INSERT INTO `sys_area` VALUES (420624, 420600, '南漳县', '南漳', '111.844421', '31.77692', 3, '[0],[420000],[420600],', 5, NULL, NULL, NULL, NULL);
INSERT INTO `sys_area` VALUES (420625, 420600, '谷城县', '谷城', '111.640144', '32.262676', 3, '[0],[420000],[420600],', 3, NULL, NULL, NULL, NULL);
INSERT INTO `sys_area` VALUES (420626, 420600, '保康县', '保康', '111.262238', '31.873507', 3, '[0],[420000],[420600],', 1, NULL, NULL, NULL, NULL);
INSERT INTO `sys_area` VALUES (420682, 420600, '老河口市', '老河口', '111.675735', '32.385437', 3, '[0],[420000],[420600],', 4, NULL, NULL, NULL, NULL);
INSERT INTO `sys_area` VALUES (420683, 420600, '枣阳市', '枣阳', '112.765266', '32.123081', 3, '[0],[420000],[420600],', 9, NULL, NULL, NULL, NULL);
INSERT INTO `sys_area` VALUES (420684, 420600, '宜城市', '宜城', '112.261444', '31.709204', 3, '[0],[420000],[420600],', 8, NULL, NULL, NULL, NULL);
INSERT INTO `sys_area` VALUES (420700, 420000, '鄂州市', '鄂州', '114.890594', '30.396536', 2, '[0],[420000],', 2, NULL, NULL, NULL, NULL);
INSERT INTO `sys_area` VALUES (420702, 420700, '梁子湖区', '梁子湖', '114.681969', '30.09819', 3, '[0],[420000],[420700],', 3, NULL, NULL, NULL, NULL);
INSERT INTO `sys_area` VALUES (420703, 420700, '华容区', '华容', '114.741478', '30.534468', 3, '[0],[420000],[420700],', 2, NULL, NULL, NULL, NULL);
INSERT INTO `sys_area` VALUES (420704, 420700, '鄂城区', '鄂城', '114.890015', '30.39669', 3, '[0],[420000],[420700],', 1, NULL, NULL, NULL, NULL);
INSERT INTO `sys_area` VALUES (420800, 420000, '荆门市', '荆门', '112.204254', '31.035419', 2, '[0],[420000],', 5, NULL, NULL, NULL, NULL);
INSERT INTO `sys_area` VALUES (420802, 420800, '东宝区', '东宝', '112.204803', '31.033461', 3, '[0],[420000],[420800],', 1, NULL, NULL, NULL, NULL);
INSERT INTO `sys_area` VALUES (420804, 420800, '掇刀区', '掇刀', '112.19841', '30.980799', 3, '[0],[420000],[420800],', 2, NULL, NULL, NULL, NULL);
INSERT INTO `sys_area` VALUES (420821, 420800, '京山县', '京山', '113.114594', '31.022457', 3, '[0],[420000],[420800],', 3, NULL, NULL, NULL, NULL);
INSERT INTO `sys_area` VALUES (420822, 420800, '沙洋县', '沙洋', '112.595215', '30.70359', 3, '[0],[420000],[420800],', 4, NULL, NULL, NULL, NULL);
INSERT INTO `sys_area` VALUES (420881, 420800, '钟祥市', '钟祥', '112.587265', '31.165573', 3, '[0],[420000],[420800],', 5, NULL, NULL, NULL, NULL);
INSERT INTO `sys_area` VALUES (420900, 420000, '孝感市', '孝感', '113.926659', '30.926422', 2, '[0],[420000],', 16, NULL, NULL, NULL, NULL);
INSERT INTO `sys_area` VALUES (420902, 420900, '孝南区', '孝南', '113.92585', '30.925966', 3, '[0],[420000],[420900],', 5, NULL, NULL, NULL, NULL);
INSERT INTO `sys_area` VALUES (420921, 420900, '孝昌县', '孝昌', '113.98896', '31.251617', 3, '[0],[420000],[420900],', 4, NULL, NULL, NULL, NULL);
INSERT INTO `sys_area` VALUES (420922, 420900, '大悟县', '大悟', '114.126251', '31.565483', 3, '[0],[420000],[420900],', 2, NULL, NULL, NULL, NULL);
INSERT INTO `sys_area` VALUES (420923, 420900, '云梦县', '云梦', '113.750618', '31.02169', 3, '[0],[420000],[420900],', 7, NULL, NULL, NULL, NULL);
INSERT INTO `sys_area` VALUES (420981, 420900, '应城市', '应城', '113.573845', '30.939037', 3, '[0],[420000],[420900],', 6, NULL, NULL, NULL, NULL);
INSERT INTO `sys_area` VALUES (420982, 420900, '安陆市', '安陆', '113.690399', '31.26174', 3, '[0],[420000],[420900],', 1, NULL, NULL, NULL, NULL);
INSERT INTO `sys_area` VALUES (420984, 420900, '汉川市', '汉川', '113.835304', '30.652164', 3, '[0],[420000],[420900],', 3, NULL, NULL, NULL, NULL);
INSERT INTO `sys_area` VALUES (421000, 420000, '荆州市', '荆州', '112.238129', '30.326857', 2, '[0],[420000],', 6, NULL, NULL, NULL, NULL);
INSERT INTO `sys_area` VALUES (421002, 421000, '沙市区', '沙市', '112.257431', '30.315895', 3, '[0],[420000],[421000],', 6, NULL, NULL, NULL, NULL);
INSERT INTO `sys_area` VALUES (421003, 421000, '荆州区', '荆州', '112.195351', '30.350674', 3, '[0],[420000],[421000],', 5, NULL, NULL, NULL, NULL);
INSERT INTO `sys_area` VALUES (421022, 421000, '公安县', '公安', '112.230179', '30.059065', 3, '[0],[420000],[421000],', 1, NULL, NULL, NULL, NULL);
INSERT INTO `sys_area` VALUES (421023, 421000, '监利县', '监利', '112.904343', '29.82008', 3, '[0],[420000],[421000],', 4, NULL, NULL, NULL, NULL);
INSERT INTO `sys_area` VALUES (421024, 421000, '江陵县', '江陵', '112.417351', '30.033918', 3, '[0],[420000],[421000],', 3, NULL, NULL, NULL, NULL);
INSERT INTO `sys_area` VALUES (421081, 421000, '石首市', '石首', '112.408867', '29.716436', 3, '[0],[420000],[421000],', 7, NULL, NULL, NULL, NULL);
INSERT INTO `sys_area` VALUES (421083, 421000, '洪湖市', '洪湖', '113.470306', '29.812969', 3, '[0],[420000],[421000],', 2, NULL, NULL, NULL, NULL);
INSERT INTO `sys_area` VALUES (421087, 421000, '松滋市', '松滋', '111.778183', '30.176037', 3, '[0],[420000],[421000],', 8, NULL, NULL, NULL, NULL);
INSERT INTO `sys_area` VALUES (421100, 420000, '黄冈市', '黄冈', '114.879364', '30.447712', 2, '[0],[420000],', 3, NULL, NULL, NULL, NULL);
INSERT INTO `sys_area` VALUES (421102, 421100, '黄州区', '黄州', '114.878937', '30.447435', 3, '[0],[420000],[421100],', 3, NULL, NULL, NULL, NULL);
INSERT INTO `sys_area` VALUES (421121, 421100, '团风县', '团风', '114.872032', '30.635691', 3, '[0],[420000],[421100],', 7, NULL, NULL, NULL, NULL);
INSERT INTO `sys_area` VALUES (421122, 421100, '红安县', '红安', '114.615097', '31.284777', 3, '[0],[420000],[421100],', 1, NULL, NULL, NULL, NULL);
INSERT INTO `sys_area` VALUES (421123, 421100, '罗田县', '罗田', '115.398987', '30.781679', 3, '[0],[420000],[421100],', 4, NULL, NULL, NULL, NULL);
INSERT INTO `sys_area` VALUES (421124, 421100, '英山县', '英山', '115.677528', '30.735794', 3, '[0],[420000],[421100],', 10, NULL, NULL, NULL, NULL);
INSERT INTO `sys_area` VALUES (421125, 421100, '浠水县', '浠水', '115.263443', '30.454838', 3, '[0],[420000],[421100],', 9, NULL, NULL, NULL, NULL);
INSERT INTO `sys_area` VALUES (421126, 421100, '蕲春县', '蕲春', '115.433968', '30.234926', 3, '[0],[420000],[421100],', 6, NULL, NULL, NULL, NULL);
INSERT INTO `sys_area` VALUES (421127, 421100, '黄梅县', '黄梅', '115.942551', '30.075113', 3, '[0],[420000],[421100],', 2, NULL, NULL, NULL, NULL);
INSERT INTO `sys_area` VALUES (421181, 421100, '麻城市', '麻城', '115.025414', '31.177906', 3, '[0],[420000],[421100],', 5, NULL, NULL, NULL, NULL);
INSERT INTO `sys_area` VALUES (421182, 421100, '武穴市', '武穴', '115.562424', '29.849342', 3, '[0],[420000],[421100],', 8, NULL, NULL, NULL, NULL);
INSERT INTO `sys_area` VALUES (421200, 420000, '咸宁市', '咸宁', '114.328964', '29.832798', 2, '[0],[420000],', 14, NULL, NULL, NULL, NULL);
INSERT INTO `sys_area` VALUES (421202, 421200, '咸安区', '咸安', '114.333893', '29.824717', 3, '[0],[420000],[421200],', 6, NULL, NULL, NULL, NULL);
INSERT INTO `sys_area` VALUES (421221, 421200, '嘉鱼县', '嘉鱼', '113.921547', '29.973364', 3, '[0],[420000],[421200],', 3, NULL, NULL, NULL, NULL);
INSERT INTO `sys_area` VALUES (421222, 421200, '通城县', '通城', '113.814133', '29.246077', 3, '[0],[420000],[421200],', 4, NULL, NULL, NULL, NULL);
INSERT INTO `sys_area` VALUES (421223, 421200, '崇阳县', '崇阳', '114.049957', '29.54101', 3, '[0],[420000],[421200],', 2, NULL, NULL, NULL, NULL);
INSERT INTO `sys_area` VALUES (421224, 421200, '通山县', '通山', '114.493164', '29.604456', 3, '[0],[420000],[421200],', 5, NULL, NULL, NULL, NULL);
INSERT INTO `sys_area` VALUES (421281, 421200, '赤壁市', '赤壁', '113.883659', '29.716879', 3, '[0],[420000],[421200],', 1, NULL, NULL, NULL, NULL);
INSERT INTO `sys_area` VALUES (421300, 420000, '随州市', '随州', '113.373772', '31.717497', 2, '[0],[420000],', 10, NULL, NULL, NULL, NULL);
INSERT INTO `sys_area` VALUES (421302, 421300, '曾都区', '曾都', '113.374519', '31.717522', 3, '[0],[420000],[421300],', 3, NULL, NULL, NULL, NULL);
INSERT INTO `sys_area` VALUES (421321, 421300, '随县', '随县', '113.301384', '31.854246', 3, '[0],[420000],[421300],', 2, NULL, NULL, NULL, NULL);
INSERT INTO `sys_area` VALUES (421381, 421300, '广水市', '广水', '113.826599', '31.617731', 3, '[0],[420000],[421300],', 1, NULL, NULL, NULL, NULL);
INSERT INTO `sys_area` VALUES (422800, 420000, '恩施土家族苗族自治州', '恩施', '109.486992', '30.283113', 2, '[0],[420000],', 1, NULL, NULL, NULL, NULL);
INSERT INTO `sys_area` VALUES (422801, 422800, '恩施市', '恩施', '109.486763', '30.282406', 3, '[0],[420000],[422800],', 2, NULL, NULL, NULL, NULL);
INSERT INTO `sys_area` VALUES (422802, 422800, '利川市', '利川', '108.943489', '30.294247', 3, '[0],[420000],[422800],', 6, NULL, NULL, NULL, NULL);
INSERT INTO `sys_area` VALUES (422822, 422800, '建始县', '建始', '109.723824', '30.601631', 3, '[0],[420000],[422800],', 4, NULL, NULL, NULL, NULL);
INSERT INTO `sys_area` VALUES (422823, 422800, '巴东县', '巴东', '110.336662', '31.041403', 3, '[0],[420000],[422800],', 1, NULL, NULL, NULL, NULL);
INSERT INTO `sys_area` VALUES (422825, 422800, '宣恩县', '宣恩', '109.482819', '29.98867', 3, '[0],[420000],[422800],', 8, NULL, NULL, NULL, NULL);
INSERT INTO `sys_area` VALUES (422826, 422800, '咸丰县', '咸丰', '109.150414', '29.678967', 3, '[0],[420000],[422800],', 7, NULL, NULL, NULL, NULL);
INSERT INTO `sys_area` VALUES (422827, 422800, '来凤县', '来凤', '109.408325', '29.506945', 3, '[0],[420000],[422800],', 5, NULL, NULL, NULL, NULL);
INSERT INTO `sys_area` VALUES (422828, 422800, '鹤峰县', '鹤峰', '110.033699', '29.887299', 3, '[0],[420000],[422800],', 3, NULL, NULL, NULL, NULL);
INSERT INTO `sys_area` VALUES (429004, 420000, '仙桃市', '仙桃', '113.453972', '30.364952', 2, '[0],[420000],', 15, NULL, NULL, NULL, NULL);
INSERT INTO `sys_area` VALUES (429005, 420000, '潜江市', '潜江', '112.896866', '30.421215', 2, '[0],[420000],', 7, NULL, NULL, NULL, NULL);
INSERT INTO `sys_area` VALUES (429006, 420000, '天门市', '天门', '113.165863', '30.653061', 2, '[0],[420000],', 11, NULL, NULL, NULL, NULL);
INSERT INTO `sys_area` VALUES (429021, 420000, '神农架林区', '神农架', '114.298569', '30.584354', 2, '[0],[420000],', 8, NULL, NULL, NULL, NULL);
INSERT INTO `sys_area` VALUES (430000, 0, '湖南省', '湖南', '112.982277', '28.19409', 1, '[0],', 18, NULL, NULL, NULL, NULL);
INSERT INTO `sys_area` VALUES (430100, 430000, '长沙市', '长沙', '112.982277', '28.19409', 2, '[0],[430000],', 2, NULL, NULL, NULL, NULL);
INSERT INTO `sys_area` VALUES (430102, 430100, '芙蓉区', '芙蓉', '112.988091', '28.193106', 3, '[0],[430000],[430100],', 2, NULL, NULL, NULL, NULL);
INSERT INTO `sys_area` VALUES (430103, 430100, '天心区', '天心', '112.973068', '28.192375', 3, '[0],[430000],[430100],', 6, NULL, NULL, NULL, NULL);
INSERT INTO `sys_area` VALUES (430104, 430100, '岳麓区', '岳麓', '112.911591', '28.213043', 3, '[0],[430000],[430100],', 8, NULL, NULL, NULL, NULL);
INSERT INTO `sys_area` VALUES (430105, 430100, '开福区', '开福', '112.985527', '28.201336', 3, '[0],[430000],[430100],', 3, NULL, NULL, NULL, NULL);
INSERT INTO `sys_area` VALUES (430111, 430100, '雨花区', '雨花', '113.016335', '28.109938', 3, '[0],[430000],[430100],', 9, NULL, NULL, NULL, NULL);
INSERT INTO `sys_area` VALUES (430121, 430100, '长沙县', '长沙', '113.080101', '28.237888', 3, '[0],[430000],[430100],', 1, NULL, NULL, NULL, NULL);
INSERT INTO `sys_area` VALUES (430122, 430100, '望城区', '望城', '112.81955', '28.347458', 3, '[0],[430000],[430100],', 7, NULL, NULL, NULL, NULL);
INSERT INTO `sys_area` VALUES (430124, 430100, '宁乡县', '宁乡', '112.553185', '28.253927', 3, '[0],[430000],[430100],', 5, NULL, NULL, NULL, NULL);
INSERT INTO `sys_area` VALUES (430181, 430100, '浏阳市', '浏阳', '113.633301', '28.141111', 3, '[0],[430000],[430100],', 4, NULL, NULL, NULL, NULL);
INSERT INTO `sys_area` VALUES (430200, 430000, '株洲市', '株洲', '113.151733', '27.835806', 2, '[0],[430000],', 14, NULL, NULL, NULL, NULL);
INSERT INTO `sys_area` VALUES (430202, 430200, '荷塘区', '荷塘', '113.162544', '27.833036', 3, '[0],[430000],[430200],', 2, NULL, NULL, NULL, NULL);
INSERT INTO `sys_area` VALUES (430203, 430200, '芦淞区', '芦淞', '113.155167', '27.827246', 3, '[0],[430000],[430200],', 4, NULL, NULL, NULL, NULL);
INSERT INTO `sys_area` VALUES (430204, 430200, '石峰区', '石峰', '113.112953', '27.871944', 3, '[0],[430000],[430200],', 5, NULL, NULL, NULL, NULL);
INSERT INTO `sys_area` VALUES (430211, 430200, '天元区', '天元', '113.136253', '27.826908', 3, '[0],[430000],[430200],', 6, NULL, NULL, NULL, NULL);
INSERT INTO `sys_area` VALUES (430221, 430200, '株洲县', '株洲', '113.146179', '27.705845', 3, '[0],[430000],[430200],', 9, NULL, NULL, NULL, NULL);
INSERT INTO `sys_area` VALUES (430223, 430200, '攸县', '攸县', '113.345772', '27.000071', 3, '[0],[430000],[430200],', 8, NULL, NULL, NULL, NULL);
INSERT INTO `sys_area` VALUES (430224, 430200, '茶陵县', '茶陵', '113.546509', '26.789534', 3, '[0],[430000],[430200],', 1, NULL, NULL, NULL, NULL);
INSERT INTO `sys_area` VALUES (430225, 430200, '炎陵县', '炎陵', '113.776886', '26.489458', 3, '[0],[430000],[430200],', 7, NULL, NULL, NULL, NULL);
INSERT INTO `sys_area` VALUES (430281, 430200, '醴陵市', '醴陵', '113.507156', '27.657873', 3, '[0],[430000],[430200],', 3, NULL, NULL, NULL, NULL);
INSERT INTO `sys_area` VALUES (430300, 430000, '湘潭市', '湘潭', '112.944054', '27.829729', 2, '[0],[430000],', 8, NULL, NULL, NULL, NULL);
INSERT INTO `sys_area` VALUES (430302, 430300, '雨湖区', '雨湖', '112.907425', '27.860769', 3, '[0],[430000],[430300],', 5, NULL, NULL, NULL, NULL);
INSERT INTO `sys_area` VALUES (430304, 430300, '岳塘区', '岳塘', '112.927704', '27.828854', 3, '[0],[430000],[430300],', 4, NULL, NULL, NULL, NULL);
INSERT INTO `sys_area` VALUES (430321, 430300, '湘潭县', '湘潭', '112.952827', '27.778601', 3, '[0],[430000],[430300],', 2, NULL, NULL, NULL, NULL);
INSERT INTO `sys_area` VALUES (430381, 430300, '湘乡市', '湘乡', '112.525215', '27.734919', 3, '[0],[430000],[430300],', 3, NULL, NULL, NULL, NULL);
INSERT INTO `sys_area` VALUES (430382, 430300, '韶山市', '韶山', '112.528481', '27.922682', 3, '[0],[430000],[430300],', 1, NULL, NULL, NULL, NULL);
INSERT INTO `sys_area` VALUES (430400, 430000, '衡阳市', '衡阳', '112.607697', '26.900358', 2, '[0],[430000],', 4, NULL, NULL, NULL, NULL);
INSERT INTO `sys_area` VALUES (430405, 430400, '珠晖区', '珠晖', '112.626328', '26.891064', 3, '[0],[430000],[430400],', 12, NULL, NULL, NULL, NULL);
INSERT INTO `sys_area` VALUES (430406, 430400, '雁峰区', '雁峰', '112.612244', '26.893694', 3, '[0],[430000],[430400],', 10, NULL, NULL, NULL, NULL);
INSERT INTO `sys_area` VALUES (430407, 430400, '石鼓区', '石鼓', '112.607635', '26.903908', 3, '[0],[430000],[430400],', 9, NULL, NULL, NULL, NULL);
INSERT INTO `sys_area` VALUES (430408, 430400, '蒸湘区', '蒸湘', '112.57061', '26.890869', 3, '[0],[430000],[430400],', 11, NULL, NULL, NULL, NULL);
INSERT INTO `sys_area` VALUES (430412, 430400, '南岳区', '南岳', '112.734146', '27.240536', 3, '[0],[430000],[430400],', 7, NULL, NULL, NULL, NULL);
INSERT INTO `sys_area` VALUES (430421, 430400, '衡阳县', '衡阳', '112.379646', '26.962387', 3, '[0],[430000],[430400],', 5, NULL, NULL, NULL, NULL);
INSERT INTO `sys_area` VALUES (430422, 430400, '衡南县', '衡南', '112.67746', '26.739973', 3, '[0],[430000],[430400],', 3, NULL, NULL, NULL, NULL);
INSERT INTO `sys_area` VALUES (430423, 430400, '衡山县', '衡山', '112.869713', '27.234808', 3, '[0],[430000],[430400],', 4, NULL, NULL, NULL, NULL);
INSERT INTO `sys_area` VALUES (430424, 430400, '衡东县', '衡东', '112.950409', '27.08353', 3, '[0],[430000],[430400],', 2, NULL, NULL, NULL, NULL);
INSERT INTO `sys_area` VALUES (430426, 430400, '祁东县', '祁东', '112.111191', '26.787109', 3, '[0],[430000],[430400],', 8, NULL, NULL, NULL, NULL);
INSERT INTO `sys_area` VALUES (430481, 430400, '耒阳市', '耒阳', '112.847214', '26.414162', 3, '[0],[430000],[430400],', 6, NULL, NULL, NULL, NULL);
INSERT INTO `sys_area` VALUES (430482, 430400, '常宁市', '常宁', '112.39682', '26.406773', 3, '[0],[430000],[430400],', 1, NULL, NULL, NULL, NULL);
INSERT INTO `sys_area` VALUES (430500, 430000, '邵阳市', '邵阳', '111.469231', '27.237843', 2, '[0],[430000],', 7, NULL, NULL, NULL, NULL);
INSERT INTO `sys_area` VALUES (430502, 430500, '双清区', '双清', '111.479759', '27.240002', 3, '[0],[430000],[430500],', 8, NULL, NULL, NULL, NULL);
INSERT INTO `sys_area` VALUES (430503, 430500, '大祥区', '大祥', '111.462967', '27.233593', 3, '[0],[430000],[430500],', 3, NULL, NULL, NULL, NULL);
INSERT INTO `sys_area` VALUES (430511, 430500, '北塔区', '北塔', '111.452316', '27.245687', 3, '[0],[430000],[430500],', 1, NULL, NULL, NULL, NULL);
INSERT INTO `sys_area` VALUES (430521, 430500, '邵东县', '邵东', '111.743172', '27.257273', 3, '[0],[430000],[430500],', 6, NULL, NULL, NULL, NULL);
INSERT INTO `sys_area` VALUES (430522, 430500, '新邵县', '新邵', '111.459763', '27.311428', 3, '[0],[430000],[430500],', 12, NULL, NULL, NULL, NULL);
INSERT INTO `sys_area` VALUES (430523, 430500, '邵阳县', '邵阳', '111.275703', '26.989714', 3, '[0],[430000],[430500],', 7, NULL, NULL, NULL, NULL);
INSERT INTO `sys_area` VALUES (430524, 430500, '隆回县', '隆回', '111.038788', '27.116001', 3, '[0],[430000],[430500],', 5, NULL, NULL, NULL, NULL);
INSERT INTO `sys_area` VALUES (430525, 430500, '洞口县', '洞口', '110.579208', '27.062286', 3, '[0],[430000],[430500],', 4, NULL, NULL, NULL, NULL);
INSERT INTO `sys_area` VALUES (430527, 430500, '绥宁县', '绥宁', '110.155075', '26.580622', 3, '[0],[430000],[430500],', 9, NULL, NULL, NULL, NULL);
INSERT INTO `sys_area` VALUES (430528, 430500, '新宁县', '新宁', '110.859116', '26.438911', 3, '[0],[430000],[430500],', 11, NULL, NULL, NULL, NULL);
INSERT INTO `sys_area` VALUES (430529, 430500, '城步苗族自治县', '城步', '110.313225', '26.363575', 3, '[0],[430000],[430500],', 2, NULL, NULL, NULL, NULL);
INSERT INTO `sys_area` VALUES (430581, 430500, '武冈市', '武冈', '110.636803', '26.732086', 3, '[0],[430000],[430500],', 10, NULL, NULL, NULL, NULL);
INSERT INTO `sys_area` VALUES (430600, 430000, '岳阳市', '岳阳', '113.132858', '29.370291', 2, '[0],[430000],', 12, NULL, NULL, NULL, NULL);
INSERT INTO `sys_area` VALUES (430602, 430600, '岳阳楼区', '岳阳楼', '113.12075', '29.366783', 3, '[0],[430000],[430600],', 7, NULL, NULL, NULL, NULL);
INSERT INTO `sys_area` VALUES (430603, 430600, '云溪区', '云溪', '113.273872', '29.473394', 3, '[0],[430000],[430600],', 9, NULL, NULL, NULL, NULL);
INSERT INTO `sys_area` VALUES (430611, 430600, '君山区', '君山', '113.004082', '29.438063', 3, '[0],[430000],[430600],', 2, NULL, NULL, NULL, NULL);
INSERT INTO `sys_area` VALUES (430621, 430600, '岳阳县', '岳阳', '113.116074', '29.144842', 3, '[0],[430000],[430600],', 8, NULL, NULL, NULL, NULL);
INSERT INTO `sys_area` VALUES (430623, 430600, '华容县', '华容', '112.559372', '29.524107', 3, '[0],[430000],[430600],', 1, NULL, NULL, NULL, NULL);
INSERT INTO `sys_area` VALUES (430624, 430600, '湘阴县', '湘阴', '112.889748', '28.677498', 3, '[0],[430000],[430600],', 6, NULL, NULL, NULL, NULL);
INSERT INTO `sys_area` VALUES (430626, 430600, '平江县', '平江', '113.59375', '28.701523', 3, '[0],[430000],[430600],', 5, NULL, NULL, NULL, NULL);
INSERT INTO `sys_area` VALUES (430681, 430600, '汨罗市', '汨罗', '113.079422', '28.803148', 3, '[0],[430000],[430600],', 4, NULL, NULL, NULL, NULL);
INSERT INTO `sys_area` VALUES (430682, 430600, '临湘市', '临湘', '113.450806', '29.471594', 3, '[0],[430000],[430600],', 3, NULL, NULL, NULL, NULL);
INSERT INTO `sys_area` VALUES (430700, 430000, '常德市', '常德', '111.691345', '29.040224', 2, '[0],[430000],', 1, NULL, NULL, NULL, NULL);
INSERT INTO `sys_area` VALUES (430702, 430700, '武陵区', '武陵', '111.69072', '29.040478', 3, '[0],[430000],[430700],', 9, NULL, NULL, NULL, NULL);
INSERT INTO `sys_area` VALUES (430703, 430700, '鼎城区', '鼎城', '111.685326', '29.014425', 3, '[0],[430000],[430700],', 2, NULL, NULL, NULL, NULL);
INSERT INTO `sys_area` VALUES (430721, 430700, '安乡县', '安乡', '112.172287', '29.414482', 3, '[0],[430000],[430700],', 1, NULL, NULL, NULL, NULL);
INSERT INTO `sys_area` VALUES (430722, 430700, '汉寿县', '汉寿', '111.968506', '28.907318', 3, '[0],[430000],[430700],', 3, NULL, NULL, NULL, NULL);
INSERT INTO `sys_area` VALUES (430723, 430700, '澧县', '澧县', '111.761681', '29.642639', 3, '[0],[430000],[430700],', 6, NULL, NULL, NULL, NULL);
INSERT INTO `sys_area` VALUES (430724, 430700, '临澧县', '临澧', '111.645599', '29.443216', 3, '[0],[430000],[430700],', 5, NULL, NULL, NULL, NULL);
INSERT INTO `sys_area` VALUES (430725, 430700, '桃源县', '桃源', '111.484505', '28.902735', 3, '[0],[430000],[430700],', 8, NULL, NULL, NULL, NULL);
INSERT INTO `sys_area` VALUES (430726, 430700, '石门县', '石门', '111.379089', '29.584703', 3, '[0],[430000],[430700],', 7, NULL, NULL, NULL, NULL);
INSERT INTO `sys_area` VALUES (430781, 430700, '津市市', '津市', '111.879608', '29.630867', 3, '[0],[430000],[430700],', 4, NULL, NULL, NULL, NULL);
INSERT INTO `sys_area` VALUES (430800, 430000, '张家界市', '张家界', '110.479919', '29.127401', 2, '[0],[430000],', 13, NULL, NULL, NULL, NULL);
INSERT INTO `sys_area` VALUES (430802, 430800, '永定区', '永定', '110.484558', '29.125961', 3, '[0],[430000],[430800],', 4, NULL, NULL, NULL, NULL);
INSERT INTO `sys_area` VALUES (430811, 430800, '武陵源区', '武陵源', '110.547577', '29.347828', 3, '[0],[430000],[430800],', 3, NULL, NULL, NULL, NULL);
INSERT INTO `sys_area` VALUES (430821, 430800, '慈利县', '慈利', '111.132706', '29.423876', 3, '[0],[430000],[430800],', 1, NULL, NULL, NULL, NULL);
INSERT INTO `sys_area` VALUES (430822, 430800, '桑植县', '桑植', '110.16404', '29.399939', 3, '[0],[430000],[430800],', 2, NULL, NULL, NULL, NULL);
INSERT INTO `sys_area` VALUES (430900, 430000, '益阳市', '益阳', '112.355042', '28.570066', 2, '[0],[430000],', 10, NULL, NULL, NULL, NULL);
INSERT INTO `sys_area` VALUES (430902, 430900, '资阳区', '资阳', '112.330841', '28.592772', 3, '[0],[430000],[430900],', 6, NULL, NULL, NULL, NULL);
INSERT INTO `sys_area` VALUES (430903, 430900, '赫山区', '赫山', '112.360947', '28.568327', 3, '[0],[430000],[430900],', 2, NULL, NULL, NULL, NULL);
INSERT INTO `sys_area` VALUES (430921, 430900, '南县', '南县', '112.4104', '29.372181', 3, '[0],[430000],[430900],', 3, NULL, NULL, NULL, NULL);
INSERT INTO `sys_area` VALUES (430922, 430900, '桃江县', '桃江', '112.139732', '28.520992', 3, '[0],[430000],[430900],', 4, NULL, NULL, NULL, NULL);
INSERT INTO `sys_area` VALUES (430923, 430900, '安化县', '安化', '111.221825', '28.37742', 3, '[0],[430000],[430900],', 1, NULL, NULL, NULL, NULL);
INSERT INTO `sys_area` VALUES (430981, 430900, '沅江市', '沅江', '112.361092', '28.839712', 3, '[0],[430000],[430900],', 5, NULL, NULL, NULL, NULL);
INSERT INTO `sys_area` VALUES (431000, 430000, '郴州市', '郴州', '113.032066', '25.793589', 2, '[0],[430000],', 3, NULL, NULL, NULL, NULL);
INSERT INTO `sys_area` VALUES (431002, 431000, '北湖区', '北湖', '113.032211', '25.792627', 3, '[0],[430000],[431000],', 2, NULL, NULL, NULL, NULL);
INSERT INTO `sys_area` VALUES (431003, 431000, '苏仙区', '苏仙', '113.038696', '25.793158', 3, '[0],[430000],[431000],', 8, NULL, NULL, NULL, NULL);
INSERT INTO `sys_area` VALUES (431021, 431000, '桂阳县', '桂阳', '112.734467', '25.737448', 3, '[0],[430000],[431000],', 4, NULL, NULL, NULL, NULL);
INSERT INTO `sys_area` VALUES (431022, 431000, '宜章县', '宜章', '112.947884', '25.394344', 3, '[0],[430000],[431000],', 9, NULL, NULL, NULL, NULL);
INSERT INTO `sys_area` VALUES (431023, 431000, '永兴县', '永兴', '113.114822', '26.129393', 3, '[0],[430000],[431000],', 10, NULL, NULL, NULL, NULL);
INSERT INTO `sys_area` VALUES (431024, 431000, '嘉禾县', '嘉禾', '112.370621', '25.587309', 3, '[0],[430000],[431000],', 5, NULL, NULL, NULL, NULL);
INSERT INTO `sys_area` VALUES (431025, 431000, '临武县', '临武', '112.56459', '25.279119', 3, '[0],[430000],[431000],', 6, NULL, NULL, NULL, NULL);
INSERT INTO `sys_area` VALUES (431026, 431000, '汝城县', '汝城', '113.685684', '25.553759', 3, '[0],[430000],[431000],', 7, NULL, NULL, NULL, NULL);
INSERT INTO `sys_area` VALUES (431027, 431000, '桂东县', '桂东', '113.945877', '26.073917', 3, '[0],[430000],[431000],', 3, NULL, NULL, NULL, NULL);
INSERT INTO `sys_area` VALUES (431028, 431000, '安仁县', '安仁', '113.272171', '26.708626', 3, '[0],[430000],[431000],', 1, NULL, NULL, NULL, NULL);
INSERT INTO `sys_area` VALUES (431081, 431000, '资兴市', '资兴', '113.236816', '25.974152', 3, '[0],[430000],[431000],', 11, NULL, NULL, NULL, NULL);
INSERT INTO `sys_area` VALUES (431100, 430000, '永州市', '永州', '111.608017', '26.434517', 2, '[0],[430000],', 11, NULL, NULL, NULL, NULL);
INSERT INTO `sys_area` VALUES (431102, 431100, '零陵区', '零陵', '111.62635', '26.223347', 3, '[0],[430000],[431100],', 7, NULL, NULL, NULL, NULL);
INSERT INTO `sys_area` VALUES (431103, 431100, '冷水滩区', '冷水滩', '111.607155', '26.434364', 3, '[0],[430000],[431100],', 6, NULL, NULL, NULL, NULL);
INSERT INTO `sys_area` VALUES (431121, 431100, '祁阳县', '祁阳', '111.857338', '26.58593', 3, '[0],[430000],[431100],', 9, NULL, NULL, NULL, NULL);
INSERT INTO `sys_area` VALUES (431122, 431100, '东安县', '东安', '111.313034', '26.397278', 3, '[0],[430000],[431100],', 2, NULL, NULL, NULL, NULL);
INSERT INTO `sys_area` VALUES (431123, 431100, '双牌县', '双牌', '111.662148', '25.959396', 3, '[0],[430000],[431100],', 10, NULL, NULL, NULL, NULL);
INSERT INTO `sys_area` VALUES (431124, 431100, '道县', '道县', '111.591614', '25.518444', 3, '[0],[430000],[431100],', 1, NULL, NULL, NULL, NULL);
INSERT INTO `sys_area` VALUES (431125, 431100, '江永县', '江永', '111.346802', '25.268154', 3, '[0],[430000],[431100],', 4, NULL, NULL, NULL, NULL);
INSERT INTO `sys_area` VALUES (431126, 431100, '宁远县', '宁远', '111.944527', '25.584112', 3, '[0],[430000],[431100],', 8, NULL, NULL, NULL, NULL);
INSERT INTO `sys_area` VALUES (431127, 431100, '蓝山县', '蓝山', '112.194199', '25.375256', 3, '[0],[430000],[431100],', 5, NULL, NULL, NULL, NULL);
INSERT INTO `sys_area` VALUES (431128, 431100, '新田县', '新田', '112.220345', '25.906927', 3, '[0],[430000],[431100],', 11, NULL, NULL, NULL, NULL);
INSERT INTO `sys_area` VALUES (431129, 431100, '江华瑶族自治县', '江华', '111.577278', '25.182596', 3, '[0],[430000],[431100],', 3, NULL, NULL, NULL, NULL);
INSERT INTO `sys_area` VALUES (431200, 430000, '怀化市', '怀化', '109.978241', '27.550081', 2, '[0],[430000],', 5, NULL, NULL, NULL, NULL);
INSERT INTO `sys_area` VALUES (431202, 431200, '鹤城区', '鹤城', '109.982239', '27.548473', 3, '[0],[430000],[431200],', 2, NULL, NULL, NULL, NULL);
INSERT INTO `sys_area` VALUES (431221, 431200, '中方县', '中方', '109.948059', '27.437361', 3, '[0],[430000],[431200],', 12, NULL, NULL, NULL, NULL);
INSERT INTO `sys_area` VALUES (431222, 431200, '沅陵县', '沅陵', '110.399162', '28.455553', 3, '[0],[430000],[431200],', 10, NULL, NULL, NULL, NULL);
INSERT INTO `sys_area` VALUES (431223, 431200, '辰溪县', '辰溪', '110.196953', '28.005474', 3, '[0],[430000],[431200],', 1, NULL, NULL, NULL, NULL);
INSERT INTO `sys_area` VALUES (431224, 431200, '溆浦县', '溆浦', '110.593376', '27.903803', 3, '[0],[430000],[431200],', 9, NULL, NULL, NULL, NULL);
INSERT INTO `sys_area` VALUES (431225, 431200, '会同县', '会同', '109.720787', '26.870789', 3, '[0],[430000],[431200],', 4, NULL, NULL, NULL, NULL);
INSERT INTO `sys_area` VALUES (431226, 431200, '麻阳苗族自治县', '麻阳', '109.802811', '27.865992', 3, '[0],[430000],[431200],', 6, NULL, NULL, NULL, NULL);
INSERT INTO `sys_area` VALUES (431227, 431200, '新晃侗族自治县', '新晃', '109.174446', '27.359898', 3, '[0],[430000],[431200],', 8, NULL, NULL, NULL, NULL);
INSERT INTO `sys_area` VALUES (431228, 431200, '芷江侗族自治县', '芷江', '109.687775', '27.437996', 3, '[0],[430000],[431200],', 11, NULL, NULL, NULL, NULL);
INSERT INTO `sys_area` VALUES (431229, 431200, '靖州苗族侗族自治县', '靖州', '109.691162', '26.573511', 3, '[0],[430000],[431200],', 5, NULL, NULL, NULL, NULL);
INSERT INTO `sys_area` VALUES (431230, 431200, '通道侗族自治县', '通道', '109.783356', '26.158348', 3, '[0],[430000],[431200],', 7, NULL, NULL, NULL, NULL);
INSERT INTO `sys_area` VALUES (431281, 431200, '洪江市', '洪江', '109.831764', '27.201876', 3, '[0],[430000],[431200],', 3, NULL, NULL, NULL, NULL);
INSERT INTO `sys_area` VALUES (431300, 430000, '娄底市', '娄底', '112.008499', '27.728136', 2, '[0],[430000],', 6, NULL, NULL, NULL, NULL);
INSERT INTO `sys_area` VALUES (431302, 431300, '娄星区', '娄星', '112.008484', '27.726643', 3, '[0],[430000],[431300],', 3, NULL, NULL, NULL, NULL);
INSERT INTO `sys_area` VALUES (431321, 431300, '双峰县', '双峰', '112.198242', '27.459126', 3, '[0],[430000],[431300],', 4, NULL, NULL, NULL, NULL);
INSERT INTO `sys_area` VALUES (431322, 431300, '新化县', '新化', '111.306747', '27.737455', 3, '[0],[430000],[431300],', 5, NULL, NULL, NULL, NULL);
INSERT INTO `sys_area` VALUES (431381, 431300, '冷水江市', '冷水江', '111.434677', '27.685759', 3, '[0],[430000],[431300],', 1, NULL, NULL, NULL, NULL);
INSERT INTO `sys_area` VALUES (431382, 431300, '涟源市', '涟源', '111.670845', '27.692301', 3, '[0],[430000],[431300],', 2, NULL, NULL, NULL, NULL);
INSERT INTO `sys_area` VALUES (433100, 430000, '湘西土家族苗族自治州', '湘西', '109.739738', '28.314297', 2, '[0],[430000],', 9, NULL, NULL, NULL, NULL);
INSERT INTO `sys_area` VALUES (433101, 433100, '吉首市', '吉首', '109.738274', '28.314827', 3, '[0],[430000],[433100],', 5, NULL, NULL, NULL, NULL);
INSERT INTO `sys_area` VALUES (433122, 433100, '泸溪县', '泸溪', '110.214432', '28.214516', 3, '[0],[430000],[433100],', 7, NULL, NULL, NULL, NULL);
INSERT INTO `sys_area` VALUES (433123, 433100, '凤凰县', '凤凰', '109.59919', '27.948309', 3, '[0],[430000],[433100],', 2, NULL, NULL, NULL, NULL);
INSERT INTO `sys_area` VALUES (433124, 433100, '花垣县', '花垣', '109.479065', '28.581352', 3, '[0],[430000],[433100],', 4, NULL, NULL, NULL, NULL);
INSERT INTO `sys_area` VALUES (433125, 433100, '保靖县', '保靖', '109.651443', '28.709604', 3, '[0],[430000],[433100],', 1, NULL, NULL, NULL, NULL);
INSERT INTO `sys_area` VALUES (433126, 433100, '古丈县', '古丈', '109.949593', '28.616974', 3, '[0],[430000],[433100],', 3, NULL, NULL, NULL, NULL);
INSERT INTO `sys_area` VALUES (433127, 433100, '永顺县', '永顺', '109.853294', '28.998068', 3, '[0],[430000],[433100],', 8, NULL, NULL, NULL, NULL);
INSERT INTO `sys_area` VALUES (433130, 433100, '龙山县', '龙山', '109.441193', '29.453438', 3, '[0],[430000],[433100],', 6, NULL, NULL, NULL, NULL);
INSERT INTO `sys_area` VALUES (440000, 0, '广东省', '广东', '113.28064', '23.125177', 1, '[0],', 19, NULL, NULL, NULL, NULL);
INSERT INTO `sys_area` VALUES (440100, 440000, '广州市', '广州', '113.28064', '23.125177', 2, '[0],[440000],', 5, NULL, NULL, NULL, NULL);
INSERT INTO `sys_area` VALUES (440103, 440100, '荔湾区', '荔湾', '113.243034', '23.124943', 3, '[0],[440000],[440100],', 7, NULL, NULL, NULL, NULL);
INSERT INTO `sys_area` VALUES (440104, 440100, '越秀区', '越秀', '113.280716', '23.125624', 3, '[0],[440000],[440100],', 3, NULL, NULL, NULL, NULL);
INSERT INTO `sys_area` VALUES (440105, 440100, '海珠区', '海珠', '113.262009', '23.10313', 3, '[0],[440000],[440100],', 4, NULL, NULL, NULL, NULL);
INSERT INTO `sys_area` VALUES (440106, 440100, '天河区', '天河', '113.335365', '23.13559', 3, '[0],[440000],[440100],', 11, NULL, NULL, NULL, NULL);
INSERT INTO `sys_area` VALUES (440111, 440100, '白云区', '白云', '113.262833', '23.162281', 3, '[0],[440000],[440100],', 1, NULL, NULL, NULL, NULL);
INSERT INTO `sys_area` VALUES (440112, 440100, '黄埔区', '黄埔', '113.45076', '23.103239', 3, '[0],[440000],[440100],', 6, NULL, NULL, NULL, NULL);
INSERT INTO `sys_area` VALUES (440113, 440100, '番禺区', '番禺', '113.364616', '22.938581', 3, '[0],[440000],[440100],', 10, NULL, NULL, NULL, NULL);
INSERT INTO `sys_area` VALUES (440114, 440100, '花都区', '花都', '113.211182', '23.39205', 3, '[0],[440000],[440100],', 5, NULL, NULL, NULL, NULL);
INSERT INTO `sys_area` VALUES (440115, 440100, '南沙区', '南沙', '113.537376', '22.794531', 3, '[0],[440000],[440100],', 9, NULL, NULL, NULL, NULL);
INSERT INTO `sys_area` VALUES (440116, 440100, '萝岗区', '萝岗', '113.28064', '23.125177', 3, '[0],[440000],[440100],', 8, NULL, NULL, NULL, NULL);
INSERT INTO `sys_area` VALUES (440183, 440100, '增城市', '增城', '113.28064', '23.125177', 3, '[0],[440000],[440100],', 12, NULL, NULL, NULL, NULL);
INSERT INTO `sys_area` VALUES (440184, 440100, '从化市', '从化', '113.28064', '23.125177', 3, '[0],[440000],[440100],', 2, NULL, NULL, NULL, NULL);
INSERT INTO `sys_area` VALUES (440200, 440000, '韶关市', '韶关', '113.591545', '24.801323', 2, '[0],[440000],', 15, NULL, NULL, NULL, NULL);
INSERT INTO `sys_area` VALUES (440203, 440200, '武江区', '武江', '113.588287', '24.800159', 3, '[0],[440000],[440200],', 8, NULL, NULL, NULL, NULL);
INSERT INTO `sys_area` VALUES (440204, 440200, '浈江区', '浈江', '113.59922', '24.803976', 3, '[0],[440000],[440200],', 10, NULL, NULL, NULL, NULL);
INSERT INTO `sys_area` VALUES (440205, 440200, '曲江区', '曲江', '113.605583', '24.680195', 3, '[0],[440000],[440200],', 3, NULL, NULL, NULL, NULL);
INSERT INTO `sys_area` VALUES (440222, 440200, '始兴县', '始兴', '114.067207', '24.948364', 3, '[0],[440000],[440200],', 6, NULL, NULL, NULL, NULL);
INSERT INTO `sys_area` VALUES (440224, 440200, '仁化县', '仁化', '113.748627', '25.088226', 3, '[0],[440000],[440200],', 4, NULL, NULL, NULL, NULL);
INSERT INTO `sys_area` VALUES (440229, 440200, '翁源县', '翁源', '114.131287', '24.353888', 3, '[0],[440000],[440200],', 7, NULL, NULL, NULL, NULL);
INSERT INTO `sys_area` VALUES (440232, 440200, '乳源瑶族自治县', '乳源', '113.278419', '24.77611', 3, '[0],[440000],[440200],', 5, NULL, NULL, NULL, NULL);
INSERT INTO `sys_area` VALUES (440233, 440200, '新丰县', '新丰', '114.207031', '24.055412', 3, '[0],[440000],[440200],', 9, NULL, NULL, NULL, NULL);
INSERT INTO `sys_area` VALUES (440281, 440200, '乐昌市', '乐昌', '113.352409', '25.128445', 3, '[0],[440000],[440200],', 1, NULL, NULL, NULL, NULL);
INSERT INTO `sys_area` VALUES (440282, 440200, '南雄市', '南雄', '114.311234', '25.115328', 3, '[0],[440000],[440200],', 2, NULL, NULL, NULL, NULL);
INSERT INTO `sys_area` VALUES (440300, 440000, '深圳市', '深圳', '114.085945', '22.547001', 2, '[0],[440000],', 16, NULL, NULL, NULL, NULL);
INSERT INTO `sys_area` VALUES (440303, 440300, '罗湖区', '罗湖', '114.123886', '22.555342', 3, '[0],[440000],[440300],', 7, NULL, NULL, NULL, NULL);
INSERT INTO `sys_area` VALUES (440304, 440300, '福田区', '福田', '114.050957', '22.54101', 3, '[0],[440000],[440300],', 3, NULL, NULL, NULL, NULL);
INSERT INTO `sys_area` VALUES (440305, 440300, '南山区', '南山', '113.929428', '22.531221', 3, '[0],[440000],[440300],', 8, NULL, NULL, NULL, NULL);
INSERT INTO `sys_area` VALUES (440306, 440300, '宝安区', '宝安', '113.828674', '22.754742', 3, '[0],[440000],[440300],', 1, NULL, NULL, NULL, NULL);
INSERT INTO `sys_area` VALUES (440307, 440300, '龙岗区', '龙岗', '114.251373', '22.721512', 3, '[0],[440000],[440300],', 5, NULL, NULL, NULL, NULL);
INSERT INTO `sys_area` VALUES (440308, 440300, '盐田区', '盐田', '114.235367', '22.555069', 3, '[0],[440000],[440300],', 10, NULL, NULL, NULL, NULL);
INSERT INTO `sys_area` VALUES (440320, 440300, '光明新区', '光明', '113.905037', '22.561985', 3, '[0],[440000],[440300],', 4, NULL, NULL, NULL, NULL);
INSERT INTO `sys_area` VALUES (440321, 440300, '坪山新区', '坪山', '114.346252', '22.691254', 3, '[0],[440000],[440300],', 9, NULL, NULL, NULL, NULL);
INSERT INTO `sys_area` VALUES (440322, 440300, '大鹏新区', '大鹏', '114.474602', '22.597641', 3, '[0],[440000],[440300],', 2, NULL, NULL, NULL, NULL);
