/*
 Navicat Premium Data Transfer

 Source Server         : 139.9.134.241(自动检定数据库)
 Source Server Type    : MySQL
 Source Server Version : 80033
 Source Host           : 139.9.134.241:3306
 Source Schema         : casic_metering_xichang

 Target Server Type    : MySQL
 Target Server Version : 80033
 File Encoding         : 65001

 Date: 23/01/2024 15:55:52
*/


-- ----------------------------
-- Table structure for biz_business_certificate_change_apply
-- ----------------------------
CREATE TABLE `biz_business_certificate_change_apply`  (
  `id` bigint NOT NULL,
  `change_apply_no` varchar(255) CHARACTER SET utf8mb3 COLLATE utf8mb3_general_ci NULL DEFAULT NULL COMMENT '申请单编号',
  `change_apply_name` varchar(255) CHARACTER SET utf8mb3 COLLATE utf8mb3_general_ci NULL DEFAULT NULL COMMENT '申请单名字',
  `change_report_id` bigint NOT NULL COMMENT '更换证书id',
  `change_report_no` varchar(255) CHARACTER SET utf8mb3 COLLATE utf8mb3_general_ci NOT NULL COMMENT '更换证书编号',
  `change_report_name` varchar(255) CHARACTER SET utf8mb3 COLLATE utf8mb3_general_ci NOT NULL COMMENT '更换证书名字',
  `change_type` varchar(255) CHARACTER SET utf8mb3 COLLATE utf8mb3_general_ci NULL DEFAULT NULL COMMENT '变更类型(字典code)',
  `change_analysis` text CHARACTER SET utf8mb3 COLLATE utf8mb3_general_ci NULL COMMENT '补充/更换原因及影响分析',
  `recall_analysis` text CHARACTER SET utf8mb3 COLLATE utf8mb3_general_ci NULL COMMENT '召回原因及影响分析',
  `approval_status` varchar(255) CHARACTER SET utf8mb3 COLLATE utf8mb3_general_ci NULL DEFAULT NULL COMMENT '审批状态(字典code)',
  `lab_code` varchar(20) CHARACTER SET utf8mb3 COLLATE utf8mb3_general_ci NULL DEFAULT NULL COMMENT '实验室代码(字典code,A全站X西昌H海口)',
  `group_code` varchar(255) CHARACTER SET utf8mb3 COLLATE utf8mb3_general_ci NULL DEFAULT NULL COMMENT '组别代码(字典code)',
  `process_id` varchar(64) CHARACTER SET utf8mb3 COLLATE utf8mb3_general_ci NULL DEFAULT NULL COMMENT '流程实例id',
  `create_user_id` bigint NULL DEFAULT NULL COMMENT '创建用户id',
  `create_user_name` varchar(255) CHARACTER SET utf8mb3 COLLATE utf8mb3_general_ci NULL DEFAULT NULL COMMENT '创建用户名字',
  `create_time` timestamp(0) NULL DEFAULT CURRENT_TIMESTAMP(0) COMMENT '创建时间',
  `update_time` timestamp(0) NULL DEFAULT CURRENT_TIMESTAMP(0) ON UPDATE CURRENT_TIMESTAMP(0) COMMENT '更新时间',
  PRIMARY KEY (`id`) USING BTREE
) ENGINE = InnoDB CHARACTER SET = utf8mb3 COLLATE = utf8mb3_general_ci COMMENT = '计量检定业务-证书管理-证书/报告补充或更换申请单' ROW_FORMAT = DYNAMIC;

-- ----------------------------
-- Records of biz_business_certificate_change_apply
-- ----------------------------

-- ----------------------------
-- Table structure for biz_business_certificate_equipment_relation
-- ----------------------------
CREATE TABLE `biz_business_certificate_equipment_relation`  (
  `id` bigint NOT NULL,
  `report_id` bigint NOT NULL COMMENT '证书报告id',
  `equipment_id` bigint NOT NULL COMMENT '测量设备id',
  `uncertainty` text CHARACTER SET utf8mb3 COLLATE utf8mb3_general_ci NULL COMMENT '不确定度(选择一个测量设备后需要选择一个该设备对应的不确定度)',
  PRIMARY KEY (`id`) USING BTREE
) ENGINE = InnoDB CHARACTER SET = utf8mb3 COLLATE = utf8mb3_general_ci COMMENT = '计量检定业务-任务计量管理-证书审批管理-证书关联测量设备台账' ROW_FORMAT = DYNAMIC;

-- ----------------------------
-- Records of biz_business_certificate_equipment_relation
-- ----------------------------

-- ----------------------------
-- Table structure for biz_business_certificate_measure_result_data
-- ----------------------------
CREATE TABLE `biz_business_certificate_measure_result_data`  (
  `id` bigint NOT NULL,
  `report_id` bigint NOT NULL COMMENT '证书报告表id',
  `check_item` varchar(255) CHARACTER SET utf8mb3 COLLATE utf8mb3_general_ci NULL DEFAULT NULL COMMENT '核查项目',
  `check_point` varchar(255) CHARACTER SET utf8mb3 COLLATE utf8mb3_general_ci NULL DEFAULT NULL COMMENT '核查点',
  `unit` varchar(255) CHARACTER SET utf8mb3 COLLATE utf8mb3_general_ci NULL DEFAULT NULL COMMENT '单位',
  `frequency` varchar(255) CHARACTER SET utf8mb3 COLLATE utf8mb3_general_ci NULL DEFAULT NULL COMMENT '次数',
  `upper_limit` varchar(255) CHARACTER SET utf8mb3 COLLATE utf8mb3_general_ci NULL DEFAULT NULL COMMENT '上限',
  `lower_limit` varchar(255) CHARACTER SET utf8mb3 COLLATE utf8mb3_general_ci NULL DEFAULT NULL COMMENT '下限',
  `presume_value` varchar(255) CHARACTER SET utf8mb3 COLLATE utf8mb3_general_ci NULL DEFAULT NULL COMMENT '设定值',
  `test_value` varchar(255) CHARACTER SET utf8mb3 COLLATE utf8mb3_general_ci NULL DEFAULT NULL COMMENT '测试值',
  `uncertainty` varchar(255) CHARACTER SET utf8mb3 COLLATE utf8mb3_general_ci NULL DEFAULT NULL COMMENT '不确定度',
  `remark` varchar(255) CHARACTER SET utf8mb3 COLLATE utf8mb3_general_ci NULL DEFAULT NULL COMMENT '备注',
  `create_time` timestamp(0) NULL DEFAULT CURRENT_TIMESTAMP(0) COMMENT '创建时间',
  `update_time` timestamp(0) NULL DEFAULT CURRENT_TIMESTAMP(0) ON UPDATE CURRENT_TIMESTAMP(0) COMMENT '更新时间',
  PRIMARY KEY (`id`) USING BTREE
) ENGINE = InnoDB CHARACTER SET = utf8mb3 COLLATE = utf8mb3_general_ci COMMENT = '计量检定业务-任务计量管理-证书审批管理-证书中关联的检定结果信息' ROW_FORMAT = DYNAMIC;

-- ----------------------------
-- Records of biz_business_certificate_measure_result_data
-- ----------------------------

-- ----------------------------
-- Table structure for biz_business_certificate_print
-- ----------------------------
CREATE TABLE `biz_business_certificate_print`  (
  `id` bigint UNSIGNED NOT NULL,
  `report_id` bigint NOT NULL COMMENT '证书报告表id',
  `approval_status` varchar(20) CHARACTER SET utf8mb3 COLLATE utf8mb3_general_ci NULL DEFAULT NULL COMMENT '审批状态',
  `process_id` varchar(64) CHARACTER SET utf8mb3 COLLATE utf8mb3_general_ci NULL DEFAULT NULL COMMENT '流程实例',
  `print_num` int NULL DEFAULT NULL COMMENT '打印次数',
  `print_status` varchar(20) CHARACTER SET utf8mb3 COLLATE utf8mb3_general_ci NULL DEFAULT NULL COMMENT '打印状态(字典code）',
  `print_file_name` varchar(60) CHARACTER SET utf8mb3 COLLATE utf8mb3_general_ci NULL DEFAULT NULL COMMENT '证书打印件(minio存储文件名)',
  `remark` varchar(200) CHARACTER SET utf8mb3 COLLATE utf8mb3_general_ci NULL DEFAULT NULL COMMENT '备注',
  `create_user_id` bigint(20) UNSIGNED ZEROFILL NULL DEFAULT NULL COMMENT '创建人id',
  `create_time` timestamp(0) NULL DEFAULT CURRENT_TIMESTAMP(0) COMMENT '创建时间',
  `update_time` timestamp(0) NULL DEFAULT NULL COMMENT '更新时间',
  `create_user_name` varchar(255) CHARACTER SET utf8mb3 COLLATE utf8mb3_general_ci NULL DEFAULT NULL COMMENT '创建人名字',
  PRIMARY KEY (`id`) USING BTREE
) ENGINE = InnoDB CHARACTER SET = utf8mb3 COLLATE = utf8mb3_general_ci COMMENT = '计量检定业务-任务计量管理-证书管理' ROW_FORMAT = DYNAMIC;

-- ----------------------------
-- Records of biz_business_certificate_print
-- ----------------------------

-- ----------------------------
-- Table structure for biz_business_certificate_print_log
-- ----------------------------
CREATE TABLE `biz_business_certificate_print_log`  (
  `id` bigint NOT NULL,
  `report_id` bigint NULL DEFAULT NULL COMMENT '证书报告id',
  `user_id` bigint NULL DEFAULT NULL COMMENT '打印人id',
  `user_name` varchar(255) CHARACTER SET utf8mb3 COLLATE utf8mb3_general_ci NULL DEFAULT NULL COMMENT '打印人名字',
  `create_time` timestamp(0) NULL DEFAULT CURRENT_TIMESTAMP(0) COMMENT '创建时间',
  `update_time` timestamp(0) NULL DEFAULT CURRENT_TIMESTAMP(0) ON UPDATE CURRENT_TIMESTAMP(0) COMMENT '更新时间',
  PRIMARY KEY (`id`) USING BTREE
) ENGINE = InnoDB CHARACTER SET = utf8mb3 COLLATE = utf8mb3_general_ci COMMENT = '计量检定业务-任务计量管理-证书管理-证书打印日志' ROW_FORMAT = DYNAMIC;

-- ----------------------------
-- Records of biz_business_certificate_print_log
-- ----------------------------

-- ----------------------------
-- Table structure for biz_business_certificate_report
-- ----------------------------
CREATE TABLE `biz_business_certificate_report`  (
  `id` bigint NOT NULL,
  `certificate_report_no` varchar(255) CHARACTER SET utf8mb3 COLLATE utf8mb3_general_ci NULL DEFAULT NULL COMMENT '证书报告编号',
  `certificate_report_name` varchar(255) CHARACTER SET utf8mb3 COLLATE utf8mb3_general_ci NULL DEFAULT NULL COMMENT '证书报告名称',
  `origin_record_name` varchar(255) CHARACTER SET utf8mb3 COLLATE utf8mb3_general_ci NULL DEFAULT NULL COMMENT '原始记录名称',
  `measure_category` varchar(20) CHARACTER SET utf8mb3 COLLATE utf8mb3_general_ci NULL DEFAULT NULL COMMENT '检校类别(字典code)',
  `calibration_time` timestamp(0) NULL DEFAULT NULL COMMENT '检校时间',
  `measure_dept_id` bigint NOT NULL COMMENT '检定部门id(可用于获取实验室已完成证书个数)',
  `measure_person_id` bigint NULL DEFAULT NULL COMMENT '检定人员(人员表id)',
  `order_id` bigint NOT NULL COMMENT '委托书id',
  `environment_id` bigint NULL DEFAULT NULL COMMENT '环境记录单id',
  `temperature` double(11, 4) NULL DEFAULT NULL COMMENT '温度(无环境记录单时手填)',
  `humidity` double(11, 4) NULL DEFAULT NULL COMMENT '湿度(无环境记录单时手填)',
  `issuance_date` timestamp(0) NULL DEFAULT NULL COMMENT '出具日期',
  `expiration_date` timestamp(0) NULL DEFAULT NULL COMMENT '证书有效期',
  `calibration_address` varchar(255) CHARACTER SET utf8mb3 COLLATE utf8mb3_general_ci NULL DEFAULT NULL COMMENT '检校地点',
  `technique_file_id` bigint NULL DEFAULT NULL COMMENT '参考标准(技术文件表id)',
  `measure_result` varchar(255) CHARACTER SET utf8mb3 COLLATE utf8mb3_general_ci NULL DEFAULT NULL COMMENT '检定结果(字典code)',
  `limit_scope` varchar(1024) CHARACTER SET utf8mb3 COLLATE utf8mb3_general_ci NULL DEFAULT NULL COMMENT '限用范围',
  `submit_time` timestamp(0) NULL DEFAULT NULL COMMENT '提交时间(检定员初次提交审批时间)',
  `measure_conclusion` varchar(1024) CHARACTER SET utf8mb3 COLLATE utf8mb3_general_ci NULL DEFAULT NULL COMMENT '检定结论',
  `sample_id` bigint NOT NULL COMMENT '被检样品id',
  `approval_status` varchar(20) CHARACTER SET utf8mb3 COLLATE utf8mb3_general_ci NULL DEFAULT NULL COMMENT '审批状态(字典code)',
  `origin_record_template_id` bigint NULL DEFAULT NULL COMMENT '原始记录模板id',
  `template_id` bigint NULL DEFAULT NULL COMMENT '证书报告模板id',
  `certificate_report_file` varchar(255) CHARACTER SET utf8mb3 COLLATE utf8mb3_general_ci NULL DEFAULT NULL COMMENT '证书报告附件(minio存储文件名)',
  `original_record_file` varchar(255) CHARACTER SET utf8mb3 COLLATE utf8mb3_general_ci NULL DEFAULT NULL COMMENT '原始记录附件(minio存储文件名)',
  `process_id` varchar(64) CHARACTER SET utf8mb3 COLLATE utf8mb3_general_ci NULL DEFAULT NULL COMMENT '流程实例id',
  `print_num` int NULL DEFAULT NULL COMMENT '打印次数',
  `remark` varchar(255) CHARACTER SET utf8mb3 COLLATE utf8mb3_general_ci NULL DEFAULT NULL COMMENT '备注',
  `create_user_id` bigint NULL DEFAULT NULL COMMENT '创建人id',
  `create_user_name` varchar(255) CHARACTER SET utf8mb3 COLLATE utf8mb3_general_ci NULL DEFAULT NULL COMMENT '创建人名字',
  `create_time` timestamp(0) NULL DEFAULT CURRENT_TIMESTAMP(0) COMMENT '创建时间',
  `update_time` timestamp(0) NULL DEFAULT CURRENT_TIMESTAMP(0) ON UPDATE CURRENT_TIMESTAMP(0) COMMENT '更新时间',
  PRIMARY KEY (`id`) USING BTREE
) ENGINE = InnoDB CHARACTER SET = utf8mb3 COLLATE = utf8mb3_general_ci COMMENT = '计量检定业务-任务计量管理-证书审批管理-证书表(包含原始记录)' ROW_FORMAT = DYNAMIC;

-- ----------------------------
-- Records of biz_business_certificate_report
-- ----------------------------

-- ----------------------------
-- Table structure for biz_business_device_measure_approval
-- ----------------------------
CREATE TABLE `biz_business_device_measure_approval`  (
  `id` bigint NOT NULL,
  `certificate_no` varchar(255) CHARACTER SET utf8mb3 COLLATE utf8mb3_general_ci NULL DEFAULT NULL COMMENT '证书编号(原始记录编号和其相同)',
  `certificate_name` varchar(255) CHARACTER SET utf8mb3 COLLATE utf8mb3_general_ci NULL DEFAULT NULL COMMENT '证书名称',
  `lab_code` varchar(20) CHARACTER SET utf8mb3 COLLATE utf8mb3_general_ci NULL DEFAULT NULL COMMENT '实验室代码(字典code)',
  `group_code` varchar(20) CHARACTER SET utf8mb3 COLLATE utf8mb3_general_ci NULL DEFAULT NULL COMMENT '组别代码(字典code)',
  `order_id` bigint NULL DEFAULT NULL COMMENT '任务单id',
  `sample_id` bigint NULL DEFAULT NULL COMMENT '受检设备id',
  `data_id` bigint NULL DEFAULT NULL COMMENT '检定数据管理基础信息表id',
  `original_record_file` varchar(255) CHARACTER SET utf8mb3 COLLATE utf8mb3_general_ci NULL DEFAULT NULL COMMENT '原始记录文件(minio存储文件名)',
  `certificate_file` varchar(255) CHARACTER SET utf8mb3 COLLATE utf8mb3_general_ci NULL DEFAULT NULL COMMENT '证书报告pdf文件(minio存储文件名)',
  `certificate_word_file` varchar(255) CHARACTER SET utf8mb3 COLLATE utf8mb3_general_ci NULL DEFAULT NULL COMMENT '证书报告word文件(minio存储文件名)',
  `approval_status` varchar(20) CHARACTER SET utf8mb3 COLLATE utf8mb3_general_ci NULL DEFAULT NULL COMMENT '审批状态',
  `process_id` varchar(64) CHARACTER SET utf8mb3 COLLATE utf8mb3_general_ci NULL DEFAULT NULL COMMENT '流程实例id',
  `create_user_id` bigint NULL DEFAULT NULL COMMENT '创建用户id',
  `create_user_name` varchar(255) CHARACTER SET utf8mb3 COLLATE utf8mb3_general_ci NULL DEFAULT NULL COMMENT '创建用户名',
  `create_time` timestamp(0) NULL DEFAULT CURRENT_TIMESTAMP(0) COMMENT '创建时间',
  `update_time` timestamp(0) NULL DEFAULT CURRENT_TIMESTAMP(0) ON UPDATE CURRENT_TIMESTAMP(0) COMMENT '更新时间',
  PRIMARY KEY (`id`) USING BTREE
) ENGINE = InnoDB CHARACTER SET = utf8mb3 COLLATE = utf8mb3_general_ci COMMENT = '计量检定业务-任务计量管理-检定审批管理' ROW_FORMAT = DYNAMIC;

-- ----------------------------
-- Records of biz_business_device_measure_approval
-- ----------------------------

-- ----------------------------
-- Table structure for biz_business_device_measure_data_calibrator
-- ----------------------------
CREATE TABLE `biz_business_device_measure_data_calibrator`  (
  `id` bigint NOT NULL,
  `data_id` bigint NOT NULL COMMENT '检定数据管理基础信息表id',
  `item_data_id` bigint NULL DEFAULT NULL COMMENT '检定项数据表id',
  `maximum_error_formula` varchar(255) CHARACTER SET utf8mb3 COLLATE utf8mb3_general_ci NULL DEFAULT NULL COMMENT '最大允许误差(公式)',
  `error_param_a` varchar(255) CHARACTER SET utf8mb3 COLLATE utf8mb3_general_ci NULL DEFAULT NULL COMMENT '误差参数a',
  `error_param_b` varchar(255) CHARACTER SET utf8mb3 COLLATE utf8mb3_general_ci NULL DEFAULT NULL COMMENT '误差参数b',
  `params` varchar(255) CHARACTER SET utf8mb3 COLLATE utf8mb3_general_ci NULL DEFAULT NULL COMMENT '参数',
  `capacity` varchar(255) CHARACTER SET utf8mb3 COLLATE utf8mb3_general_ci NULL DEFAULT NULL COMMENT '量',
  `unit` varchar(255) CHARACTER SET utf8mb3 COLLATE utf8mb3_general_ci NULL DEFAULT NULL COMMENT '单位',
  `frequency` varchar(255) CHARACTER SET utf8mb3 COLLATE utf8mb3_general_ci NULL DEFAULT NULL COMMENT '频率',
  `frequency_unit` varchar(255) CHARACTER SET utf8mb3 COLLATE utf8mb3_general_ci NULL DEFAULT NULL COMMENT '频率单位',
  `range_range` varchar(255) CHARACTER SET utf8mb3 COLLATE utf8mb3_general_ci NULL DEFAULT NULL COMMENT '量程',
  `standard_value` varchar(255) CHARACTER SET utf8mb3 COLLATE utf8mb3_general_ci NULL DEFAULT NULL COMMENT '标准值(输入字段,特殊:指针式万用表输出字段)',
  `indicating_value` varchar(255) CHARACTER SET utf8mb3 COLLATE utf8mb3_general_ci NULL DEFAULT NULL COMMENT '示值(输出字段,特殊:指针式万用表输入字段)',
  `maximum_error` varchar(255) CHARACTER SET utf8mb3 COLLATE utf8mb3_general_ci NULL DEFAULT NULL COMMENT '最大允许误差(值)',
  `absolute_error` varchar(255) CHARACTER SET utf8mb3 COLLATE utf8mb3_general_ci NULL DEFAULT NULL COMMENT '绝对误差',
  `resolution` decimal(11, 5) NULL DEFAULT NULL COMMENT '分辨力',
  `line_mode` varchar(255) CHARACTER SET utf8mb3 COLLATE utf8mb3_general_ci NULL DEFAULT NULL COMMENT '两线/四线模式',
  `remark` varchar(255) CHARACTER SET utf8mb3 COLLATE utf8mb3_general_ci NULL DEFAULT NULL COMMENT '输出备注',
  `an` varchar(255) CHARACTER SET utf8mb3 COLLATE utf8mb3_general_ci NULL DEFAULT NULL COMMENT 'AN',
  `bn` varchar(255) CHARACTER SET utf8mb3 COLLATE utf8mb3_general_ci NULL DEFAULT NULL COMMENT 'BN',
  `cn` varchar(255) CHARACTER SET utf8mb3 COLLATE utf8mb3_general_ci NULL DEFAULT NULL COMMENT 'CN',
  `delta_an` varchar(255) CHARACTER SET utf8mb3 COLLATE utf8mb3_general_ci NULL DEFAULT NULL COMMENT '德尔塔AN',
  `delta_bn` varchar(255) CHARACTER SET utf8mb3 COLLATE utf8mb3_general_ci NULL DEFAULT NULL COMMENT '德尔塔BN',
  `delta_cn` varchar(255) CHARACTER SET utf8mb3 COLLATE utf8mb3_general_ci NULL DEFAULT NULL COMMENT '德尔塔CN',
  `measure_indication_value` varchar(255) CHARACTER SET utf8mb3 COLLATE utf8mb3_general_ci NULL DEFAULT NULL COMMENT '被检表示值',
  `standard_value_upper_limit` varchar(255) CHARACTER SET utf8mb3 COLLATE utf8mb3_general_ci NULL DEFAULT NULL COMMENT '标准值上限',
  `accuracy_level` varchar(255) CHARACTER SET utf8mb3 COLLATE utf8mb3_general_ci NULL DEFAULT NULL COMMENT '准确度等级',
  `create_time` timestamp(0) NULL DEFAULT CURRENT_TIMESTAMP(0) COMMENT '创建时间',
  `update_time` timestamp(0) NULL DEFAULT CURRENT_TIMESTAMP(0) ON UPDATE CURRENT_TIMESTAMP(0) COMMENT '更新时间',
  PRIMARY KEY (`id`) USING BTREE
) ENGINE = InnoDB CHARACTER SET = utf8mb3 COLLATE = utf8mb3_general_ci COMMENT = '计量检定业务-受检设备检定管理-检定数据管理多功能校准源数据(自动检定输出或业务创建)' ROW_FORMAT = DYNAMIC;

-- ----------------------------
-- Records of biz_business_device_measure_data_calibrator
-- ----------------------------

-- ----------------------------
-- Table structure for biz_business_device_measure_data_piston_gauge
-- ----------------------------
CREATE TABLE `biz_business_device_measure_data_piston_gauge`  (
  `id` bigint NOT NULL,
  `data_id` bigint NOT NULL COMMENT '检定数据管理基础信息表id',
  `data_type` varchar(20) CHARACTER SET utf8mb3 COLLATE utf8mb3_general_ci NULL DEFAULT NULL COMMENT '检定数据类型(电接点一般压力表一个检定数据中区分两个表格)(字典code)',
  `data_category` varchar(20) CHARACTER SET utf8mb3 COLLATE utf8mb3_general_ci NULL DEFAULT NULL COMMENT '检定数据类别(1检定数据，2计算结果数据)',
  `indicating_value` varchar(255) CHARACTER SET utf8mb3 COLLATE utf8mb3_general_ci NULL DEFAULT NULL COMMENT '标准器示值',
  `before_friction_forward_stroke` varchar(255) CHARACTER SET utf8mb3 COLLATE utf8mb3_general_ci NULL DEFAULT NULL COMMENT '轻敲前被检设备示值-正行程',
  `before_friction_reverse_stroke` varchar(255) CHARACTER SET utf8mb3 COLLATE utf8mb3_general_ci NULL DEFAULT NULL COMMENT '轻敲前被检设备示值-反行程',
  `after_friction_forward_stroke` varchar(255) CHARACTER SET utf8mb3 COLLATE utf8mb3_general_ci NULL DEFAULT NULL COMMENT '轻敲后被检设备示值-正行程',
  `after_friction_reverse_stroke` varchar(255) CHARACTER SET utf8mb3 COLLATE utf8mb3_general_ci NULL DEFAULT NULL COMMENT '轻敲后被检设备示值-反行程',
  `variation_forward_stroke` varchar(255) CHARACTER SET utf8mb3 COLLATE utf8mb3_general_ci NULL DEFAULT NULL COMMENT '轻敲前后变动量-正行程',
  `variation_reverse_stroke` varchar(255) CHARACTER SET utf8mb3 COLLATE utf8mb3_general_ci NULL DEFAULT NULL COMMENT '轻敲前后变动量-反行程',
  `theoretical_output_value` decimal(10, 3) NULL DEFAULT NULL COMMENT '理论输出值',
  `first_forward_stroke` varchar(255) CHARACTER SET utf8mb3 COLLATE utf8mb3_general_ci NULL DEFAULT NULL COMMENT '第一次正行程',
  `first_reverse_stroke` varchar(255) CHARACTER SET utf8mb3 COLLATE utf8mb3_general_ci NULL DEFAULT NULL COMMENT '第一次反行程',
  `second_forward_stroke` varchar(255) CHARACTER SET utf8mb3 COLLATE utf8mb3_general_ci NULL DEFAULT NULL COMMENT '第二次正行程',
  `second_reverse_stroke` varchar(255) CHARACTER SET utf8mb3 COLLATE utf8mb3_general_ci NULL DEFAULT NULL COMMENT '第二次反行程',
  `third_forward_stroke` varchar(255) CHARACTER SET utf8mb3 COLLATE utf8mb3_general_ci NULL DEFAULT NULL COMMENT '第三次正行程',
  `third_reverse_stroke` varchar(255) CHARACTER SET utf8mb3 COLLATE utf8mb3_general_ci NULL DEFAULT NULL COMMENT '第三次反行程',
  `indicating_error` varchar(255) CHARACTER SET utf8mb3 COLLATE utf8mb3_general_ci NULL DEFAULT NULL COMMENT '示值误差',
  `return_error` varchar(255) CHARACTER SET utf8mb3 COLLATE utf8mb3_general_ci NULL DEFAULT NULL COMMENT '回程误差',
  `average_forward_stroke` varchar(255) CHARACTER SET utf8mb3 COLLATE utf8mb3_general_ci NULL DEFAULT NULL COMMENT '正行程平均值',
  `average_reverse_stroke` varchar(255) CHARACTER SET utf8mb3 COLLATE utf8mb3_general_ci NULL DEFAULT NULL COMMENT '反行程平均值',
  `average_value` varchar(255) CHARACTER SET utf8mb3 COLLATE utf8mb3_general_ci NULL DEFAULT NULL COMMENT '平均值',
  `average_return_error` varchar(255) CHARACTER SET utf8mb3 COLLATE utf8mb3_general_ci NULL DEFAULT NULL COMMENT '回程误差平均值',
  `item` varchar(255) CHARACTER SET utf8mb3 COLLATE utf8mb3_general_ci NULL DEFAULT NULL COMMENT '项目(结果表)',
  `max_indicating_error` varchar(255) CHARACTER SET utf8mb3 COLLATE utf8mb3_general_ci NULL DEFAULT NULL COMMENT '示值误差最大值(结果表)',
  `max_return_error` varchar(255) CHARACTER SET utf8mb3 COLLATE utf8mb3_general_ci NULL DEFAULT NULL COMMENT '回程误差最大值(结果表)',
  `max_friction_error` varchar(255) CHARACTER SET utf8mb3 COLLATE utf8mb3_general_ci NULL DEFAULT NULL COMMENT '轻敲位移最大值(结果表)',
  `maximum_error_absolute` varchar(255) CHARACTER SET utf8mb3 COLLATE utf8mb3_general_ci NULL DEFAULT NULL COMMENT '最大允许误差绝对值',
  `forward_stroke_switch_value` varchar(255) CHARACTER SET utf8mb3 COLLATE utf8mb3_general_ci NULL DEFAULT NULL COMMENT '正行程切换值(电接点一般压力表)',
  `reverse_stroke_switch_value` varchar(255) CHARACTER SET utf8mb3 COLLATE utf8mb3_general_ci NULL DEFAULT NULL COMMENT '反行程切换值(电接点一般压力表)',
  `point_deviation` varchar(255) CHARACTER SET utf8mb3 COLLATE utf8mb3_general_ci NULL DEFAULT NULL COMMENT '设定点偏差(电接点一般压力表)',
  `different_gap` varchar(255) CHARACTER SET utf8mb3 COLLATE utf8mb3_general_ci NULL DEFAULT NULL COMMENT '切换差(电接点一般压力表)',
  `max_point_deviation` varchar(255) CHARACTER SET utf8mb3 COLLATE utf8mb3_general_ci NULL DEFAULT NULL COMMENT '最大设定点偏差绝对值(结果表)(电接点一般压力表的第2个结果表)',
  `allow_point_deviation` varchar(255) CHARACTER SET utf8mb3 COLLATE utf8mb3_general_ci NULL DEFAULT NULL COMMENT '允许设定点偏差绝对值(结果表)(电接点一般压力表的第2个结果表)',
  `max_different_gap` varchar(255) CHARACTER SET utf8mb3 COLLATE utf8mb3_general_ci NULL DEFAULT NULL COMMENT '最大切换差(结果表)(电接点一般压力表的第2个结果表)',
  `allow_different_gap` varchar(255) CHARACTER SET utf8mb3 COLLATE utf8mb3_general_ci NULL DEFAULT NULL COMMENT '允许切换差(结果表)(电接点一般压力表的第2个结果表)',
  `zero_drift_one` varchar(255) CHARACTER SET utf8mb3 COLLATE utf8mb3_general_ci NULL DEFAULT NULL COMMENT '零位漂移(数字压力计手工输入的第1个示值)',
  `zero_drift_two` varchar(255) CHARACTER SET utf8mb3 COLLATE utf8mb3_general_ci NULL DEFAULT NULL COMMENT '零位漂移(数字压力计手工输入的第2个示值)',
  `zero_drift_three` varchar(255) CHARACTER SET utf8mb3 COLLATE utf8mb3_general_ci NULL DEFAULT NULL COMMENT '零位漂移(数字压力计手工输入的第3个示值)',
  `zero_drift_four` varchar(255) CHARACTER SET utf8mb3 COLLATE utf8mb3_general_ci NULL DEFAULT NULL COMMENT '零位漂移(数字压力计手工输入的第4个示值)',
  `zero_drift_five` varchar(255) CHARACTER SET utf8mb3 COLLATE utf8mb3_general_ci NULL DEFAULT NULL COMMENT '零位漂移(数字压力计手工输入的第5个示值)',
  `intercept_a` varchar(255) CHARACTER SET utf8mb3 COLLATE utf8mb3_general_ci NULL DEFAULT NULL COMMENT '截距a(结果表)',
  `slope_b` varchar(255) CHARACTER SET utf8mb3 COLLATE utf8mb3_general_ci NULL DEFAULT NULL COMMENT '斜率b(结果表)',
  `sensitivity_b` varchar(255) CHARACTER SET utf8mb3 COLLATE utf8mb3_general_ci NULL DEFAULT NULL COMMENT '灵敏度b(结果表)',
  `repeatability_r` varchar(255) CHARACTER SET utf8mb3 COLLATE utf8mb3_general_ci NULL DEFAULT NULL COMMENT '重复性R(结果表)',
  `hysteresis_h` varchar(255) CHARACTER SET utf8mb3 COLLATE utf8mb3_general_ci NULL DEFAULT NULL COMMENT '迟滞H(结果表)',
  `linear_l` varchar(255) CHARACTER SET utf8mb3 COLLATE utf8mb3_general_ci NULL DEFAULT NULL COMMENT '线性L(结果表)',
  `basic_error_a` varchar(255) CHARACTER SET utf8mb3 COLLATE utf8mb3_general_ci NULL DEFAULT NULL COMMENT '基本误差A(结果表)',
  `periodic_stability_s_b` varchar(255) CHARACTER SET utf8mb3 COLLATE utf8mb3_general_ci NULL DEFAULT NULL COMMENT '周期稳定性Sb(结果表)',
  `create_time` timestamp(0) NULL DEFAULT CURRENT_TIMESTAMP(0) COMMENT '创建时间',
  `update_time` timestamp(0) NULL DEFAULT CURRENT_TIMESTAMP(0) ON UPDATE CURRENT_TIMESTAMP(0) COMMENT '更新时间',
  PRIMARY KEY (`id`) USING BTREE
) ENGINE = InnoDB CHARACTER SET = utf8mb3 COLLATE = utf8mb3_general_ci COMMENT = '计量检定业务-受检设备检定管理-检定数据管理0.02级活塞式压力计数据(自动检定输出或业务创建)' ROW_FORMAT = Dynamic;

-- ----------------------------
-- Records of biz_business_device_measure_data_piston_gauge
-- ----------------------------
INSERT INTO `biz_business_device_measure_data_piston_gauge` VALUES (1735106640220295170, 1735106640086077441, '1', NULL, '0', '0', '0', '0', '0', '0', '0', NULL, NULL, NULL, NULL, NULL, NULL, NULL, NULL, NULL, NULL, NULL, NULL, NULL, NULL, NULL, NULL, NULL, NULL, NULL, NULL, NULL, NULL, NULL, NULL, NULL, NULL, NULL, NULL, NULL, NULL, NULL, NULL, NULL, NULL, NULL, NULL, NULL, NULL, NULL, '2023-12-14 09:17:16', '2023-12-14 09:17:16');
INSERT INTO `biz_business_device_measure_data_piston_gauge` VALUES (1735106640224489474, 1735106640086077441, '1', NULL, '10', '10', '10', '10', '10', '0', '0', NULL, NULL, NULL, NULL, NULL, NULL, NULL, NULL, NULL, NULL, NULL, NULL, NULL, NULL, NULL, NULL, NULL, NULL, NULL, NULL, NULL, NULL, NULL, NULL, NULL, NULL, NULL, NULL, NULL, NULL, NULL, NULL, NULL, NULL, NULL, NULL, NULL, NULL, NULL, '2023-12-14 09:17:16', '2023-12-14 09:17:16');
INSERT INTO `biz_business_device_measure_data_piston_gauge` VALUES (1735106640224489475, 1735106640086077441, '1', NULL, '20', '20', '20', '20', '20', '0', '0', NULL, NULL, NULL, NULL, NULL, NULL, NULL, NULL, NULL, NULL, NULL, NULL, NULL, NULL, NULL, NULL, NULL, NULL, NULL, NULL, NULL, NULL, NULL, NULL, NULL, NULL, NULL, NULL, NULL, NULL, NULL, NULL, NULL, NULL, NULL, NULL, NULL, NULL, NULL, '2023-12-14 09:17:16', '2023-12-14 09:17:16');
INSERT INTO `biz_business_device_measure_data_piston_gauge` VALUES (1735106640237072385, 1735106640086077441, '1', NULL, '30', '30', '30', '30', '30', '0', '0', NULL, NULL, NULL, NULL, NULL, NULL, NULL, NULL, NULL, NULL, NULL, NULL, NULL, NULL, NULL, NULL, NULL, NULL, NULL, NULL, NULL, NULL, NULL, NULL, NULL, NULL, NULL, NULL, NULL, NULL, NULL, NULL, NULL, NULL, NULL, NULL, NULL, NULL, NULL, '2023-12-14 09:17:16', '2023-12-14 09:17:16');
INSERT INTO `biz_business_device_measure_data_piston_gauge` VALUES (1735106640237072386, 1735106640086077441, '1', NULL, '40', '40', '40', '40', '40', '0', '0', NULL, NULL, NULL, NULL, NULL, NULL, NULL, NULL, NULL, NULL, NULL, NULL, NULL, NULL, NULL, NULL, NULL, NULL, NULL, NULL, NULL, NULL, NULL, NULL, NULL, NULL, NULL, NULL, NULL, NULL, NULL, NULL, NULL, NULL, NULL, NULL, NULL, NULL, NULL, '2023-12-14 09:17:16', '2023-12-14 09:17:16');
INSERT INTO `biz_business_device_measure_data_piston_gauge` VALUES (1735107603534483458, 1735107603509317633, '1', NULL, '0', '0', '0', '0', '0', '0', '0', NULL, NULL, NULL, NULL, NULL, NULL, NULL, NULL, NULL, NULL, NULL, NULL, NULL, NULL, NULL, NULL, NULL, NULL, NULL, NULL, NULL, NULL, NULL, NULL, NULL, NULL, NULL, NULL, NULL, NULL, NULL, NULL, NULL, NULL, NULL, NULL, NULL, NULL, NULL, '2023-12-14 09:21:06', '2023-12-14 09:21:06');
INSERT INTO `biz_business_device_measure_data_piston_gauge` VALUES (1735107603534483459, 1735107603509317633, '1', NULL, '4', '4', '4', '4', '4', '0', '0', NULL, NULL, NULL, NULL, NULL, NULL, NULL, NULL, NULL, NULL, NULL, NULL, NULL, NULL, NULL, NULL, NULL, NULL, NULL, NULL, NULL, NULL, NULL, NULL, NULL, NULL, NULL, NULL, NULL, NULL, NULL, NULL, NULL, NULL, NULL, NULL, NULL, NULL, NULL, '2023-12-14 09:21:06', '2023-12-14 09:21:06');
INSERT INTO `biz_business_device_measure_data_piston_gauge` VALUES (1735107603572232193, 1735107603509317633, '1', NULL, '8', '8', '8', '8', '8', '0', '0', NULL, NULL, NULL, NULL, NULL, NULL, NULL, NULL, NULL, NULL, NULL, NULL, NULL, NULL, NULL, NULL, NULL, NULL, NULL, NULL, NULL, NULL, NULL, NULL, NULL, NULL, NULL, NULL, NULL, NULL, NULL, NULL, NULL, NULL, NULL, NULL, NULL, NULL, NULL, '2023-12-14 09:21:06', '2023-12-14 09:21:06');
INSERT INTO `biz_business_device_measure_data_piston_gauge` VALUES (1735107603580620801, 1735107603509317633, '1', NULL, '12', '12', '12', '12', '12', '0', '0', NULL, NULL, NULL, NULL, NULL, NULL, NULL, NULL, NULL, NULL, NULL, NULL, NULL, NULL, NULL, NULL, NULL, NULL, NULL, NULL, NULL, NULL, NULL, NULL, NULL, NULL, NULL, NULL, NULL, NULL, NULL, NULL, NULL, NULL, NULL, NULL, NULL, NULL, NULL, '2023-12-14 09:21:06', '2023-12-14 09:21:06');
INSERT INTO `biz_business_device_measure_data_piston_gauge` VALUES (1735107603580620802, 1735107603509317633, '1', NULL, '16', '16', '16', '16', '16', '0', '0', NULL, NULL, NULL, NULL, NULL, NULL, NULL, NULL, NULL, NULL, NULL, NULL, NULL, NULL, NULL, NULL, NULL, NULL, NULL, NULL, NULL, NULL, NULL, NULL, NULL, NULL, NULL, NULL, NULL, NULL, NULL, NULL, NULL, NULL, NULL, NULL, NULL, NULL, NULL, '2023-12-14 09:21:06', '2023-12-14 09:21:06');
INSERT INTO `biz_business_device_measure_data_piston_gauge` VALUES (1735107603580620803, 1735107603509317633, '1', NULL, '20', '20', '20', '20', '20', '0', '0', NULL, NULL, NULL, NULL, NULL, NULL, NULL, NULL, NULL, NULL, NULL, NULL, NULL, NULL, NULL, NULL, NULL, NULL, NULL, NULL, NULL, NULL, NULL, NULL, NULL, NULL, NULL, NULL, NULL, NULL, NULL, NULL, NULL, NULL, NULL, NULL, NULL, NULL, NULL, '2023-12-14 09:21:06', '2023-12-14 09:21:06');
INSERT INTO `biz_business_device_measure_data_piston_gauge` VALUES (1735115907270742017, 1735115907249770498, '1', NULL, '0', NULL, NULL, NULL, NULL, NULL, NULL, 4.000, '4', '0', '4', '0', '4', '0', NULL, NULL, NULL, NULL, NULL, NULL, NULL, NULL, NULL, NULL, NULL, NULL, NULL, NULL, NULL, NULL, NULL, NULL, NULL, NULL, NULL, NULL, NULL, NULL, NULL, NULL, NULL, NULL, NULL, NULL, NULL, NULL, '2023-12-14 09:54:05', '2023-12-14 09:54:05');
INSERT INTO `biz_business_device_measure_data_piston_gauge` VALUES (1735115907274936322, 1735115907249770498, '1', NULL, '1', NULL, NULL, NULL, NULL, NULL, NULL, 7.200, '7.2', '7.2', '7.2', '7.2', '7.2', '7.2', NULL, NULL, NULL, NULL, NULL, NULL, NULL, NULL, NULL, NULL, NULL, NULL, NULL, NULL, NULL, NULL, NULL, NULL, NULL, NULL, NULL, NULL, NULL, NULL, NULL, NULL, NULL, NULL, NULL, NULL, NULL, NULL, '2023-12-14 09:54:05', '2023-12-14 09:54:05');
INSERT INTO `biz_business_device_measure_data_piston_gauge` VALUES (1735115907274936323, 1735115907249770498, '1', NULL, '2', NULL, NULL, NULL, NULL, NULL, NULL, 10.400, '10.4', '10.4', '10.4', '10.4', '10.4', '10.4', NULL, NULL, NULL, NULL, NULL, NULL, NULL, NULL, NULL, NULL, NULL, NULL, NULL, NULL, NULL, NULL, NULL, NULL, NULL, NULL, NULL, NULL, NULL, NULL, NULL, NULL, NULL, NULL, NULL, NULL, NULL, NULL, '2023-12-14 09:54:05', '2023-12-14 09:54:05');
INSERT INTO `biz_business_device_measure_data_piston_gauge` VALUES (1735115907279130625, 1735115907249770498, '1', NULL, '3', NULL, NULL, NULL, NULL, NULL, NULL, 13.600, '13.6', '13.6', '13.6', '13.6', '13.6', '13.6', NULL, NULL, NULL, NULL, NULL, NULL, NULL, NULL, NULL, NULL, NULL, NULL, NULL, NULL, NULL, NULL, NULL, NULL, NULL, NULL, NULL, NULL, NULL, NULL, NULL, NULL, NULL, NULL, NULL, NULL, NULL, NULL, '2023-12-14 09:54:05', '2023-12-14 09:54:05');
INSERT INTO `biz_business_device_measure_data_piston_gauge` VALUES (1735115907279130626, 1735115907249770498, '1', NULL, '4', NULL, NULL, NULL, NULL, NULL, NULL, 16.800, '16.8', '16.8', '16.8', '16.8', '16.8', '16.8', NULL, NULL, NULL, NULL, NULL, NULL, NULL, NULL, NULL, NULL, NULL, NULL, NULL, NULL, NULL, NULL, NULL, NULL, NULL, NULL, NULL, NULL, NULL, NULL, NULL, NULL, NULL, NULL, NULL, NULL, NULL, NULL, '2023-12-14 09:54:05', '2023-12-14 09:54:05');
INSERT INTO `biz_business_device_measure_data_piston_gauge` VALUES (1735115907283324929, 1735115907249770498, '1', NULL, '5', NULL, NULL, NULL, NULL, NULL, NULL, 20.000, '20', '20', '20', '20', '20', '20', NULL, NULL, NULL, NULL, NULL, NULL, NULL, NULL, NULL, NULL, NULL, NULL, NULL, NULL, NULL, NULL, NULL, NULL, NULL, NULL, NULL, NULL, NULL, NULL, NULL, NULL, NULL, NULL, NULL, NULL, NULL, NULL, '2023-12-14 09:54:05', '2023-12-14 09:54:05');
INSERT INTO `biz_business_device_measure_data_piston_gauge` VALUES (1735119702314749953, 1735119702293778433, '1', NULL, '0', '0', '0', '0', '0', '0', '0', NULL, NULL, NULL, NULL, NULL, NULL, NULL, NULL, NULL, NULL, NULL, NULL, NULL, NULL, NULL, NULL, NULL, NULL, NULL, NULL, NULL, NULL, NULL, NULL, NULL, NULL, NULL, NULL, NULL, NULL, NULL, NULL, NULL, NULL, NULL, NULL, NULL, NULL, NULL, '2023-12-14 10:09:10', '2023-12-14 10:09:10');
INSERT INTO `biz_business_device_measure_data_piston_gauge` VALUES (1735119702318944257, 1735119702293778433, '1', NULL, '0.2', '1.2', '1.2', '0.2', '0.2', '0', '0', NULL, NULL, NULL, NULL, NULL, NULL, NULL, NULL, NULL, NULL, NULL, NULL, NULL, NULL, NULL, NULL, NULL, NULL, NULL, NULL, NULL, NULL, NULL, NULL, NULL, NULL, NULL, NULL, NULL, NULL, NULL, NULL, NULL, NULL, NULL, NULL, NULL, NULL, NULL, '2023-12-14 10:09:10', '2023-12-14 10:09:10');
INSERT INTO `biz_business_device_measure_data_piston_gauge` VALUES (1735119702318944258, 1735119702293778433, '1', NULL, '0.4', '1.4', '1.4', '0.4', '0.4', '0', '0', NULL, NULL, NULL, NULL, NULL, NULL, NULL, NULL, NULL, NULL, NULL, NULL, NULL, NULL, NULL, NULL, NULL, NULL, NULL, NULL, NULL, NULL, NULL, NULL, NULL, NULL, NULL, NULL, NULL, NULL, NULL, NULL, NULL, NULL, NULL, NULL, NULL, NULL, NULL, '2023-12-14 10:09:10', '2023-12-14 10:09:10');
INSERT INTO `biz_business_device_measure_data_piston_gauge` VALUES (1735119702323138562, 1735119702293778433, '1', NULL, '0.6', '0.6', '0.6', '0.6', '0.6', '0', '0', NULL, NULL, NULL, NULL, NULL, NULL, NULL, NULL, NULL, NULL, NULL, NULL, NULL, NULL, NULL, NULL, NULL, NULL, NULL, NULL, NULL, NULL, NULL, NULL, NULL, NULL, NULL, NULL, NULL, NULL, NULL, NULL, NULL, NULL, NULL, NULL, NULL, NULL, NULL, '2023-12-14 10:09:10', '2023-12-14 10:09:10');
INSERT INTO `biz_business_device_measure_data_piston_gauge` VALUES (1735124021931970562, 1735124021910999041, '1', NULL, '0', '0', '0', '0', '0', '0', '0', NULL, NULL, NULL, NULL, NULL, NULL, NULL, NULL, NULL, NULL, NULL, NULL, NULL, NULL, NULL, NULL, NULL, NULL, NULL, NULL, NULL, NULL, NULL, NULL, NULL, NULL, NULL, NULL, NULL, NULL, NULL, NULL, NULL, NULL, NULL, NULL, NULL, NULL, NULL, '2023-12-14 10:26:20', '2023-12-14 10:26:20');
INSERT INTO `biz_business_device_measure_data_piston_gauge` VALUES (1735124021936164865, 1735124021910999041, '1', NULL, '0.4', '0.4', '0.4', '0.4', '0.4', '0', '0', NULL, NULL, NULL, NULL, NULL, NULL, NULL, NULL, NULL, NULL, NULL, NULL, NULL, NULL, NULL, NULL, NULL, NULL, NULL, NULL, NULL, NULL, NULL, NULL, NULL, NULL, NULL, NULL, NULL, NULL, NULL, NULL, NULL, NULL, NULL, NULL, NULL, NULL, NULL, '2023-12-14 10:26:20', '2023-12-14 10:26:20');
INSERT INTO `biz_business_device_measure_data_piston_gauge` VALUES (1735124021936164866, 1735124021910999041, '1', NULL, '0.8', '0.8', '0.8', '0.8', '0.8', '0', '0', NULL, NULL, NULL, NULL, NULL, NULL, NULL, NULL, NULL, NULL, NULL, NULL, NULL, NULL, NULL, NULL, NULL, NULL, NULL, NULL, NULL, NULL, NULL, NULL, NULL, NULL, NULL, NULL, NULL, NULL, NULL, NULL, NULL, NULL, NULL, NULL, NULL, NULL, NULL, '2023-12-14 10:26:20', '2023-12-14 10:26:20');
INSERT INTO `biz_business_device_measure_data_piston_gauge` VALUES (1735124021936164867, 1735124021910999041, '1', NULL, '1.2', '1.2', '1.2', '1.2', '1.2', '0', '0', NULL, NULL, NULL, NULL, NULL, NULL, NULL, NULL, NULL, NULL, NULL, NULL, NULL, NULL, NULL, NULL, NULL, NULL, NULL, NULL, NULL, NULL, NULL, NULL, NULL, NULL, NULL, NULL, NULL, NULL, NULL, NULL, NULL, NULL, NULL, NULL, NULL, NULL, NULL, '2023-12-14 10:26:20', '2023-12-14 10:26:20');
INSERT INTO `biz_business_device_measure_data_piston_gauge` VALUES (1735124021940359170, 1735124021910999041, '1', NULL, '1.6', '1.6', '1.6', '1.6', '1.6', '0', '0', NULL, NULL, NULL, NULL, NULL, NULL, NULL, NULL, NULL, NULL, NULL, NULL, NULL, NULL, NULL, NULL, NULL, NULL, NULL, NULL, NULL, NULL, NULL, NULL, NULL, NULL, NULL, NULL, NULL, NULL, NULL, NULL, NULL, NULL, NULL, NULL, NULL, NULL, NULL, '2023-12-14 10:26:20', '2023-12-14 10:26:20');

-- ----------------------------
-- Table structure for biz_business_device_measure_equipment
-- ----------------------------
CREATE TABLE `biz_business_device_measure_equipment`  (
  `id` bigint NOT NULL,
  `data_id` bigint NOT NULL COMMENT '检定数据管理基础信息表id',
  `equipment_id` bigint NULL DEFAULT NULL COMMENT '设备台账id',
  `create_time` timestamp(0) NULL DEFAULT CURRENT_TIMESTAMP(0) COMMENT '创建时间',
  `update_time` timestamp(0) NULL DEFAULT CURRENT_TIMESTAMP(0) ON UPDATE CURRENT_TIMESTAMP(0) COMMENT '更新时间',
  PRIMARY KEY (`id`) USING BTREE
) ENGINE = InnoDB CHARACTER SET = utf8mb3 COLLATE = utf8mb3_general_ci COMMENT = '计量检定业务-受检设备检定管理-检定数据管理-所使用的标准、主要测量设备' ROW_FORMAT = Dynamic;

-- ----------------------------
-- Records of biz_business_device_measure_equipment
-- ----------------------------
INSERT INTO `biz_business_device_measure_equipment` VALUES (1735106640136409089, 1735106640086077441, 1735103203193688066, '2023-12-14 09:17:16', '2023-12-14 09:17:16');
INSERT INTO `biz_business_device_measure_equipment` VALUES (1735115907258159106, 1735115907249770498, 1735103203193688066, '2023-12-14 09:54:05', '2023-12-14 09:54:05');
INSERT INTO `biz_business_device_measure_equipment` VALUES (1735119702306361345, 1735119702293778433, 1735103203193688066, '2023-12-14 10:09:10', '2023-12-14 10:09:10');
INSERT INTO `biz_business_device_measure_equipment` VALUES (1735124021919387650, 1735124021910999041, 1735103203193688066, '2023-12-14 10:26:20', '2023-12-14 10:26:20');
INSERT INTO `biz_business_device_measure_equipment` VALUES (1736549501566562305, 1736216094999425025, 1734126394553724929, '2023-12-18 08:50:41', '2023-12-18 08:50:41');
INSERT INTO `biz_business_device_measure_equipment` VALUES (1736549501570756609, 1736216094999425025, 1734042970639888386, '2023-12-18 08:50:41', '2023-12-18 08:50:41');
INSERT INTO `biz_business_device_measure_equipment` VALUES (1736589546650447874, 1736589546629476353, 1734126385158483969, '2023-12-18 11:29:49', '2023-12-18 11:29:49');
INSERT INTO `biz_business_device_measure_equipment` VALUES (1736733788152590338, 1736733788140007425, 1735125938754064385, '2023-12-18 21:02:59', '2023-12-18 21:02:59');
INSERT INTO `biz_business_device_measure_equipment` VALUES (1736733788160978945, 1736733788140007425, 1735103203193688066, '2023-12-18 21:02:59', '2023-12-18 21:02:59');
INSERT INTO `biz_business_device_measure_equipment` VALUES (1737006480076398594, 1737006480021872641, 1735125938754064385, '2023-12-19 15:06:34', '2023-12-19 15:06:34');
INSERT INTO `biz_business_device_measure_equipment` VALUES (1737006480080592897, 1737006480021872641, 1735103203193688066, '2023-12-19 15:06:34', '2023-12-19 15:06:34');
INSERT INTO `biz_business_device_measure_equipment` VALUES (1737010390295994369, 1737010390283411457, 1735125938754064385, '2023-12-19 15:22:06', '2023-12-19 15:22:06');
INSERT INTO `biz_business_device_measure_equipment` VALUES (1737010390300188674, 1737010390283411457, 1735103203193688066, '2023-12-19 15:22:06', '2023-12-19 15:22:06');
INSERT INTO `biz_business_device_measure_equipment` VALUES (1739832649008115714, 1735107603509317633, 1735103203193688066, '2023-12-27 10:16:46', '2023-12-27 10:16:46');

-- ----------------------------
-- Table structure for biz_business_device_measure_info
-- ----------------------------
CREATE TABLE `biz_business_device_measure_info`  (
  `id` bigint NOT NULL,
  `data_no` varchar(255) CHARACTER SET utf8mb3 COLLATE utf8mb3_general_ci NOT NULL COMMENT '数据编号',
  `measure_category` varchar(64) CHARACTER SET utf8mb3 COLLATE utf8mb3_general_ci NULL DEFAULT NULL COMMENT '检校类别(字典code)',
  `order_id` bigint NULL DEFAULT NULL COMMENT '任务单id',
  `sample_id` bigint NULL DEFAULT NULL COMMENT '受检设备id',
  `sample_name` varchar(255) CHARACTER SET utf8mb3 COLLATE utf8mb3_general_ci NULL DEFAULT NULL COMMENT '受检设备名字',
  `model` varchar(255) CHARACTER SET utf8mb3 COLLATE utf8mb3_general_ci NULL DEFAULT NULL COMMENT '受检设备型号',
  `manufacture_no` varchar(255) CHARACTER SET utf8mb3 COLLATE utf8mb3_general_ci NULL DEFAULT NULL COMMENT '受检设备出厂编号',
  `manufacturer` varchar(255) CHARACTER SET utf8mb3 COLLATE utf8mb3_general_ci NULL DEFAULT NULL COMMENT '受检设备生产厂家',
  `item_id` bigint NULL DEFAULT NULL COMMENT '设备检定项表id(一条检定数据对应一个检定项)',
  `trace_date` date NULL DEFAULT NULL COMMENT '测试、校准或检定日期',
  `measure_valid_date` timestamp(0) NULL DEFAULT NULL COMMENT '检定有效期',
  `measure_address` varchar(255) CHARACTER SET utf8mb3 COLLATE utf8mb3_general_ci NULL DEFAULT NULL COMMENT '测试、校准或检定地点(默认检定项分类带出,可编辑)',
  `temperature` double(4, 2) NULL DEFAULT NULL COMMENT '温度',
  `humidity` double(4, 2) NULL DEFAULT NULL COMMENT '湿度',
  `data_source` varchar(255) CHARACTER SET utf8mb3 COLLATE utf8mb3_general_ci NULL DEFAULT NULL COMMENT '数据来源(自动检定系统/计量业务系统)',
  `ipri` varchar(255) CHARACTER SET utf8mb3 COLLATE utf8mb3_general_ci NULL DEFAULT NULL COMMENT '电流转换系统Ipri(多功能电力参数测量仪)-多功能校准源',
  `ipri_unit` varchar(20) CHARACTER SET utf8mb3 COLLATE utf8mb3_general_ci NULL DEFAULT NULL COMMENT '电流转换系统Ipri单位(直接存字典value)-多功能校准源',
  `isec` varchar(255) CHARACTER SET utf8mb3 COLLATE utf8mb3_general_ci NULL DEFAULT NULL COMMENT '电流转换系统Isec(多功能电力参数测量仪)-多功能校准源',
  `isec_unit` varchar(20) CHARACTER SET utf8mb3 COLLATE utf8mb3_general_ci NULL DEFAULT NULL COMMENT '电流转换系统Isec单位(直接存字典value)-多功能校准源',
  `vpri` varchar(255) CHARACTER SET utf8mb3 COLLATE utf8mb3_general_ci NULL DEFAULT NULL COMMENT '电压转换系统Vpri(多功能电力参数测量仪)-多功能校准源',
  `vpri_unit` varchar(20) CHARACTER SET utf8mb3 COLLATE utf8mb3_general_ci NULL DEFAULT NULL COMMENT '电压转换系统Vpri单位(直接存字典value)-多功能校准源',
  `vsec` varchar(255) CHARACTER SET utf8mb3 COLLATE utf8mb3_general_ci NULL DEFAULT NULL COMMENT '电压转换系统Vsec(多功能电力参数测量仪)-多功能校准源',
  `vsec_unit` varchar(20) CHARACTER SET utf8mb3 COLLATE utf8mb3_general_ci NULL DEFAULT NULL COMMENT '电压转换系统Vsec单位(直接存字典value)-多功能校准源',
  `appearance_function_check` varchar(255) CHARACTER SET utf8mb3 COLLATE utf8mb3_general_ci NULL DEFAULT NULL COMMENT '外观及功能性检查-多功能校准源',
  `appearance` tinyint(1) NULL DEFAULT NULL COMMENT '外观(1合格/0不合格)-0.02活塞式压力计',
  `appearance_remark` varchar(255) CHARACTER SET utf8mb3 COLLATE utf8mb3_general_ci NULL DEFAULT NULL COMMENT '外观备注说明-0.02活塞式压力计',
  `pointer_deflection_stability` tinyint(1) NULL DEFAULT NULL COMMENT '指针偏转平稳性（1/0）-0.02活塞式压力计-精密压力表',
  `pointer_deflection_stability_remark` varchar(255) CHARACTER SET utf8mb3 COLLATE utf8mb3_general_ci NULL DEFAULT NULL COMMENT '指针偏转平稳性备注说明-0.02活塞式压力计-精密压力表',
  `tightness` tinyint(1) NULL DEFAULT NULL COMMENT '密封性（1/0）-0.02活塞式压力计',
  `tightness_remark` varchar(255) CHARACTER SET utf8mb3 COLLATE utf8mb3_general_ci NULL DEFAULT NULL COMMENT '密封性备注说明-0.02活塞式压力计',
  `insulation_resistance` tinyint(1) NULL DEFAULT NULL COMMENT '绝缘电阻（1/0）-0.02活塞式压力计',
  `insulation_resistance_remark` varchar(255) CHARACTER SET utf8mb3 COLLATE utf8mb3_general_ci NULL DEFAULT NULL COMMENT '绝缘电阻备注说明-0.02活塞式压力计',
  `zero_drift_result` varchar(255) CHARACTER SET utf8mb3 COLLATE utf8mb3_general_ci NULL DEFAULT NULL COMMENT '零位飘移结果（合格/不合格，直接存文字）-0.02活塞式压力计-数字压力表',
  `work_line_equation` varchar(255) CHARACTER SET utf8mb3 COLLATE utf8mb3_general_ci NULL DEFAULT NULL COMMENT '工作直线方程(直接存字典value)-压力传感器',
  `sealing_test` tinyint(1) NULL DEFAULT NULL COMMENT '密封试验(1/0)(安全阀)',
  `insulation_resistance_value` varchar(255) CHARACTER SET utf8mb3 COLLATE utf8mb3_general_ci NULL DEFAULT NULL COMMENT '绝缘电阻(二等铂)',
  `angle_adjust_error` tinyint(1) NULL DEFAULT NULL COMMENT '角度调整误差(二等铂)',
  `conclusion` varchar(255) CHARACTER SET utf8mb3 COLLATE utf8mb3_general_ci NULL DEFAULT NULL COMMENT '结论(合格/不合格/限用,用户手选)',
  `restriction_instruction` varchar(255) CHARACTER SET utf8mb3 COLLATE utf8mb3_general_ci NULL DEFAULT NULL COMMENT '限用说明',
  `outcome` varchar(255) CHARACTER SET utf8mb3 COLLATE utf8mb3_general_ci NULL DEFAULT NULL COMMENT '结果(合格/不合格)',
  `other_outcome` varchar(255) CHARACTER SET utf8mb3 COLLATE utf8mb3_general_ci NULL DEFAULT NULL COMMENT '结果(检定数据中有2个表格情况下的第2个表中的合格/不合格)',
  `remark` varchar(255) CHARACTER SET utf8mb3 COLLATE utf8mb3_general_ci NULL DEFAULT NULL COMMENT '备注',
  `other_remark` varchar(255) CHARACTER SET utf8mb3 COLLATE utf8mb3_general_ci NULL DEFAULT NULL COMMENT '备注(检定数据中有2个表格情况下的第2个表中的备注)',
  `create_user_id` bigint NULL DEFAULT NULL COMMENT '检定员id(系统用户id)',
  `measure_person_id` bigint NULL DEFAULT NULL COMMENT '检定员id(人员id)',
  `create_user_name` varchar(255) CHARACTER SET utf8mb3 COLLATE utf8mb3_general_ci NULL DEFAULT NULL COMMENT '创建用户名',
  `create_time` timestamp(0) NULL DEFAULT CURRENT_TIMESTAMP(0) COMMENT '创建时间',
  `update_time` timestamp(0) NULL DEFAULT CURRENT_TIMESTAMP(0) ON UPDATE CURRENT_TIMESTAMP(0) COMMENT '更新时间',
  PRIMARY KEY (`id`) USING BTREE
) ENGINE = InnoDB CHARACTER SET = utf8mb3 COLLATE = utf8mb3_general_ci COMMENT = '计量检定业务-受检设备检定管理-检定数据管理基础信息(自动检定输出或业务创建)' ROW_FORMAT = Dynamic;

-- ----------------------------
-- Records of biz_business_device_measure_info
-- ----------------------------
INSERT INTO `biz_business_device_measure_info` VALUES (1735106640086077441, 'jdsj202312140001', '3', 1734874418968068097, 1734865098008231937, '一般压力表', '40MPa', '001-40Mpa', '1', 1734856448086675458, '2023-12-14', '2024-06-13 00:00:00', '1', 20.00, 65.00, '计量业务系统', NULL, NULL, NULL, NULL, NULL, NULL, NULL, NULL, NULL, 1, NULL, NULL, NULL, NULL, NULL, 1, NULL, NULL, NULL, NULL, NULL, NULL, '所检项目合格', NULL, NULL, NULL, NULL, NULL, 1707300433681838081, 1734875216649162753, '唐毅', '2023-12-14 09:17:16', '2023-12-14 09:17:16');
INSERT INTO `biz_business_device_measure_info` VALUES (1735107603509317633, 'jdsj202312140002', '3', 1734874418968068097, 1734864820211089410, '一般压力表', '20MPa', '001-20MPa', '布莱迪', 1734856783261896705, '2023-12-14', '2024-06-13 00:00:00', '1', 20.50, 56.00, '计量业务系统', NULL, NULL, NULL, NULL, NULL, NULL, NULL, NULL, NULL, 1, NULL, 1, NULL, NULL, NULL, NULL, NULL, NULL, '1', NULL, NULL, NULL, '所检项目合格', NULL, '不合格', NULL, NULL, NULL, 1707300433681838081, 1734875216649162753, '唐毅', '2023-12-14 09:21:05', '2023-12-27 10:16:46');
INSERT INTO `biz_business_device_measure_info` VALUES (1735115907249770498, 'jdsj202312140003', '3', 1734874418968068097, 1734866522024771586, '压力传感器', 'test-5MPa', '001-5MPa', '1', 1734858018836746242, '2023-12-14', '2024-12-13 00:00:00', '1', 23.00, 34.00, '计量业务系统', NULL, NULL, NULL, NULL, NULL, NULL, NULL, NULL, NULL, 1, NULL, NULL, NULL, NULL, NULL, 1, NULL, NULL, NULL, NULL, NULL, NULL, '所检项目合格', NULL, NULL, NULL, NULL, NULL, 1707300433681838081, 1734875216649162753, '唐毅', '2023-12-14 09:54:05', '2023-12-14 09:54:05');
INSERT INTO `biz_business_device_measure_info` VALUES (1735119702293778433, 'jdsj202312140004', '3', 1734874418968068097, 1734868362518921217, '电接点一般压力表', '0.6MPa', 'D-0.6', '1', 1735116063584063490, '2023-12-14', '2024-06-13 00:00:00', '1', 21.00, 45.00, '计量业务系统', NULL, NULL, NULL, NULL, NULL, NULL, NULL, NULL, NULL, 1, NULL, 1, NULL, NULL, NULL, NULL, NULL, NULL, NULL, NULL, NULL, NULL, '所检项目合格', NULL, NULL, NULL, NULL, NULL, 1707300433681838081, 1734875216649162753, '唐毅', '2023-12-14 10:09:10', '2023-12-14 10:09:10');
INSERT INTO `biz_business_device_measure_info` VALUES (1735124021910999041, 'jdsj202312140005', '3', 1734874418968068097, 1734868580152967170, '电接点一般压力表', '1.6MPa', 'D-1.6', '1', 1734511787274964993, '2023-12-14', '2024-06-13 00:00:00', '1', 20.00, 25.00, '计量业务系统', NULL, NULL, NULL, NULL, NULL, NULL, NULL, NULL, NULL, 1, NULL, NULL, NULL, NULL, NULL, 1, NULL, NULL, NULL, NULL, NULL, NULL, '所检项目合格', NULL, NULL, NULL, NULL, NULL, 1707300433681838081, 1734875216649162753, '唐毅', '2023-12-14 10:26:20', '2023-12-14 10:26:20');
INSERT INTO `biz_business_device_measure_info` VALUES (1736216094999425025, 'jdsj202312170001', '2', 1734118129895800833, 1734115919929606146, '数字多用表', 'FLUKE 17B+', '465412', 'test', 1734128176830935042, '2023-12-17', '2025-12-16 00:00:00', '1', 20.50, 57.00, '计量业务系统', NULL, 'A', NULL, 'A', NULL, 'V', NULL, 'V', '外观完好，工作正常', NULL, NULL, NULL, NULL, NULL, NULL, NULL, NULL, NULL, NULL, NULL, NULL, NULL, '所检项目合格', NULL, NULL, NULL, NULL, NULL, 1712422975782285313, 1733034506572558337, '王呈倬', '2023-12-17 10:45:51', '2023-12-17 10:45:51');
INSERT INTO `biz_business_device_measure_info` VALUES (1736589546629476353, 'jdsj202312180001', '2', 1735579493113896962, 1734112793780617217, '数字多用表', '87V', '131546', 'TEST', 1735580065518956545, '2023-12-18', '2025-12-17 00:00:00', '1', 21.00, 45.00, '计量业务系统', NULL, 'A', NULL, 'A', NULL, 'V', NULL, 'V', '外观完好，工作正常', NULL, NULL, NULL, NULL, NULL, NULL, NULL, NULL, NULL, NULL, NULL, NULL, NULL, '所检项目合格', NULL, NULL, NULL, NULL, NULL, 1711282677995839490, 1733040101786677249, '宋政辉', '2023-12-18 11:29:49', '2023-12-18 11:29:49');
INSERT INTO `biz_business_device_measure_info` VALUES (1736733788140007425, 'jdsj202312180002', '3', 1736733066078044161, 1736723005444308993, '交流电压表', '6L2', '202334334', '中电科41所', 1734134059954663425, '2023-12-18', '2025-12-17 00:00:00', '1', 23.00, 35.00, '计量业务系统', NULL, 'A', NULL, 'A', NULL, 'V', NULL, 'V', '外观完好，工作正常', NULL, NULL, NULL, NULL, NULL, NULL, NULL, NULL, NULL, NULL, NULL, NULL, NULL, '所检项目合格', NULL, NULL, NULL, NULL, NULL, 1712422975782285313, 1733034506572558337, '王呈倬', '2023-12-18 21:02:59', '2023-12-18 21:02:59');
INSERT INTO `biz_business_device_measure_info` VALUES (1737006480021872641, 'jdsj202312190001', '3', 1737005302450028545, 1736742993387438082, '交流电压表', '6L2', '202334334', '中电科41所', 1734134059954663425, '2023-12-19', '2025-12-18 00:00:00', '1', 34.00, 23.00, '计量业务系统', NULL, 'A', NULL, 'A', NULL, 'V', NULL, 'V', '外观完好，工作正常', NULL, NULL, NULL, NULL, NULL, NULL, NULL, NULL, NULL, NULL, NULL, NULL, NULL, '所检项目合格', NULL, NULL, NULL, NULL, NULL, 1712422975782285313, 1733034506572558337, '王呈倬', '2023-12-19 15:06:34', '2023-12-19 15:06:34');
INSERT INTO `biz_business_device_measure_info` VALUES (1737010390283411457, 'jdsj202312190002', '3', 1737009882827149313, 1737007768197464066, '数字多用表', 'UT70C', '234434', '213123', 1733040646677098497, '2023-12-19', '2025-12-18 00:00:00', '1', 45.00, 23.00, '计量业务系统', NULL, 'A', NULL, 'A', NULL, 'V', NULL, 'V', NULL, NULL, NULL, NULL, NULL, NULL, NULL, NULL, NULL, NULL, NULL, NULL, NULL, NULL, '所检项目合格', NULL, NULL, NULL, NULL, NULL, 1712422975782285313, 1733034506572558337, '王呈倬', '2023-12-19 15:22:06', '2023-12-19 15:22:06');

-- ----------------------------
-- Table structure for biz_business_device_measure_item_category
-- ----------------------------
CREATE TABLE `biz_business_device_measure_item_category`  (
  `id` bigint NOT NULL,
  `category_no` varchar(255) CHARACTER SET utf8mb3 COLLATE utf8mb3_general_ci NULL DEFAULT NULL COMMENT '分类编号',
  `category_name` varchar(255) CHARACTER SET utf8mb3 COLLATE utf8mb3_general_ci NULL DEFAULT NULL COMMENT '分类名称',
  `device_type` varchar(20) CHARACTER SET utf8mb3 COLLATE utf8mb3_general_ci NULL DEFAULT NULL COMMENT '设备分类(eqptDeviceType字典code)',
  `belong_standard_equipment` varchar(20) CHARACTER SET utf8mb3 COLLATE utf8mb3_general_ci NULL DEFAULT NULL COMMENT '检校标准装置(字典code)',
  `measure_category` varchar(255) CHARACTER SET utf8mb3 COLLATE utf8mb3_general_ci NULL DEFAULT NULL COMMENT '检校类别(字典code)',
  `technology_file` varchar(1024) CHARACTER SET utf8mb3 COLLATE utf8mb3_general_ci NULL DEFAULT NULL COMMENT '依据技术文件(minio存储文件名，分号分割)',
  `lab_x` varchar(255) CHARACTER SET utf8mb3 COLLATE utf8mb3_general_ci NULL DEFAULT NULL COMMENT '选择西昌实验室时西昌实验室名字',
  `lab_h` varchar(255) CHARACTER SET utf8mb3 COLLATE utf8mb3_general_ci NULL DEFAULT NULL COMMENT '选择海口实验室时海口实验室名字',
  `wiring_diagram` varchar(255) CHARACTER SET utf8mb3 COLLATE utf8mb3_general_ci NULL DEFAULT NULL COMMENT '接线图(minio存储文件名)',
  `wiring_illustrate` varchar(1024) CHARACTER SET utf8mb3 COLLATE utf8mb3_general_ci NULL DEFAULT NULL COMMENT '接线说明',
  `create_time` timestamp(0) NULL DEFAULT CURRENT_TIMESTAMP(0) COMMENT '创建时间',
  `update_time` timestamp(0) NULL DEFAULT CURRENT_TIMESTAMP(0) ON UPDATE CURRENT_TIMESTAMP(0) COMMENT '更新时间',
  PRIMARY KEY (`id`) USING BTREE
) ENGINE = InnoDB CHARACTER SET = utf8mb3 COLLATE = utf8mb3_general_ci COMMENT = '计量检定业务-受检设备检定管理-检定项分类' ROW_FORMAT = Dynamic;

-- ----------------------------
-- Records of biz_business_device_measure_item_category
-- ----------------------------
INSERT INTO `biz_business_device_measure_item_category` VALUES (1729037460187652098, 'jdxfl202311270001', '电子式绝缘电阻表(数字式)', '1', '3', '2', 'temp多功能校准源核查模板_1698755096178_1698808783732_1701069627317.pdf', '电力实验室', '压力检测实验室', NULL, NULL, '2023-11-27 15:20:29', '2023-11-27 15:20:29');
INSERT INTO `biz_business_device_measure_item_category` VALUES (1733040594852278274, 'jdxfl202312080001', '数字多用表(手持)', '1', '1', '2', '多功能校准源校准规范_1702024020163.pdf', '电力实验室', '电学实验室', NULL, NULL, '2023-12-08 16:27:31', '2023-12-08 16:27:31');
INSERT INTO `biz_business_device_measure_item_category` VALUES (1733042914533076993, 'jdxfl202312080001', '交流电压表', '1', '1', '3', 'JJG 124-2005 电流表、电压表、功率表及电阻表检定规程_1702026953669.pdf', '电力实验室', '电学实验室', NULL, NULL, '2023-12-08 16:36:44', '2023-12-08 16:36:44');
INSERT INTO `biz_business_device_measure_item_category` VALUES (1733044485270564865, 'jdxfl202312080001', '交流电流表', '1', '1', '3', 'JJG 124-2005 电流表、电压表、功率表及电阻表检定规程_1702026189950.pdf', '电力实验室', '电学实验室', NULL, NULL, '2023-12-08 16:42:59', '2023-12-08 16:42:59');
INSERT INTO `biz_business_device_measure_item_category` VALUES (1733056349626986497, 'jdxfl202312080001', '直流电压表', '1', '1', '3', 'JJG 124-2005 电流表、电压表、功率表及电阻表检定规程_1702027802872.pdf', '电力实验室', '电学实验室', NULL, NULL, '2023-12-08 17:30:08', '2023-12-08 17:30:08');
INSERT INTO `biz_business_device_measure_item_category` VALUES (1733056555605061634, 'jdxfl202312080001', '直流电流表', '1', '1', '3', 'JJG 124-2005 电流表、电压表、功率表及电阻表检定规程_1702027854728.pdf', '电力实验室', '电学实验室', NULL, NULL, '2023-12-08 17:30:57', '2023-12-08 17:30:57');
INSERT INTO `biz_business_device_measure_item_category` VALUES (1733057039254450178, 'jdxfl202312080001', '75mv电流表', '1', '1', '3', 'JJG 124-2005 电流表、电压表、功率表及电阻表检定规程_1702027968985.pdf', '电力实验室', '电学实验室', NULL, NULL, '2023-12-08 17:32:52', '2023-12-08 17:32:52');
INSERT INTO `biz_business_device_measure_item_category` VALUES (1733057271149129729, 'jdxfl202312080001', '钳形电流表', '1', '1', '2', 'JJF 1075-2001 钳形电流表校准规范_1702028024058.pdf', '电力实验室', '电学实验室', NULL, NULL, '2023-12-08 17:33:47', '2023-12-08 17:33:47');
INSERT INTO `biz_business_device_measure_item_category` VALUES (1733058105983397890, 'jdxfl202312080001', '多功能电力参数测量仪', '1', '1', '2', 'JJF 1075-2001 钳形电流表校准规范_1702028218997.pdf', '电力实验室', '电学实验室', NULL, NULL, '2023-12-08 17:37:06', '2023-12-08 17:37:06');
INSERT INTO `biz_business_device_measure_item_category` VALUES (1733058280906846209, 'jdxfl202312080001', '数字多用表（台式）', '1', '1', '2', 'JJF 1075-2001 钳形电流表校准规范_1702028265628.pdf', '电力实验室', '电学实验室', NULL, NULL, '2023-12-08 17:37:48', '2023-12-08 17:37:48');
INSERT INTO `biz_business_device_measure_item_category` VALUES (1733058609375375362, 'jdxfl202312080001', '指针式万用表', '1', '1', '3', 'JJG 124-2005 电流表、电压表、功率表及电阻表检定规程_1702028344968.pdf', '电力实验室', '电学实验室', NULL, NULL, '2023-12-08 17:39:06', '2023-12-08 17:39:06');
INSERT INTO `biz_business_device_measure_item_category` VALUES (1734023479440764930, 'jdxfl202312110001', '一般压力表', '2', '4', '3', '多功能校准源校准规范_1702258387254.pdf', '机关', '压力检测实验室', NULL, NULL, '2023-12-11 09:33:10', '2023-12-11 09:33:10');
INSERT INTO `biz_business_device_measure_item_category` VALUES (1734496887278440449, 'jdxfl202312120002', '数字多用表(台式)', '1', '1', '2', 'JJG(航天)34-1999 交流数字电压表检定规程_1702371256265.pdf', '电力实验室', '电学实验室', NULL, NULL, '2023-12-12 16:54:19', '2023-12-12 16:54:19');
INSERT INTO `biz_business_device_measure_item_category` VALUES (1734508028134199298, 'jdxfl202312120002', '电接点一般压力表', '2', '4', '3', '上传文档_1702373912824.docx', '电力实验室', '电学实验室', NULL, NULL, '2023-12-12 17:38:35', '2023-12-12 17:38:35');
INSERT INTO `biz_business_device_measure_item_category` VALUES (1734508149324419073, 'jdxfl202312120002', '精密压力表', '2', '4', '3', '上传文档_1702373941850.docx', '电力实验室', '电学实验室', NULL, NULL, '2023-12-12 17:39:04', '2023-12-12 17:39:04');
INSERT INTO `biz_business_device_measure_item_category` VALUES (1734508288751472642, 'jdxfl202312120002', '压力传感器', '2', '4', '3', '上传文档_1702373975341.docx', '电力实验室', '电学实验室', NULL, NULL, '2023-12-12 17:39:37', '2023-12-12 17:39:37');
INSERT INTO `biz_business_device_measure_item_category` VALUES (1734508378228559873, 'jdxfl202312120002', '压力变送器', '2', '4', '3', '上传文档_1702373996639.docx', '电力实验室', '电学实验室', NULL, NULL, '2023-12-12 17:39:59', '2023-12-12 17:39:59');
INSERT INTO `biz_business_device_measure_item_category` VALUES (1734508480577966081, 'jdxfl202312120002', '数字压力计', '2', '4', '3', '上传文档_1702374021016.docx', '电力实验室', '电学实验室', NULL, NULL, '2023-12-12 17:40:23', '2023-12-12 17:40:23');
INSERT INTO `biz_business_device_measure_item_category` VALUES (1744550250913296385, 'jdxfl202401090001', '安全阀校验', '2', '6', '4', '测试文件_1704768165030.docx', NULL, '压力检测实验室', NULL, NULL, '2024-01-09 10:42:52', '2024-01-09 10:42:52');

-- ----------------------------
-- Table structure for biz_business_device_measure_item_config_calibrator
-- ----------------------------
CREATE TABLE `biz_business_device_measure_item_config_calibrator`  (
  `id` bigint NOT NULL,
  `item_id` bigint NOT NULL COMMENT '检定项id',
  `full_scale_value` varchar(255) CHARACTER SET utf8mb3 COLLATE utf8mb3_general_ci NULL DEFAULT NULL COMMENT '表满量程值',
  `full_scale_value_unit` varchar(255) CHARACTER SET utf8mb3 COLLATE utf8mb3_general_ci NULL DEFAULT NULL COMMENT '表满量程值单位',
  `standard_value_upper` varchar(255) CHARACTER SET utf8mb3 COLLATE utf8mb3_general_ci NULL DEFAULT NULL COMMENT '标准值上限',
  `standard_value_upper_unit` varchar(255) CHARACTER SET utf8mb3 COLLATE utf8mb3_general_ci NULL DEFAULT NULL COMMENT '标准值上限单位',
  `points` int NULL DEFAULT NULL COMMENT '检定点个数',
  `frequency` varchar(255) CHARACTER SET utf8mb3 COLLATE utf8mb3_general_ci NULL DEFAULT NULL COMMENT '频率',
  `frequency_unit` varchar(255) CHARACTER SET utf8mb3 COLLATE utf8mb3_general_ci NULL DEFAULT NULL COMMENT '频率单位',
  `accuracy_level` varchar(255) CHARACTER SET utf8mb3 COLLATE utf8mb3_general_ci NULL DEFAULT NULL COMMENT '准确度等级',
  `resolution` decimal(11, 6) NULL DEFAULT NULL COMMENT '分辨力',
  `create_time` timestamp(0) NULL DEFAULT CURRENT_TIMESTAMP(0) COMMENT '创建时间',
  `update_time` timestamp(0) NULL DEFAULT CURRENT_TIMESTAMP(0) ON UPDATE CURRENT_TIMESTAMP(0) COMMENT '更新时间',
  PRIMARY KEY (`id`) USING BTREE
) ENGINE = InnoDB CHARACTER SET = utf8mb3 COLLATE = utf8mb3_general_ci COMMENT = '计量检定业务-受检设备检定管理-多功能校准源检定项生成数据配置' ROW_FORMAT = DYNAMIC;

-- ----------------------------
-- Records of biz_business_device_measure_item_config_calibrator
-- ----------------------------
INSERT INTO `biz_business_device_measure_item_config_calibrator` VALUES (1734419556937535490, 1734419162282889218, '100', 'V', '100', 'V', 5, '0', 'Hz', '1.5', NULL, '2023-12-12 11:47:02', '2023-12-12 11:47:02');
INSERT INTO `biz_business_device_measure_item_config_calibrator` VALUES (1734419575841263617, 1734419162282889218, '100', 'V', '100', 'V', 5, '0', 'Hz', '1.5', NULL, '2023-12-12 11:47:07', '2023-12-12 11:47:07');

-- ----------------------------
-- Table structure for biz_business_device_measure_item_config_piston_gauge
-- ----------------------------
CREATE TABLE `biz_business_device_measure_item_config_piston_gauge`  (
  `id` bigint NOT NULL,
  `item_id` bigint NOT NULL COMMENT '检定项id',
  `appearance` tinyint(1) NULL DEFAULT NULL COMMENT '外观',
  `tightness` tinyint(1) NULL DEFAULT NULL COMMENT '密封性',
  `insulation_resistance` tinyint(1) NULL DEFAULT NULL COMMENT '绝缘电阻',
  `pointer_deflection_stability` tinyint(1) NULL DEFAULT NULL COMMENT '指针偏转平稳性',
  `zero_drift` tinyint(1) NULL DEFAULT NULL COMMENT '零位飘移',
  `indication_error` tinyint(1) NULL DEFAULT NULL COMMENT '示值误差、回程误差、轻敲位移',
  `range_lower` varchar(255) CHARACTER SET utf8mb3 COLLATE utf8mb3_general_ci NULL DEFAULT NULL COMMENT '量程下限',
  `range_upper` varchar(255) CHARACTER SET utf8mb3 COLLATE utf8mb3_general_ci NULL DEFAULT NULL COMMENT '量程上限',
  `range_unit` varchar(255) CHARACTER SET utf8mb3 COLLATE utf8mb3_general_ci NULL DEFAULT NULL COMMENT '量程单位(字典value)',
  `points` int NULL DEFAULT NULL COMMENT '检定点个数',
  `generate_way` varchar(255) CHARACTER SET utf8mb3 COLLATE utf8mb3_general_ci NULL DEFAULT NULL COMMENT '生成方式(字典value)',
  `measure_medium` varchar(255) CHARACTER SET utf8mb3 COLLATE utf8mb3_general_ci NULL DEFAULT NULL COMMENT '检定介质(字典value)',
  `division` decimal(11, 6) NULL DEFAULT NULL COMMENT '分度值的五分之一',
  `accuracy_level_lower` decimal(2, 1) NULL DEFAULT NULL COMMENT '准确度等级(量程上限90%以下)',
  `accuracy_level_upper` decimal(2, 1) NULL DEFAULT NULL COMMENT '准确度等级(量程上限90%以上)',
  `zero_position` tinyint(1) NULL DEFAULT NULL COMMENT '零位是否带止销',
  `zero_position_stop` decimal(2, 1) NULL DEFAULT NULL COMMENT '零位（带止销）',
  `accuracy_level` decimal(3, 2) NULL DEFAULT NULL COMMENT '准确度等级',
  `cycle_number` int NULL DEFAULT NULL COMMENT '循环次数',
  `supply_voltage` varchar(255) CHARACTER SET utf8mb3 COLLATE utf8mb3_general_ci NULL DEFAULT NULL COMMENT '供电电压',
  `last_cycle_sensitivity` varchar(255) CHARACTER SET utf8mb3 COLLATE utf8mb3_general_ci NULL DEFAULT NULL COMMENT '上一周期灵敏度b0(从检定数据中查)',
  `deviation_and_switching` tinyint(1) NULL DEFAULT NULL COMMENT '设定点偏差及切换差',
  `display_value_one` varchar(255) CHARACTER SET utf8mb3 COLLATE utf8mb3_general_ci NULL DEFAULT NULL COMMENT '设定标准器示值1',
  `display_value_two` varchar(255) CHARACTER SET utf8mb3 COLLATE utf8mb3_general_ci NULL DEFAULT NULL COMMENT '设定标准器示值2',
  `display_value_three` varchar(255) CHARACTER SET utf8mb3 COLLATE utf8mb3_general_ci NULL DEFAULT '' COMMENT '设定标准器示值3',
  `create_time` timestamp(0) NULL DEFAULT CURRENT_TIMESTAMP(0) COMMENT '创建时间',
  `update_time` timestamp(0) NULL DEFAULT CURRENT_TIMESTAMP(0) ON UPDATE CURRENT_TIMESTAMP(0) COMMENT '更新时间',
  PRIMARY KEY (`id`) USING BTREE
) ENGINE = InnoDB CHARACTER SET = utf8mb3 COLLATE = utf8mb3_general_ci COMMENT = '计量检定业务-受检设备检定管理-0.02活塞式压力计检定项生成数据配置' ROW_FORMAT = Dynamic;

-- ----------------------------
-- Records of biz_business_device_measure_item_config_piston_gauge
-- ----------------------------
INSERT INTO `biz_business_device_measure_item_config_piston_gauge` VALUES (1734524424872300545, 1734509677942706178, 1, NULL, 1, NULL, 1, 1, '1', '10', 'MPa', 10, '1', '1', NULL, NULL, NULL, NULL, NULL, 0.10, 2, '0', NULL, NULL, NULL, NULL, '', '2023-12-12 18:43:45', '2023-12-12 18:43:45');
INSERT INTO `biz_business_device_measure_item_config_piston_gauge` VALUES (1734834270880436225, 1734784320746328065, 1, NULL, 1, NULL, 1, 1, '0', '60', 'MPa', 6, '1', '1', 1.000000, 1.6, 2.5, 0, NULL, NULL, 0, NULL, NULL, NULL, NULL, NULL, '', '2023-12-13 15:14:58', '2023-12-13 15:14:58');
INSERT INTO `biz_business_device_measure_item_config_piston_gauge` VALUES (1734852670461612033, 1734508638086664194, 1, NULL, 1, NULL, 1, 1, '0', '10', 'MPa', 6, '1', '1', NULL, NULL, NULL, NULL, NULL, 0.20, 3, '24V', NULL, NULL, NULL, NULL, '', '2023-12-13 16:28:05', '2023-12-13 16:28:05');
INSERT INTO `biz_business_device_measure_item_config_piston_gauge` VALUES (1734856579498414081, 1734856448086675458, 1, NULL, 1, NULL, 1, 1, '0', '40', 'MPa', 5, '1', '1', 0.040000, 1.0, 1.6, 1, NULL, NULL, 0, NULL, NULL, NULL, NULL, NULL, '', '2023-12-13 16:43:37', '2023-12-13 16:43:37');
INSERT INTO `biz_business_device_measure_item_config_piston_gauge` VALUES (1734857410826244097, 1734856783261896705, 1, NULL, 0, 1, 0, 1, '0', '20', 'MPa', 5, '1', '1', 0.020000, 1.6, 2.5, 1, NULL, NULL, 0, '0', NULL, NULL, NULL, NULL, '', '2023-12-13 16:46:55', '2023-12-13 16:46:55');
INSERT INTO `biz_business_device_measure_item_config_piston_gauge` VALUES (1734857787478937601, 1734857508368977922, 1, NULL, 1, NULL, 1, 1, '0', '60', 'MPa', 4, '1', '1', 0.200000, 1.0, 1.6, 1, NULL, NULL, 0, NULL, NULL, NULL, NULL, NULL, '', '2023-12-13 16:48:25', '2023-12-13 16:48:25');
INSERT INTO `biz_business_device_measure_item_config_piston_gauge` VALUES (1734858550544470018, 1734858018836746242, 1, NULL, 1, NULL, 1, 1, '0', '5', 'MPa', 6, '1', '1', NULL, NULL, NULL, NULL, NULL, 0.20, 3, '24', NULL, NULL, NULL, NULL, '', '2023-12-13 16:51:27', '2023-12-13 16:51:27');
INSERT INTO `biz_business_device_measure_item_config_piston_gauge` VALUES (1734858743876718593, 1734858647093153794, 1, NULL, 1, NULL, 1, 1, '0', '20', 'MPa', 6, '1', '1', NULL, NULL, NULL, NULL, NULL, 0.20, 3, '24', NULL, NULL, NULL, NULL, '', '2023-12-13 16:52:13', '2023-12-13 16:52:13');
INSERT INTO `biz_business_device_measure_item_config_piston_gauge` VALUES (1734859053730926594, 1734858850735001602, 1, NULL, 0, 1, 0, 1, '0', '10', 'MPa', 11, '1', '1', 0.010000, NULL, NULL, 0, NULL, 0.40, 0, '0', NULL, NULL, NULL, NULL, '', '2023-12-13 16:53:27', '2023-12-13 16:53:27');
INSERT INTO `biz_business_device_measure_item_config_piston_gauge` VALUES (1734860063467671553, 1734859153899294721, 1, NULL, 1, NULL, 1, 1, '0', '25', 'MPa', 11, '1', '1', 0.040000, NULL, NULL, 0, NULL, 0.40, 0, NULL, NULL, NULL, NULL, NULL, '', '2023-12-13 16:57:27', '2023-12-13 16:57:27');
INSERT INTO `biz_business_device_measure_item_config_piston_gauge` VALUES (1734860517018734594, 1734860146309369858, 1, NULL, 0, 1, 1, 1, '-0.1', '1.5', 'MPa', 9, '1', '1', 0.020000, NULL, NULL, 0, NULL, 0.40, 0, NULL, NULL, NULL, NULL, NULL, '', '2023-12-13 16:59:15', '2023-12-13 16:59:15');
INSERT INTO `biz_business_device_measure_item_config_piston_gauge` VALUES (1734860780475551745, 1734860664373022722, 1, NULL, 1, NULL, 1, 1, '0', '15', 'MPa', 16, '1', '1', 0.040000, NULL, NULL, 0, NULL, 0.40, 0, NULL, NULL, NULL, NULL, NULL, '', '2023-12-13 17:00:18', '2023-12-13 17:00:18');
INSERT INTO `biz_business_device_measure_item_config_piston_gauge` VALUES (1734860979214258177, 1734860858506383361, 1, NULL, 1, NULL, 1, 1, '0', '1.6', 'MPa', 9, '1', '1', 0.002000, NULL, NULL, 0, NULL, 0.40, 0, NULL, NULL, NULL, NULL, NULL, '', '2023-12-13 17:01:06', '2023-12-13 17:01:06');
INSERT INTO `biz_business_device_measure_item_config_piston_gauge` VALUES (1734861245430927362, 1734861074492067842, 1, NULL, 1, NULL, 1, 1, '0', '20', 'MPa', 11, '1', '1', 0.002000, NULL, NULL, 0, NULL, 0.40, 0, NULL, NULL, NULL, NULL, NULL, '', '2023-12-13 17:02:09', '2023-12-13 17:02:09');
INSERT INTO `biz_business_device_measure_item_config_piston_gauge` VALUES (1735116259655192578, 1735116063584063490, 1, NULL, 0, 1, 1, 1, '0', '0.6', 'MPa', 4, '1', '1', 0.040000, 1.6, 2.5, 1, NULL, NULL, 0, NULL, NULL, NULL, '0.2', '0.4', '', '2023-12-14 09:55:29', '2023-12-14 09:55:29');
INSERT INTO `biz_business_device_measure_item_config_piston_gauge` VALUES (1735116618691809282, 1735116473006854145, 1, NULL, 1, NULL, 1, 1, '0', '20', 'MPa', 5, '1', '1', NULL, NULL, NULL, NULL, NULL, 0.20, 2, NULL, NULL, NULL, NULL, NULL, '', '2023-12-14 09:56:55', '2023-12-14 09:56:55');
INSERT INTO `biz_business_device_measure_item_config_piston_gauge` VALUES (1735116960074600449, 1735116660613877762, 1, NULL, 1, NULL, 1, 1, '0', '15', 'MPa', 6, '1', '1', NULL, NULL, NULL, NULL, NULL, 0.20, 3, NULL, NULL, NULL, NULL, NULL, '', '2023-12-14 09:58:16', '2023-12-14 09:58:16');
INSERT INTO `biz_business_device_measure_item_config_piston_gauge` VALUES (1735117132376608770, 1735117010926342146, 1, NULL, 1, NULL, 1, 1, '0', '45', 'MPa', 10, '1', '1', NULL, NULL, NULL, NULL, NULL, 0.20, 3, NULL, NULL, NULL, NULL, NULL, '', '2023-12-14 09:58:57', '2023-12-14 09:58:57');
INSERT INTO `biz_business_device_measure_item_config_piston_gauge` VALUES (1735117419627712513, 1735117239163588610, 1, NULL, 1, NULL, 1, 1, '0', '2.5', 'MPa', 6, '1', '1', 0.200000, 1.6, 2.5, 1, NULL, NULL, 0, NULL, NULL, NULL, '0.5', '1.0', '', '2023-12-14 10:00:06', '2023-12-14 10:00:06');
INSERT INTO `biz_business_device_measure_item_config_piston_gauge` VALUES (1735117862995005442, 1735117572728197122, 1, NULL, 1, NULL, 1, 1, '0', '30', 'MPa', 7, '1', '1', NULL, NULL, NULL, NULL, NULL, 0.10, 2, NULL, NULL, NULL, NULL, NULL, '', '2023-12-14 10:01:52', '2023-12-14 10:01:52');
INSERT INTO `biz_business_device_measure_item_config_piston_gauge` VALUES (1735122996433031170, 1734511787274964993, 1, NULL, 1, NULL, 0, 1, '0', '1.6', 'MPa', 5, '1', '1', 0.400000, 1.6, 2.5, 1, NULL, NULL, 0, '0', NULL, NULL, '0.4', '1.2', '', '2023-12-14 10:22:15', '2023-12-14 10:22:15');
INSERT INTO `biz_business_device_measure_item_config_piston_gauge` VALUES (1735128532897533953, 1734509767889555458, 1, NULL, 1, NULL, 1, 1, '0', '10', 'MPa', 6, '1', '1', NULL, NULL, NULL, NULL, NULL, 0.40, 3, NULL, NULL, NULL, NULL, NULL, '', '2023-12-14 10:44:15', '2023-12-14 10:44:15');
INSERT INTO `biz_business_device_measure_item_config_piston_gauge` VALUES (1740203589911015425, 1740203111416426497, 1, NULL, 1, NULL, 1, 1, '1', '1', 'MPa', 3, '1', '5', 1.000000, 1.0, 1.6, 0, NULL, NULL, 0, '0undefined', NULL, NULL, NULL, NULL, '', '2023-12-28 10:50:45', '2023-12-28 10:50:45');
INSERT INTO `biz_business_device_measure_item_config_piston_gauge` VALUES (1744548909415493634, 1744548624257347586, 1, NULL, 0, 1, 1, 1, '0', '40', 'MPa', 11, '1', '1', 0.002000, NULL, NULL, 0, NULL, 0.40, 0, '0undefined', NULL, NULL, NULL, NULL, '', '2024-01-09 10:37:32', '2024-01-09 10:37:32');
INSERT INTO `biz_business_device_measure_item_config_piston_gauge` VALUES (1744549432222904321, 1744549078085234690, 1, NULL, 1, NULL, 1, 1, '0', '1.6', 'MPa', 6, '1', '1', NULL, NULL, NULL, NULL, NULL, 0.20, 3, '24V', NULL, NULL, NULL, NULL, '', '2024-01-09 10:39:37', '2024-01-09 10:39:37');
INSERT INTO `biz_business_device_measure_item_config_piston_gauge` VALUES (1744549701400752129, 1744549549520809986, 1, NULL, 1, NULL, 1, 1, '0', '25', 'MPa', 5, '1', '1', NULL, NULL, NULL, NULL, NULL, 0.20, 3, '0undefined', NULL, NULL, NULL, NULL, '', '2024-01-09 10:40:41', '2024-01-09 10:40:41');
INSERT INTO `biz_business_device_measure_item_config_piston_gauge` VALUES (1744551267893604354, 1744550888581722113, 1, NULL, 0, 1, 0, 1, '0', '0.16', 'MPa', 5, '1', '1', 0.040000, 2.5, 4.0, 1, NULL, NULL, 0, '0undefined', NULL, NULL, '0.04', '0.12', '', '2024-01-09 10:46:54', '2024-01-09 10:46:54');

-- ----------------------------
-- Table structure for biz_business_device_measure_item_data_calibrator
-- ----------------------------
CREATE TABLE `biz_business_device_measure_item_data_calibrator`  (
  `id` bigint NOT NULL,
  `item_id` bigint NOT NULL COMMENT '检定项id',
  `params` varchar(255) CHARACTER SET utf8mb3 COLLATE utf8mb3_general_ci NULL DEFAULT NULL COMMENT '参数',
  `capacity` varchar(255) CHARACTER SET utf8mb3 COLLATE utf8mb3_general_ci NULL DEFAULT NULL COMMENT '量',
  `unit` varchar(255) CHARACTER SET utf8mb3 COLLATE utf8mb3_general_ci NULL DEFAULT NULL COMMENT '单位',
  `frequency` varchar(255) CHARACTER SET utf8mb3 COLLATE utf8mb3_general_ci NULL DEFAULT NULL COMMENT '频率',
  `frequency_unit` varchar(255) CHARACTER SET utf8mb3 COLLATE utf8mb3_general_ci NULL DEFAULT NULL COMMENT '频率单位',
  `range_range` varchar(255) CHARACTER SET utf8mb3 COLLATE utf8mb3_general_ci NULL DEFAULT NULL COMMENT '量程',
  `standard_value` varchar(255) CHARACTER SET utf8mb3 COLLATE utf8mb3_general_ci NULL DEFAULT NULL COMMENT '标准值',
  `resolution` decimal(11, 6) NULL DEFAULT NULL COMMENT '分辨力',
  `maximum_error` varchar(255) CHARACTER SET utf8mb3 COLLATE utf8mb3_general_ci NULL DEFAULT NULL COMMENT '最大允许误差(公式)',
  `error_param_a` varchar(255) CHARACTER SET utf8mb3 COLLATE utf8mb3_general_ci NULL DEFAULT NULL COMMENT '误差参数a',
  `error_param_b` varchar(255) CHARACTER SET utf8mb3 COLLATE utf8mb3_general_ci NULL DEFAULT NULL COMMENT '误差参数b',
  `line_mode` varchar(255) CHARACTER SET utf8mb3 COLLATE utf8mb3_general_ci NULL DEFAULT NULL COMMENT '两线/四线模式',
  `coil_enlarge` varchar(255) CHARACTER SET utf8mb3 COLLATE utf8mb3_general_ci NULL DEFAULT NULL COMMENT '线圈放大',
  `indicating_value` varchar(255) CHARACTER SET utf8mb3 COLLATE utf8mb3_general_ci NULL DEFAULT NULL COMMENT '示值',
  `accuracy_a` varchar(255) CHARACTER SET utf8mb3 COLLATE utf8mb3_general_ci NULL DEFAULT NULL COMMENT '准确度a',
  `full_scale_value` varchar(255) CHARACTER SET utf8mb3 COLLATE utf8mb3_general_ci NULL DEFAULT NULL COMMENT '指针式仪表满量程值',
  `full_scale_value_unit` varchar(255) CHARACTER SET utf8mb3 COLLATE utf8mb3_general_ci NULL DEFAULT NULL COMMENT '指针式仪表满量程值单位',
  `measure_indication_value` varchar(255) CHARACTER SET utf8mb3 COLLATE utf8mb3_general_ci NULL DEFAULT NULL COMMENT '被检表示值',
  `accuracy_level` varchar(255) CHARACTER SET utf8mb3 COLLATE utf8mb3_general_ci NULL DEFAULT NULL COMMENT '准确度等级',
  `create_time` timestamp(0) NULL DEFAULT CURRENT_TIMESTAMP(0) COMMENT '创建时间',
  `update_time` timestamp(0) NULL DEFAULT CURRENT_TIMESTAMP(0) ON UPDATE CURRENT_TIMESTAMP(0) COMMENT '更新时间',
  PRIMARY KEY (`id`) USING BTREE
) ENGINE = InnoDB CHARACTER SET = utf8mb3 COLLATE = utf8mb3_general_ci COMMENT = '计量检定业务-受检设备检定管理-检定项多功能校准源数据(包含字典的字段都存为字典value)' ROW_FORMAT = DYNAMIC;

-- ----------------------------
-- Records of biz_business_device_measure_item_data_calibrator
-- ----------------------------
INSERT INTO `biz_business_device_measure_item_data_calibrator` VALUES (1733049147222683650, 1733040646677098497, 'DCV', 'U', 'mV', '/', '/', '80', '70', 0.010000, '=a*示值 + b*分辨力', '0.005', '3', NULL, NULL, NULL, NULL, NULL, NULL, NULL, NULL, '2023-12-08 17:01:30', '2023-12-08 17:01:30');
INSERT INTO `biz_business_device_measure_item_data_calibrator` VALUES (1733049147226877953, 1733040646677098497, 'DCV', 'U', 'mV', '/', '/', '80', '-70', 0.010000, '=a*示值 + b*分辨力', '0.005', '3', NULL, NULL, NULL, NULL, NULL, NULL, NULL, NULL, '2023-12-08 17:01:30', '2023-12-08 17:01:30');
INSERT INTO `biz_business_device_measure_item_data_calibrator` VALUES (1733049147235266562, 1733040646677098497, 'DCV', 'U', 'mV', '/', '/', '800', '700', 0.100000, '=a*示值 + b*分辨力', '0.005', '3', NULL, NULL, NULL, NULL, NULL, NULL, NULL, NULL, '2023-12-08 17:01:30', '2023-12-08 17:01:30');
INSERT INTO `biz_business_device_measure_item_data_calibrator` VALUES (1733049147239460865, 1733040646677098497, 'DCV', 'U', 'mV', '/', '/', '800', '700', 0.100000, '=a*示值 + b*分辨力', '0.005', '3', NULL, NULL, NULL, NULL, NULL, NULL, NULL, NULL, '2023-12-08 17:01:30', '2023-12-08 17:01:30');
INSERT INTO `biz_business_device_measure_item_data_calibrator` VALUES (1733049147243655169, 1733040646677098497, 'DCV', 'U', 'V', '/', '/', '8', '7', 0.001000, '=a*示值 + b*分辨力', '0.005', '1', NULL, NULL, NULL, NULL, NULL, NULL, NULL, NULL, '2023-12-08 17:01:30', '2023-12-08 17:01:30');
INSERT INTO `biz_business_device_measure_item_data_calibrator` VALUES (1733049147243655170, 1733040646677098497, 'DCV', 'U', 'V', '/', '/', '8', '-7', 0.001000, '=a*示值 + b*分辨力', '0.005', '1', NULL, NULL, NULL, NULL, NULL, NULL, NULL, NULL, '2023-12-08 17:01:30', '2023-12-08 17:01:30');
INSERT INTO `biz_business_device_measure_item_data_calibrator` VALUES (1733049147247849474, 1733040646677098497, 'DCV', 'U', 'V', '/', '/', '80', '70', 0.010000, '=a*示值 + b*分辨力', '0.005', '1', NULL, NULL, NULL, NULL, NULL, NULL, NULL, NULL, '2023-12-08 17:01:30', '2023-12-08 17:01:30');
INSERT INTO `biz_business_device_measure_item_data_calibrator` VALUES (1733049147247849475, 1733040646677098497, 'DCV', 'U', 'V', '/', '/', '80', '-70', 0.010000, '=a*示值 + b*分辨力', '0.005', '1', NULL, NULL, NULL, NULL, NULL, NULL, NULL, NULL, '2023-12-08 17:01:30', '2023-12-08 17:01:30');
INSERT INTO `biz_business_device_measure_item_data_calibrator` VALUES (1733049147247849476, 1733040646677098497, 'DCV', 'U', 'V', '/', '/', '800', '700', 0.100000, '=a*示值 + b*分辨力', '0.005', '1', NULL, NULL, NULL, NULL, NULL, NULL, NULL, NULL, '2023-12-08 17:01:30', '2023-12-08 17:01:30');
INSERT INTO `biz_business_device_measure_item_data_calibrator` VALUES (1733049147247849477, 1733040646677098497, 'DCV', 'U', 'V', '/', '/', '800', '-700', 0.100000, '=a*示值 + b*分辨力', '0.005', '1', NULL, NULL, NULL, NULL, NULL, NULL, NULL, NULL, '2023-12-08 17:01:30', '2023-12-08 17:01:30');
INSERT INTO `biz_business_device_measure_item_data_calibrator` VALUES (1733049147252043777, 1733040646677098497, 'DCV', 'U', 'V', '/', '/', '8000', '950', 1.000000, '=a*示值 + b*分辨力', '0.005', '1', NULL, NULL, NULL, NULL, NULL, NULL, NULL, NULL, '2023-12-08 17:01:30', '2023-12-08 17:01:30');
INSERT INTO `biz_business_device_measure_item_data_calibrator` VALUES (1733049147252043778, 1733040646677098497, 'DCV', 'U', 'V', '/', '/', '8000', '-950', 1.000000, '=a*示值 + b*分辨力', '0.005', '1', NULL, NULL, NULL, NULL, NULL, NULL, NULL, NULL, '2023-12-08 17:01:30', '2023-12-08 17:01:30');
INSERT INTO `biz_business_device_measure_item_data_calibrator` VALUES (1733049147256238081, 1733040646677098497, 'ACV', 'U', 'mV', '50', 'Hz', '800', '700', 0.100000, '=a*示值 + b*分辨力', '0.01', '3', NULL, NULL, NULL, NULL, NULL, NULL, NULL, NULL, '2023-12-08 17:01:30', '2023-12-08 17:01:30');
INSERT INTO `biz_business_device_measure_item_data_calibrator` VALUES (1733049147260432385, 1733040646677098497, 'ACV', 'U', 'V', '50', 'Hz', '8', '7', 0.001000, '=a*示值 + b*分辨力', '0.01', '3', NULL, NULL, NULL, NULL, NULL, NULL, NULL, NULL, '2023-12-08 17:01:30', '2023-12-08 17:01:30');
INSERT INTO `biz_business_device_measure_item_data_calibrator` VALUES (1733049147260432386, 1733040646677098497, 'ACV', 'U', 'V', '50', 'Hz', '80', '70', 0.010000, '=a*示值 + b*分辨力', '0.01', '3', NULL, NULL, NULL, NULL, NULL, NULL, NULL, NULL, '2023-12-08 17:01:30', '2023-12-08 17:01:30');
INSERT INTO `biz_business_device_measure_item_data_calibrator` VALUES (1733049147260432387, 1733040646677098497, 'ACV', 'U', 'V', '50', 'Hz', '800', '700', 0.100000, '=a*示值 + b*分辨力', '0.01', '3', NULL, NULL, NULL, NULL, NULL, NULL, NULL, NULL, '2023-12-08 17:01:30', '2023-12-08 17:01:30');
INSERT INTO `biz_business_device_measure_item_data_calibrator` VALUES (1733049147260432388, 1733040646677098497, 'ACV', 'U', 'V', '50', 'Hz', '8000', '950', 1.000000, '=a*示值 + b*分辨力', '0.01', '3', NULL, NULL, NULL, NULL, NULL, NULL, NULL, NULL, '2023-12-08 17:01:30', '2023-12-08 17:01:30');
INSERT INTO `biz_business_device_measure_item_data_calibrator` VALUES (1733049147264626689, 1733040646677098497, 'DCI', 'I', 'mA', '50', '50', '80', '70', 0.010000, '=a*示值 + b*分辨力', '0.003', '2', NULL, NULL, NULL, NULL, NULL, NULL, NULL, NULL, '2023-12-08 17:01:30', '2023-12-08 17:01:30');
INSERT INTO `biz_business_device_measure_item_data_calibrator` VALUES (1733049147264626690, 1733040646677098497, 'DCI', 'I', 'mA', '50', '50', '80', '-70', 0.010000, '=a*示值 + b*分辨力', '0.003', '2', NULL, NULL, NULL, NULL, NULL, NULL, NULL, NULL, '2023-12-08 17:01:30', '2023-12-08 17:01:30');
INSERT INTO `biz_business_device_measure_item_data_calibrator` VALUES (1733049147264626691, 1733040646677098497, 'DCI', 'I', 'mA', '50', '50', '800', '700', 0.100000, '=a*示值 + b*分辨力', '0.003', '2', NULL, NULL, NULL, NULL, NULL, NULL, NULL, NULL, '2023-12-08 17:01:30', '2023-12-08 17:01:30');
INSERT INTO `biz_business_device_measure_item_data_calibrator` VALUES (1733049147264626692, 1733040646677098497, 'DCI', 'I', 'mA', '50', '50', '800', '-700', 0.100000, '=a*示值 + b*分辨力', '0.003', '2', NULL, NULL, NULL, NULL, NULL, NULL, NULL, NULL, '2023-12-08 17:01:30', '2023-12-08 17:01:30');
INSERT INTO `biz_business_device_measure_item_data_calibrator` VALUES (1733049147268820993, 1733040646677098497, 'DCI', 'I', 'A', '50', '50', '8', '7', 0.001000, '=a*示值 + b*分辨力', '0.003', '2', NULL, NULL, NULL, NULL, NULL, NULL, NULL, NULL, '2023-12-08 17:01:30', '2023-12-08 17:01:30');
INSERT INTO `biz_business_device_measure_item_data_calibrator` VALUES (1733049147273015298, 1733040646677098497, 'DCI', 'I', 'A', '50', '50', '8', '-7', 0.001000, '=a*示值 + b*分辨力', '0.003', '2', NULL, NULL, NULL, NULL, NULL, NULL, NULL, NULL, '2023-12-08 17:01:30', '2023-12-08 17:01:30');
INSERT INTO `biz_business_device_measure_item_data_calibrator` VALUES (1733049147273015299, 1733040646677098497, 'DCI', 'I', 'A', '50', '50', '80', '9.5', 0.010000, '=a*示值 + b*分辨力', '0.003', '2', NULL, NULL, NULL, NULL, NULL, NULL, NULL, NULL, '2023-12-08 17:01:30', '2023-12-08 17:01:30');
INSERT INTO `biz_business_device_measure_item_data_calibrator` VALUES (1733049147277209601, 1733040646677098497, 'DCI', 'I', 'A', '50', '50', '80', '-9.5', 0.010000, '=a*示值 + b*分辨力', '0.003', '2', NULL, NULL, NULL, NULL, NULL, NULL, NULL, NULL, '2023-12-08 17:01:30', '2023-12-08 17:01:30');
INSERT INTO `biz_business_device_measure_item_data_calibrator` VALUES (1733049147277209602, 1733040646677098497, 'ACI', 'I', 'mA', '50', 'Hz', '80', '70', 0.010000, '=a*示值 + b*分辨力', '0.008', '2', NULL, NULL, NULL, NULL, NULL, NULL, NULL, NULL, '2023-12-08 17:01:30', '2023-12-08 17:01:30');
INSERT INTO `biz_business_device_measure_item_data_calibrator` VALUES (1733049147281403905, 1733040646677098497, 'ACI', 'I', 'mA', '50', 'Hz', '800', '700', 0.100000, '=a*示值 + b*分辨力', '0.008', '2', NULL, NULL, NULL, NULL, NULL, NULL, NULL, NULL, '2023-12-08 17:01:30', '2023-12-08 17:01:30');
INSERT INTO `biz_business_device_measure_item_data_calibrator` VALUES (1733049147281403906, 1733040646677098497, 'ACI', 'I', 'A', '50', 'Hz', '8', '7', 0.001000, '=a*示值 + b*分辨力', '0.012', '2', NULL, NULL, NULL, NULL, NULL, NULL, NULL, NULL, '2023-12-08 17:01:30', '2023-12-08 17:01:30');
INSERT INTO `biz_business_device_measure_item_data_calibrator` VALUES (1733049147281403907, 1733040646677098497, 'ACI', 'I', 'A', '50', 'Hz', '80', '9.5', 0.010000, '=a*示值 + b*分辨力', '0.012', '2', NULL, NULL, NULL, NULL, NULL, NULL, NULL, NULL, '2023-12-08 17:01:30', '2023-12-08 17:01:30');
INSERT INTO `biz_business_device_measure_item_data_calibrator` VALUES (1733049147281403908, 1733040646677098497, 'R', 'R', 'Ω', '50', '50', '800', '100', 0.100000, '=a*示值 + b*分辨力', '0.005', '3', NULL, NULL, NULL, NULL, NULL, NULL, NULL, NULL, '2023-12-08 17:01:30', '2023-12-08 17:01:30');
INSERT INTO `biz_business_device_measure_item_data_calibrator` VALUES (1733049147285598210, 1733040646677098497, 'R', 'R', 'KΩ', '50', '50', '8', '1', 0.001000, '=a*示值 + b*分辨力', '0.005', '1', NULL, NULL, NULL, NULL, NULL, NULL, NULL, NULL, '2023-12-08 17:01:30', '2023-12-08 17:01:30');
INSERT INTO `biz_business_device_measure_item_data_calibrator` VALUES (1733049147285598211, 1733040646677098497, 'R', 'R', 'KΩ', '50', '50', '80', '10', 0.010000, '=a*示值 + b*分辨力', '0.005', '1', NULL, NULL, NULL, NULL, NULL, NULL, NULL, NULL, '2023-12-08 17:01:30', '2023-12-08 17:01:30');
INSERT INTO `biz_business_device_measure_item_data_calibrator` VALUES (1733049147289792514, 1733040646677098497, 'R', 'R', 'KΩ', '50', '50', '800', '100', 0.100000, '=a*示值 + b*分辨力', '0.005', '1', NULL, NULL, NULL, NULL, NULL, NULL, NULL, NULL, '2023-12-08 17:01:30', '2023-12-08 17:01:30');
INSERT INTO `biz_business_device_measure_item_data_calibrator` VALUES (1733049147289792515, 1733040646677098497, 'R', 'R', 'MΩ', '50', '50', '8', '1', 0.001000, '=a*示值 + b*分辨力', '0.005', '1', NULL, NULL, NULL, NULL, NULL, NULL, NULL, NULL, '2023-12-08 17:01:30', '2023-12-08 17:01:30');
INSERT INTO `biz_business_device_measure_item_data_calibrator` VALUES (1733049147293986818, 1733040646677098497, 'R', 'R', 'MΩ', '50', '50', '80', '10', 0.010000, '=a*示值 + b*分辨力', '0.02', '1', NULL, NULL, NULL, NULL, NULL, NULL, NULL, NULL, '2023-12-08 17:01:30', '2023-12-08 17:01:30');
INSERT INTO `biz_business_device_measure_item_data_calibrator` VALUES (1734128464795070466, 1734128176830935042, 'DCV', 'U', 'mV', NULL, NULL, '800', '700', 0.000100, '=a*示值 + b*量程', '0.05', '3', NULL, NULL, NULL, NULL, NULL, NULL, NULL, NULL, '2023-12-11 16:30:20', '2023-12-11 16:30:20');
INSERT INTO `biz_business_device_measure_item_data_calibrator` VALUES (1734128464799264769, 1734128176830935042, 'ACV', 'U', 'mV', '50', 'Hz', '800', '700', 0.000100, '=a*示值 + b*量程', '0.05', '3', NULL, NULL, NULL, NULL, NULL, NULL, NULL, NULL, '2023-12-11 16:30:20', '2023-12-11 16:30:20');
INSERT INTO `biz_business_device_measure_item_data_calibrator` VALUES (1734128464799264770, 1734128176830935042, 'DCI', 'I', 'mA', '50', 'Hz', '800', '700', 0.000100, '=a*示值 + b*量程', '0.05', '3', NULL, NULL, NULL, NULL, NULL, NULL, NULL, NULL, '2023-12-11 16:30:20', '2023-12-11 16:30:20');
INSERT INTO `biz_business_device_measure_item_data_calibrator` VALUES (1734128464824430593, 1734128176830935042, 'ACI', 'I', 'mA', '50', 'Hz', '800', '700', 0.000100, '=a*示值 + b*量程', '0.05', '3', NULL, NULL, NULL, NULL, NULL, NULL, NULL, NULL, '2023-12-11 16:30:20', '2023-12-11 16:30:20');
INSERT INTO `biz_business_device_measure_item_data_calibrator` VALUES (1734128464828624898, 1734128176830935042, 'R', 'R', 'MΩ', '50', 'Hz', '800', '700', 0.000100, '=a*示值 + b*量程', '0.05', '3', NULL, NULL, NULL, NULL, NULL, NULL, NULL, NULL, '2023-12-11 16:30:20', '2023-12-11 16:30:20');
INSERT INTO `biz_business_device_measure_item_data_calibrator` VALUES (1734128752771788801, 1733043135862304769, 'ACV', 'U', 'V', '50', 'Hz', NULL, '150', 0.100000, '45.0V', NULL, NULL, NULL, NULL, NULL, NULL, NULL, NULL, '150V', '2.5', '2023-12-11 16:31:29', '2023-12-11 16:31:29');
INSERT INTO `biz_business_device_measure_item_data_calibrator` VALUES (1734128752780177409, 1733043135862304769, 'ACV', 'U', 'V', '50', 'Hz', NULL, '300', 0.100000, '45.0V', NULL, NULL, NULL, NULL, NULL, NULL, NULL, NULL, '300V', '2.5', '2023-12-11 16:31:29', '2023-12-11 16:31:29');
INSERT INTO `biz_business_device_measure_item_data_calibrator` VALUES (1734128752784371713, 1733043135862304769, 'ACV', 'U', 'V', '50', 'Hz', NULL, '450', 0.100000, '45.0V', NULL, NULL, NULL, NULL, NULL, NULL, NULL, NULL, '450V', '2.5', '2023-12-11 16:31:29', '2023-12-11 16:31:29');
INSERT INTO `biz_business_device_measure_item_data_calibrator` VALUES (1734132520053698561, 1734132379313827841, 'ACV', 'U', 'V', '50', 'Hz', NULL, '150', 0.100000, '45.0V', NULL, NULL, NULL, NULL, NULL, NULL, NULL, NULL, '150V', '1.5', '2023-12-11 16:46:27', '2023-12-11 16:46:27');
INSERT INTO `biz_business_device_measure_item_data_calibrator` VALUES (1734132520053698562, 1734132379313827841, 'ACV', 'U', 'V', '50', 'Hz', NULL, '300', 0.100000, '45.0V', NULL, NULL, NULL, NULL, NULL, NULL, NULL, NULL, '300V', '1.5', '2023-12-11 16:46:27', '2023-12-11 16:46:27');
INSERT INTO `biz_business_device_measure_item_data_calibrator` VALUES (1734132520057892865, 1734132379313827841, 'ACV', 'U', 'V', '50', 'Hz', NULL, '450', 0.100000, '45.0V', NULL, NULL, NULL, NULL, NULL, NULL, NULL, NULL, '450V', '1.5', '2023-12-11 16:46:27', '2023-12-11 16:46:27');
INSERT INTO `biz_business_device_measure_item_data_calibrator` VALUES (1734134234219606017, 1734134059954663425, 'ACV', 'U', 'V', '50', 'Hz', NULL, '150', 0.100000, '45.0V', NULL, NULL, NULL, NULL, NULL, NULL, NULL, NULL, '150V', '1.5', '2023-12-11 16:53:16', '2023-12-11 16:53:16');
INSERT INTO `biz_business_device_measure_item_data_calibrator` VALUES (1734134234223800321, 1734134059954663425, 'ACV', 'U', 'V', '50', 'Hz', NULL, '300', 0.100000, '45.0V', NULL, NULL, NULL, NULL, NULL, NULL, NULL, NULL, '300V', '1.5', '2023-12-11 16:53:16', '2023-12-11 16:53:16');
INSERT INTO `biz_business_device_measure_item_data_calibrator` VALUES (1734134234223800322, 1734134059954663425, 'ACV', 'U', 'V', '50', 'Hz', NULL, '450', 0.100000, '45.0V', NULL, NULL, NULL, NULL, NULL, NULL, NULL, NULL, '450V', '1.5', '2023-12-11 16:53:16', '2023-12-11 16:53:16');
INSERT INTO `biz_business_device_measure_item_data_calibrator` VALUES (1734134786030628865, 1734122443779403778, 'ACV', 'U', 'V', '50', 'Hz', NULL, '150', 0.100000, '45.0V', NULL, NULL, NULL, NULL, NULL, NULL, NULL, NULL, '150V', '2.5', '2023-12-11 16:55:27', '2023-12-11 16:55:27');
INSERT INTO `biz_business_device_measure_item_data_calibrator` VALUES (1734134786034823170, 1734122443779403778, 'ACV', 'U', 'V', '50', 'Hz', NULL, '300', 0.100000, '45.0V', NULL, NULL, NULL, NULL, NULL, NULL, NULL, NULL, '300V', '2.5', '2023-12-11 16:55:27', '2023-12-11 16:55:27');
INSERT INTO `biz_business_device_measure_item_data_calibrator` VALUES (1734134786034823171, 1734122443779403778, 'ACV', 'U', 'V', '50', 'Hz', NULL, '450', 0.100000, '45.0V', NULL, NULL, NULL, NULL, NULL, NULL, NULL, NULL, '450V', '2.5', '2023-12-11 16:55:27', '2023-12-11 16:55:27');
INSERT INTO `biz_business_device_measure_item_data_calibrator` VALUES (1734140819226554370, 1734136700533272577, 'ACV', 'U', 'V', '50', 'Hz', NULL, '100', 0.100000, '=a*示值 + 常数b', '0.005', '0', NULL, NULL, NULL, NULL, NULL, NULL, NULL, NULL, '2023-12-11 17:19:26', '2023-12-11 17:19:26');
INSERT INTO `biz_business_device_measure_item_data_calibrator` VALUES (1734140819226554371, 1734136700533272577, 'ACV', 'U', 'V', '50', 'Hz', NULL, '200', 0.100000, '=a*示值 + 常数b', '0.005', '0', NULL, NULL, NULL, NULL, NULL, NULL, NULL, NULL, '2023-12-11 17:19:26', '2023-12-11 17:19:26');
INSERT INTO `biz_business_device_measure_item_data_calibrator` VALUES (1734140819230748674, 1734136700533272577, 'ACV', 'U', 'V', '50', 'Hz', NULL, '250', 0.100000, '=a*示值 + 常数b', '0.005', '0', NULL, NULL, NULL, NULL, NULL, NULL, NULL, NULL, '2023-12-11 17:19:26', '2023-12-11 17:19:26');
INSERT INTO `biz_business_device_measure_item_data_calibrator` VALUES (1734140819230748675, 1734136700533272577, 'ACI', 'I', 'A', '50', 'Hz', NULL, '1', 0.010000, '=a*示值 + 常数b', '0.005', '0', NULL, NULL, NULL, NULL, NULL, NULL, NULL, NULL, '2023-12-11 17:19:26', '2023-12-11 17:19:26');
INSERT INTO `biz_business_device_measure_item_data_calibrator` VALUES (1734140819230748676, 1734136700533272577, 'ACI', 'I', 'A', '50', 'Hz', NULL, '3', 0.010000, '=a*示值 + 常数b', '0.005', '0', NULL, NULL, NULL, NULL, NULL, NULL, NULL, NULL, '2023-12-11 17:19:26', '2023-12-11 17:19:26');
INSERT INTO `biz_business_device_measure_item_data_calibrator` VALUES (1734140819230748677, 1734136700533272577, 'ACI', 'I', 'A', '50', 'Hz', NULL, '5', 0.010000, '=a*示值 + 常数b', '0.005', '0', NULL, NULL, NULL, NULL, NULL, NULL, NULL, NULL, '2023-12-11 17:19:26', '2023-12-11 17:19:26');
INSERT INTO `biz_business_device_measure_item_data_calibrator` VALUES (1734141695462797314, 1734140990324797442, 'ACV', 'U', 'V', '50', 'Hz', NULL, '100', 0.100000, '=a*示值 + b*量程', '0.005', '0', NULL, NULL, NULL, NULL, NULL, NULL, NULL, NULL, '2023-12-11 17:22:55', '2023-12-11 17:22:55');
INSERT INTO `biz_business_device_measure_item_data_calibrator` VALUES (1734141695462797315, 1734140990324797442, 'ACV', 'U', 'V', '50', 'Hz', NULL, '200', 0.100000, '=a*示值 + b*量程', '0.005', '0', NULL, NULL, NULL, NULL, NULL, NULL, NULL, NULL, '2023-12-11 17:22:55', '2023-12-11 17:22:55');
INSERT INTO `biz_business_device_measure_item_data_calibrator` VALUES (1734141695462797316, 1734140990324797442, 'ACV', 'U', 'V', '50', 'Hz', NULL, '250', 0.100000, '=a*示值 + b*量程', '0.005', '0', NULL, NULL, NULL, NULL, NULL, NULL, NULL, NULL, '2023-12-11 17:22:55', '2023-12-11 17:22:55');
INSERT INTO `biz_business_device_measure_item_data_calibrator` VALUES (1734141695466991617, 1734140990324797442, 'ACI', 'I', 'A', '50', 'Hz', NULL, '1', 0.010000, '=a*示值 + b*量程', '0.005', '0', NULL, NULL, NULL, NULL, NULL, NULL, NULL, NULL, '2023-12-11 17:22:55', '2023-12-11 17:22:55');
INSERT INTO `biz_business_device_measure_item_data_calibrator` VALUES (1734141695466991618, 1734140990324797442, 'ACI', 'I', 'A', '50', 'Hz', NULL, '3', 0.010000, '=a*示值 + b*量程', '0.005', '0', NULL, NULL, NULL, NULL, NULL, NULL, NULL, NULL, '2023-12-11 17:22:55', '2023-12-11 17:22:55');
INSERT INTO `biz_business_device_measure_item_data_calibrator` VALUES (1734141695466991619, 1734140990324797442, 'ACI', 'I', 'A', '50', 'Hz', NULL, '5', 0.010000, '=a*示值 + b*量程', '0.005', '0', NULL, NULL, NULL, NULL, NULL, NULL, NULL, NULL, '2023-12-11 17:22:55', '2023-12-11 17:22:55');
INSERT INTO `biz_business_device_measure_item_data_calibrator` VALUES (1734385028537839617, 1734377314361339905, 'DCV', 'U', 'V', '/', '/', '50', NULL, 0.100000, '1.2V', NULL, NULL, NULL, NULL, '10', '0.025', '50', 'V', NULL, NULL, '2023-12-12 09:29:50', '2023-12-12 09:29:50');
INSERT INTO `biz_business_device_measure_item_data_calibrator` VALUES (1734386486347886593, 1734377314361339905, 'DCV', 'U', 'V', '/', '/', '50', NULL, 0.100000, '1.2V', NULL, NULL, NULL, NULL, '20', '0.025', '50', 'V', NULL, NULL, '2023-12-12 09:35:37', '2023-12-12 09:35:37');
INSERT INTO `biz_business_device_measure_item_data_calibrator` VALUES (1734386486352080898, 1734377314361339905, 'DCV', 'U', 'V', '/', '/', '50', NULL, 0.100000, '1.2V', NULL, NULL, NULL, NULL, '30', '0.025', '50', 'V', NULL, NULL, '2023-12-12 09:35:37', '2023-12-12 09:35:37');
INSERT INTO `biz_business_device_measure_item_data_calibrator` VALUES (1734386486352080899, 1734377314361339905, 'DCV', 'U', 'V', '/', '/', '50', NULL, 0.100000, '1.2V', NULL, NULL, NULL, NULL, '40', '0.025', '50', 'V', NULL, NULL, '2023-12-12 09:35:37', '2023-12-12 09:35:37');
INSERT INTO `biz_business_device_measure_item_data_calibrator` VALUES (1734386486352080900, 1734377314361339905, 'DCV', 'U', 'V', '/', '/', '50', NULL, 0.100000, '1.2V', NULL, NULL, NULL, NULL, '50', '0.025', '50', 'V', NULL, NULL, '2023-12-12 09:35:37', '2023-12-12 09:35:37');
INSERT INTO `biz_business_device_measure_item_data_calibrator` VALUES (1734387526623358978, 1734377314361339905, 'DCV', 'U', 'V', '/', '/', '2.5', NULL, 0.010000, '0.06V', NULL, NULL, NULL, NULL, '2.5', '0.025', '2.5', 'V', NULL, NULL, '2023-12-12 09:39:45', '2023-12-12 09:39:45');
INSERT INTO `biz_business_device_measure_item_data_calibrator` VALUES (1734387526627553282, 1734377314361339905, 'DCV', 'U', 'V', '/', '/', '10', NULL, 0.010000, '0.25V', NULL, NULL, NULL, NULL, '10', '0.025', '10', 'V', NULL, NULL, '2023-12-12 09:39:45', '2023-12-12 09:39:45');
INSERT INTO `biz_business_device_measure_item_data_calibrator` VALUES (1734387991620677633, 1734377314361339905, 'DCV', 'U', 'V', '/', '/', '250', NULL, 1.000000, '6V', NULL, NULL, NULL, NULL, '250', '0.025', '250', 'V', NULL, NULL, '2023-12-12 09:41:36', '2023-12-12 09:41:36');
INSERT INTO `biz_business_device_measure_item_data_calibrator` VALUES (1734388963130535937, 1734377314361339905, 'DCV', 'U', 'V', '/', '/', '500', NULL, 1.000000, '12V', NULL, NULL, NULL, NULL, '500', '0.025', '500', 'V', NULL, NULL, '2023-12-12 09:45:28', '2023-12-12 09:45:28');
INSERT INTO `biz_business_device_measure_item_data_calibrator` VALUES (1734405589905219586, 1734377314361339905, 'ACV', 'U', 'V', '50', '50', '10', NULL, 0.010000, '0.50V', NULL, NULL, NULL, NULL, '10', '0.05', '10', 'V', NULL, NULL, '2023-12-12 10:51:32', '2023-12-12 10:51:32');
INSERT INTO `biz_business_device_measure_item_data_calibrator` VALUES (1734405589917802497, 1734377314361339905, 'ACV', 'U', 'V', '50', '50', '50', NULL, 0.100000, '2.5V', NULL, NULL, NULL, NULL, '50', '0.05', '50', 'V', NULL, NULL, '2023-12-12 10:51:32', '2023-12-12 10:51:32');
INSERT INTO `biz_business_device_measure_item_data_calibrator` VALUES (1734405589921996802, 1734377314361339905, 'ACV', 'U', 'V', '50', '50', '250', NULL, 1.000000, '12V', NULL, NULL, NULL, NULL, '250', '0.05', '250', 'V', NULL, NULL, '2023-12-12 10:51:32', '2023-12-12 10:51:32');
INSERT INTO `biz_business_device_measure_item_data_calibrator` VALUES (1734405589926191106, 1734377314361339905, 'ACV', 'U', 'V', '50', '50', '500', NULL, 1.000000, '25V', NULL, NULL, NULL, NULL, '500', '0.05', '500', 'V', NULL, NULL, '2023-12-12 10:51:32', '2023-12-12 10:51:32');
INSERT INTO `biz_business_device_measure_item_data_calibrator` VALUES (1734407562914209794, 1734377314361339905, 'DCI', 'I', 'μA', '50', '50', '50', NULL, 0.100000, '1.2μA', NULL, NULL, NULL, NULL, '50', '0.025', '50', 'μA', NULL, NULL, '2023-12-12 10:59:23', '2023-12-12 10:59:23');
INSERT INTO `biz_business_device_measure_item_data_calibrator` VALUES (1734407562918404097, 1734377314361339905, 'DCI', 'I', 'mA', '50', '50', '1', NULL, 0.001000, '0.025mA', NULL, NULL, NULL, NULL, '1', '0.025', '1', 'mA', NULL, NULL, '2023-12-12 10:59:23', '2023-12-12 10:59:23');
INSERT INTO `biz_business_device_measure_item_data_calibrator` VALUES (1734408684303327233, 1734377314361339905, 'DCI', 'I', 'mA', '50', '50', '10', NULL, 0.010000, '0.25mA', NULL, NULL, NULL, NULL, '10', '0.025', '10', 'mA', NULL, NULL, '2023-12-12 11:03:50', '2023-12-12 11:03:50');
INSERT INTO `biz_business_device_measure_item_data_calibrator` VALUES (1734408684311715842, 1734377314361339905, 'DCI', 'I', 'mA', '50', '50', '100', NULL, 0.100000, '2.5mA', NULL, NULL, NULL, NULL, '100', '0.025', '100', 'mA', NULL, NULL, '2023-12-12 11:03:50', '2023-12-12 11:03:50');
INSERT INTO `biz_business_device_measure_item_data_calibrator` VALUES (1734408684311715843, 1734377314361339905, 'DCI', 'I', 'mA', '50', '50', '500', NULL, 1.000000, '12mA', NULL, NULL, NULL, NULL, '500', '0.025', '500', 'mA', NULL, NULL, '2023-12-12 11:03:50', '2023-12-12 11:03:50');
INSERT INTO `biz_business_device_measure_item_data_calibrator` VALUES (1734408684315910146, 1734377314361339905, 'R', 'R', 'Ω', '50', '50', '×1', NULL, 0.010000, '0.25mA', NULL, NULL, NULL, NULL, '10', '0.025', '10', 'mA', NULL, NULL, '2023-12-12 11:03:50', '2023-12-12 11:03:50');
INSERT INTO `biz_business_device_measure_item_data_calibrator` VALUES (1734408684320104450, 1734377314361339905, 'R', 'R', 'Ω', '50', '50', '×10', NULL, 0.100000, '2.5mA', NULL, NULL, NULL, NULL, '100', '0.025', '100', 'mA', NULL, NULL, '2023-12-12 11:03:50', '2023-12-12 11:03:50');
INSERT INTO `biz_business_device_measure_item_data_calibrator` VALUES (1734408684324298753, 1734377314361339905, 'R', 'R', 'Ω', '50', '50', '×100', NULL, 1.000000, '50mA', NULL, NULL, NULL, NULL, '1000', '0.05', '1000', 'mA', NULL, NULL, '2023-12-12 11:03:50', '2023-12-12 11:03:50');
INSERT INTO `biz_business_device_measure_item_data_calibrator` VALUES (1734408684324298754, 1734377314361339905, 'R', 'R', 'KΩ', '50', '50', '×1k', NULL, 0.010000, '0.50mA', NULL, NULL, NULL, NULL, '10', '0.05', '10', 'mA', NULL, NULL, '2023-12-12 11:03:50', '2023-12-12 11:03:50');
INSERT INTO `biz_business_device_measure_item_data_calibrator` VALUES (1734408684328493057, 1734377314361339905, 'R', 'R', 'KΩ', '50', '50', '×10k', NULL, 0.100000, '5.0mA', NULL, NULL, NULL, NULL, '100', '0.05', '100', 'mA', NULL, NULL, '2023-12-12 11:03:50', '2023-12-12 11:03:50');
INSERT INTO `biz_business_device_measure_item_data_calibrator` VALUES (1734415123277189121, 1734142814951895041, 'DCV', 'U', 'V', '/', '/', '600', '590', 0.100000, '=a*示值 + b*分辨力', '0.015', '5', NULL, NULL, NULL, NULL, NULL, NULL, NULL, NULL, '2023-12-12 11:29:25', '2023-12-12 11:29:25');
INSERT INTO `biz_business_device_measure_item_data_calibrator` VALUES (1734415123293966338, 1734142814951895041, 'DCV', 'U', 'V', '/', '/', '600', '-590', 0.100000, '=a*示值 + b*分辨力', '0.015', '5', NULL, NULL, NULL, NULL, NULL, NULL, NULL, NULL, '2023-12-12 11:29:25', '2023-12-12 11:29:25');
INSERT INTO `biz_business_device_measure_item_data_calibrator` VALUES (1734415123298160642, 1734142814951895041, 'ACV', 'U', 'V', '50', '50', '600', '590', 0.100000, '=a*示值 + b*分辨力', '0.015', '5', NULL, NULL, NULL, NULL, NULL, NULL, NULL, NULL, '2023-12-12 11:29:25', '2023-12-12 11:29:25');
INSERT INTO `biz_business_device_measure_item_data_calibrator` VALUES (1734415123319132161, 1734142814951895041, 'DCI', 'I', 'A', '50', '50', '40', '39', 0.010000, '=a*示值 + b*分辨力', '0..015', '5', NULL, '2', NULL, NULL, NULL, NULL, NULL, NULL, '2023-12-12 11:29:25', '2023-12-12 11:29:25');
INSERT INTO `biz_business_device_measure_item_data_calibrator` VALUES (1734415123327520770, 1734142814951895041, 'DCI', 'I', 'A', '50', '50', '600', '60', 0.100000, '=a*示值 + b*分辨力', '0..015', '5', NULL, '2', NULL, NULL, NULL, NULL, NULL, NULL, '2023-12-12 11:29:25', '2023-12-12 11:29:25');
INSERT INTO `biz_business_device_measure_item_data_calibrator` VALUES (1734415123335909378, 1734142814951895041, 'DCI', 'I', 'A', '50', '50', '600', '150', 0.100000, '=a*示值 + b*分辨力', '0..015', '5', NULL, '2', NULL, NULL, NULL, NULL, NULL, NULL, '2023-12-12 11:29:25', '2023-12-12 11:29:25');
INSERT INTO `biz_business_device_measure_item_data_calibrator` VALUES (1734415123335909379, 1734142814951895041, 'DCI', 'I', 'A', '50', '50', '600', '300', 0.100000, '=a*示值 + b*分辨力', '0..015', '5', NULL, '2', NULL, NULL, NULL, NULL, NULL, NULL, '2023-12-12 11:29:25', '2023-12-12 11:29:25');
INSERT INTO `biz_business_device_measure_item_data_calibrator` VALUES (1734415123348492290, 1734142814951895041, 'DCI', 'I', 'A', '50', '50', '600', '450', 0.100000, '=a*示值 + b*分辨力', '0..015', '5', NULL, '2', NULL, NULL, NULL, NULL, NULL, NULL, '2023-12-12 11:29:25', '2023-12-12 11:29:25');
INSERT INTO `biz_business_device_measure_item_data_calibrator` VALUES (1734415123352686594, 1734142814951895041, 'DCI', 'I', 'A', '50', '50', '600', '590', 0.100000, '=a*示值 + b*分辨力', '0..015', '5', NULL, '2', NULL, NULL, NULL, NULL, NULL, NULL, '2023-12-12 11:29:25', '2023-12-12 11:29:25');
INSERT INTO `biz_business_device_measure_item_data_calibrator` VALUES (1734415123356880897, 1734142814951895041, 'ACI', 'I', 'A', '50', '50', '40', '39', 0.010000, '=a*示值 + b*分辨力', '0..015', '5', NULL, '2', NULL, NULL, NULL, NULL, NULL, NULL, '2023-12-12 11:29:25', '2023-12-12 11:29:25');
INSERT INTO `biz_business_device_measure_item_data_calibrator` VALUES (1734415123361075202, 1734142814951895041, 'ACI', 'I', 'A', '50', '50', '600', '60', 0.100000, '=a*示值 + b*分辨力', '0..015', '5', NULL, '2', NULL, NULL, NULL, NULL, NULL, NULL, '2023-12-12 11:29:25', '2023-12-12 11:29:25');
INSERT INTO `biz_business_device_measure_item_data_calibrator` VALUES (1734415123369463809, 1734142814951895041, 'ACI', 'I', 'A', '50', '50', '600', '150', 0.100000, '=a*示值 + b*分辨力', '0..015', '5', NULL, '2', NULL, NULL, NULL, NULL, NULL, NULL, '2023-12-12 11:29:25', '2023-12-12 11:29:25');
INSERT INTO `biz_business_device_measure_item_data_calibrator` VALUES (1734415123369463810, 1734142814951895041, 'ACI', 'I', 'A', '50', '50', '600', '300', 0.100000, '=a*示值 + b*分辨力', '0..015', '5', NULL, '2', NULL, NULL, NULL, NULL, NULL, NULL, '2023-12-12 11:29:25', '2023-12-12 11:29:25');
INSERT INTO `biz_business_device_measure_item_data_calibrator` VALUES (1734415123373658114, 1734142814951895041, 'ACI', 'I', 'A', '50', '50', '600', '450', 0.100000, '=a*示值 + b*分辨力', '0..015', '5', NULL, '2', NULL, NULL, NULL, NULL, NULL, NULL, '2023-12-12 11:29:25', '2023-12-12 11:29:25');
INSERT INTO `biz_business_device_measure_item_data_calibrator` VALUES (1734415123377852417, 1734142814951895041, 'ACI', 'I', 'A', '50', '50', '600', '590', 0.100000, '=a*示值 + b*分辨力', '0..015', '5', NULL, '2', NULL, NULL, NULL, NULL, NULL, NULL, '2023-12-12 11:29:25', '2023-12-12 11:29:25');
INSERT INTO `biz_business_device_measure_item_data_calibrator` VALUES (1734415123382046721, 1734142814951895041, 'R', 'R', 'Ω', '50', '50', '400', '100', 0.100000, '=a*示值 + b*分辨力', '0..01', '5', NULL, '2', NULL, NULL, NULL, NULL, NULL, NULL, '2023-12-12 11:29:25', '2023-12-12 11:29:25');
INSERT INTO `biz_business_device_measure_item_data_calibrator` VALUES (1734415123394629633, 1734142814951895041, 'R', 'R', 'Ω', '50', '50', '4000', '1000', 1.000000, '=a*示值 + b*分辨力', '0..01', '5', NULL, '2', NULL, NULL, NULL, NULL, NULL, NULL, '2023-12-12 11:29:25', '2023-12-12 11:29:25');
INSERT INTO `biz_business_device_measure_item_data_calibrator` VALUES (1734416197815930881, 1734415543953297409, 'DCV', 'U', 'V', '/', '/', '50', NULL, 0.100000, '1.2V', NULL, NULL, NULL, NULL, '10', '0.025', '50', 'V', NULL, NULL, '2023-12-12 09:29:50', '2023-12-12 09:29:50');
INSERT INTO `biz_business_device_measure_item_data_calibrator` VALUES (1734416197824319489, 1734415543953297409, 'DCV', 'U', 'V', '/', '/', '50', NULL, 0.100000, '1.2V', NULL, NULL, NULL, NULL, '20', '0.025', '50', 'V', NULL, NULL, '2023-12-12 09:35:37', '2023-12-12 09:35:37');
INSERT INTO `biz_business_device_measure_item_data_calibrator` VALUES (1734416197828513793, 1734415543953297409, 'DCV', 'U', 'V', '/', '/', '50', NULL, 0.100000, '1.2V', NULL, NULL, NULL, NULL, '30', '0.025', '50', 'V', NULL, NULL, '2023-12-12 09:35:37', '2023-12-12 09:35:37');
INSERT INTO `biz_business_device_measure_item_data_calibrator` VALUES (1734416197828513794, 1734415543953297409, 'DCV', 'U', 'V', '/', '/', '50', NULL, 0.100000, '1.2V', NULL, NULL, NULL, NULL, '40', '0.025', '50', 'V', NULL, NULL, '2023-12-12 09:35:37', '2023-12-12 09:35:37');
INSERT INTO `biz_business_device_measure_item_data_calibrator` VALUES (1734416197832708098, 1734415543953297409, 'DCV', 'U', 'V', '/', '/', '50', NULL, 0.100000, '1.2V', NULL, NULL, NULL, NULL, '50', '0.025', '50', 'V', NULL, NULL, '2023-12-12 09:35:37', '2023-12-12 09:35:37');
INSERT INTO `biz_business_device_measure_item_data_calibrator` VALUES (1734416197836902401, 1734415543953297409, 'DCV', 'U', 'V', '/', '/', '2.5', NULL, 0.010000, '0.06V', NULL, NULL, NULL, NULL, '2.5', '0.025', '2.5', 'V', NULL, NULL, '2023-12-12 09:39:45', '2023-12-12 09:39:45');
INSERT INTO `biz_business_device_measure_item_data_calibrator` VALUES (1734416197836902402, 1734415543953297409, 'DCV', 'U', 'V', '/', '/', '10', NULL, 0.010000, '0.25V', NULL, NULL, NULL, NULL, '10', '0.025', '10', 'V', NULL, NULL, '2023-12-12 09:39:45', '2023-12-12 09:39:45');
INSERT INTO `biz_business_device_measure_item_data_calibrator` VALUES (1734416197841096706, 1734415543953297409, 'DCV', 'U', 'V', '/', '/', '250', NULL, 1.000000, '6V', NULL, NULL, NULL, NULL, '250', '0.025', '250', 'V', NULL, NULL, '2023-12-12 09:41:36', '2023-12-12 09:41:36');
INSERT INTO `biz_business_device_measure_item_data_calibrator` VALUES (1734416197841096707, 1734415543953297409, 'DCV', 'U', 'V', '/', '/', '500', NULL, 1.000000, '12V', NULL, NULL, NULL, NULL, '500', '0.025', '500', 'V', NULL, NULL, '2023-12-12 09:45:28', '2023-12-12 09:45:28');
INSERT INTO `biz_business_device_measure_item_data_calibrator` VALUES (1734416197845291009, 1734415543953297409, 'ACV', 'U', 'V', '50', '50', '10', NULL, 0.010000, '0.50V', NULL, NULL, NULL, NULL, '10', '0.05', '10', 'V', NULL, NULL, '2023-12-12 10:51:32', '2023-12-12 10:51:32');
INSERT INTO `biz_business_device_measure_item_data_calibrator` VALUES (1734416197845291010, 1734415543953297409, 'ACV', 'U', 'V', '50', '50', '50', NULL, 0.100000, '2.5V', NULL, NULL, NULL, NULL, '50', '0.05', '50', 'V', NULL, NULL, '2023-12-12 10:51:32', '2023-12-12 10:51:32');
INSERT INTO `biz_business_device_measure_item_data_calibrator` VALUES (1734416197849485313, 1734415543953297409, 'ACV', 'U', 'V', '50', '50', '250', NULL, 1.000000, '12V', NULL, NULL, NULL, NULL, '250', '0.05', '250', 'V', NULL, NULL, '2023-12-12 10:51:32', '2023-12-12 10:51:32');
INSERT INTO `biz_business_device_measure_item_data_calibrator` VALUES (1734416197853679618, 1734415543953297409, 'ACV', 'U', 'V', '50', '50', '500', NULL, 1.000000, '25V', NULL, NULL, NULL, NULL, '500', '0.05', '500', 'V', NULL, NULL, '2023-12-12 10:51:32', '2023-12-12 10:51:32');
INSERT INTO `biz_business_device_measure_item_data_calibrator` VALUES (1734416197853679619, 1734415543953297409, 'DCI', 'I', 'μA', '50', '50', '50', NULL, 0.100000, '1.2μA', NULL, NULL, NULL, NULL, '50', '0.025', '50', 'μA', NULL, NULL, '2023-12-12 10:59:23', '2023-12-12 10:59:23');
INSERT INTO `biz_business_device_measure_item_data_calibrator` VALUES (1734416197857873921, 1734415543953297409, 'DCI', 'I', 'mA', '50', '50', '1', NULL, 0.001000, '0.025mA', NULL, NULL, NULL, NULL, '1', '0.025', '1', 'mA', NULL, NULL, '2023-12-12 10:59:23', '2023-12-12 10:59:23');
INSERT INTO `biz_business_device_measure_item_data_calibrator` VALUES (1734416197862068226, 1734415543953297409, 'DCI', 'I', 'mA', '50', '50', '10', NULL, 0.010000, '0.25mA', NULL, NULL, NULL, NULL, '10', '0.025', '10', 'mA', NULL, NULL, '2023-12-12 11:03:50', '2023-12-12 11:03:50');
INSERT INTO `biz_business_device_measure_item_data_calibrator` VALUES (1734416197862068227, 1734415543953297409, 'DCI', 'I', 'mA', '50', '50', '100', NULL, 0.100000, '2.5mA', NULL, NULL, NULL, NULL, '100', '0.025', '100', 'mA', NULL, NULL, '2023-12-12 11:03:50', '2023-12-12 11:03:50');
INSERT INTO `biz_business_device_measure_item_data_calibrator` VALUES (1734416197866262529, 1734415543953297409, 'DCI', 'I', 'mA', '50', '50', '500', NULL, 1.000000, '12mA', NULL, NULL, NULL, NULL, '500', '0.025', '500', 'mA', NULL, NULL, '2023-12-12 11:03:50', '2023-12-12 11:03:50');
INSERT INTO `biz_business_device_measure_item_data_calibrator` VALUES (1734416197866262530, 1734415543953297409, 'R', 'R', 'Ω', '50', '50', '×1', NULL, 0.010000, '0.25mA', NULL, NULL, NULL, NULL, '10', '0.025', '10', 'mA', NULL, NULL, '2023-12-12 11:03:50', '2023-12-12 11:03:50');
INSERT INTO `biz_business_device_measure_item_data_calibrator` VALUES (1734416197870456833, 1734415543953297409, 'R', 'R', 'Ω', '50', '50', '×10', NULL, 0.100000, '2.5mA', NULL, NULL, NULL, NULL, '100', '0.025', '100', 'mA', NULL, NULL, '2023-12-12 11:03:50', '2023-12-12 11:03:50');
INSERT INTO `biz_business_device_measure_item_data_calibrator` VALUES (1734416197870456834, 1734415543953297409, 'R', 'R', 'Ω', '50', '50', '×100', NULL, 1.000000, '50mA', NULL, NULL, NULL, NULL, '1000', '0.05', '1000', 'mA', NULL, NULL, '2023-12-12 11:03:50', '2023-12-12 11:03:50');
INSERT INTO `biz_business_device_measure_item_data_calibrator` VALUES (1734416197870456835, 1734415543953297409, 'R', 'R', 'KΩ', '50', '50', '×1k', NULL, 0.010000, '0.50mA', NULL, NULL, NULL, NULL, '10', '0.05', '10', 'mA', NULL, NULL, '2023-12-12 11:03:50', '2023-12-12 11:03:50');
INSERT INTO `biz_business_device_measure_item_data_calibrator` VALUES (1734416197874651138, 1734415543953297409, 'R', 'R', 'KΩ', '50', '50', '×10k', NULL, 0.100000, '5.0mA', NULL, NULL, NULL, NULL, '100', '0.05', '100', 'mA', NULL, NULL, '2023-12-12 11:03:50', '2023-12-12 11:03:50');
INSERT INTO `biz_business_device_measure_item_data_calibrator` VALUES (1734422609057058817, 1734421529761976322, 'DCV', 'U', 'mV', '/', '/', '400', '390', 0.100000, '=a*示值 + b*分辨力', '0.005', '3', NULL, NULL, NULL, NULL, NULL, NULL, NULL, NULL, '2023-12-08 17:01:30', '2023-12-08 17:01:30');
INSERT INTO `biz_business_device_measure_item_data_calibrator` VALUES (1734422609061253122, 1734421529761976322, 'DCV', 'U', 'mV', '/', '/', '400', '-390', 0.100000, '=a*示值 + b*分辨力', '0.005', '3', NULL, NULL, NULL, NULL, NULL, NULL, NULL, NULL, '2023-12-08 17:01:30', '2023-12-08 17:01:30');
INSERT INTO `biz_business_device_measure_item_data_calibrator` VALUES (1734422609061253123, 1734421529761976322, 'DCV', 'U', 'V', '/', '/', '4', '3.9', 0.001000, '=a*示值 + b*分辨力', '0.005', '1', NULL, NULL, NULL, NULL, NULL, NULL, NULL, NULL, '2023-12-08 17:01:30', '2023-12-08 17:01:30');
INSERT INTO `biz_business_device_measure_item_data_calibrator` VALUES (1734422609061253124, 1734421529761976322, 'DCV', 'U', 'V', '/', '/', '4', '-3.9', 0.001000, '=a*示值 + b*分辨力', '0.005', '1', NULL, NULL, NULL, NULL, NULL, NULL, NULL, NULL, '2023-12-08 17:01:30', '2023-12-08 17:01:30');
INSERT INTO `biz_business_device_measure_item_data_calibrator` VALUES (1734422609065447426, 1734421529761976322, 'DCV', 'U', 'V', '/', '/', '40', '39', 0.010000, '=a*示值 + b*分辨力', '0.005', '1', NULL, NULL, NULL, NULL, NULL, NULL, NULL, NULL, '2023-12-08 17:01:30', '2023-12-08 17:01:30');
INSERT INTO `biz_business_device_measure_item_data_calibrator` VALUES (1734422609065447427, 1734421529761976322, 'DCV', 'U', 'V', '/', '/', '40', '-39', 0.010000, '=a*示值 + b*分辨力', '0.005', '1', NULL, NULL, NULL, NULL, NULL, NULL, NULL, NULL, '2023-12-08 17:01:30', '2023-12-08 17:01:30');
INSERT INTO `biz_business_device_measure_item_data_calibrator` VALUES (1734422609065447428, 1734421529761976322, 'DCV', 'U', 'V', '/', '/', '400', '390', 0.100000, '=a*示值 + b*分辨力', '0.005', '1', NULL, NULL, NULL, NULL, NULL, NULL, NULL, NULL, '2023-12-08 17:01:30', '2023-12-08 17:01:30');
INSERT INTO `biz_business_device_measure_item_data_calibrator` VALUES (1734422609065447429, 1734421529761976322, 'DCV', 'U', 'V', '/', '/', '400', '-390', 0.100000, '=a*示值 + b*分辨力', '0.005', '1', NULL, NULL, NULL, NULL, NULL, NULL, NULL, NULL, '2023-12-08 17:01:30', '2023-12-08 17:01:30');
INSERT INTO `biz_business_device_measure_item_data_calibrator` VALUES (1734422609069641729, 1734421529761976322, 'DCV', 'U', 'V', '/', '/', '1000', '950', 1.000000, '=a*示值 + b*分辨力', '0.005', '1', NULL, NULL, NULL, NULL, NULL, NULL, NULL, NULL, '2023-12-08 17:01:30', '2023-12-08 17:01:30');
INSERT INTO `biz_business_device_measure_item_data_calibrator` VALUES (1734422609069641730, 1734421529761976322, 'DCV', 'U', 'V', '/', '/', '1000', '-950', 1.000000, '=a*示值 + b*分辨力', '0.005', '1', NULL, NULL, NULL, NULL, NULL, NULL, NULL, NULL, '2023-12-08 17:01:30', '2023-12-08 17:01:30');
INSERT INTO `biz_business_device_measure_item_data_calibrator` VALUES (1734422609069641731, 1734421529761976322, 'ACV', 'U', 'mV', '50', '50', '400', '390', 0.100000, '=a*示值 + b*分辨力', '0.01', '3', NULL, NULL, NULL, NULL, NULL, NULL, NULL, NULL, '2023-12-08 17:01:30', '2023-12-08 17:01:30');
INSERT INTO `biz_business_device_measure_item_data_calibrator` VALUES (1734422609073836033, 1734421529761976322, 'ACV', 'U', 'V', '50', '50', '4', '3.9', 0.001000, '=a*示值 + b*分辨力', '0.01', '3', NULL, NULL, NULL, NULL, NULL, NULL, NULL, NULL, '2023-12-08 17:01:30', '2023-12-08 17:01:30');
INSERT INTO `biz_business_device_measure_item_data_calibrator` VALUES (1734422609073836034, 1734421529761976322, 'ACV', 'U', 'V', '50', '50', '40', '39', 0.010000, '=a*示值 + b*分辨力', '0.01', '3', NULL, NULL, NULL, NULL, NULL, NULL, NULL, NULL, '2023-12-08 17:01:30', '2023-12-08 17:01:30');
INSERT INTO `biz_business_device_measure_item_data_calibrator` VALUES (1734422609073836035, 1734421529761976322, 'ACV', 'U', 'V', '50', '50', '400', '390', 0.100000, '=a*示值 + b*分辨力', '0.01', '3', NULL, NULL, NULL, NULL, NULL, NULL, NULL, NULL, '2023-12-08 17:01:30', '2023-12-08 17:01:30');
INSERT INTO `biz_business_device_measure_item_data_calibrator` VALUES (1734422609073836036, 1734421529761976322, 'ACV', 'U', 'V', '50', '50', '1000', '950', 1.000000, '=a*示值 + b*分辨力', '0.01', '3', NULL, NULL, NULL, NULL, NULL, NULL, NULL, NULL, '2023-12-08 17:01:30', '2023-12-08 17:01:30');
INSERT INTO `biz_business_device_measure_item_data_calibrator` VALUES (1734422609078030338, 1734421529761976322, 'DCI', 'I', 'μA', '50', '50', '400', '70', 0.010000, '=a*示值 + b*分辨力', '0.003', '2', NULL, NULL, NULL, NULL, NULL, NULL, NULL, NULL, '2023-12-08 17:01:30', '2023-12-08 17:01:30');
INSERT INTO `biz_business_device_measure_item_data_calibrator` VALUES (1734422609078030339, 1734421529761976322, 'DCI', 'I', 'μA', '50', '50', '400', '-70', 0.010000, '=a*示值 + b*分辨力', '0.003', '2', NULL, NULL, NULL, NULL, NULL, NULL, NULL, NULL, '2023-12-08 17:01:30', '2023-12-08 17:01:30');
INSERT INTO `biz_business_device_measure_item_data_calibrator` VALUES (1734422609078030340, 1734421529761976322, 'DCI', 'I', 'μA', '50', '50', '4000', '700', 0.100000, '=a*示值 + b*分辨力', '0.003', '2', NULL, NULL, NULL, NULL, NULL, NULL, NULL, NULL, '2023-12-08 17:01:30', '2023-12-08 17:01:30');
INSERT INTO `biz_business_device_measure_item_data_calibrator` VALUES (1734422609078030341, 1734421529761976322, 'DCI', 'I', 'μA', '50', '50', '4000', '-700', 0.100000, '=a*示值 + b*分辨力', '0.003', '2', NULL, NULL, NULL, NULL, NULL, NULL, NULL, NULL, '2023-12-08 17:01:30', '2023-12-08 17:01:30');
INSERT INTO `biz_business_device_measure_item_data_calibrator` VALUES (1734500754649026561, 1734496611381317634, 'DCV', 'U', 'mV', '/', '/', '100', '100', 0.000100, '=a*示值 + b*量程', '0.0037', '0.0035', NULL, NULL, NULL, NULL, NULL, NULL, NULL, NULL, '2023-12-12 17:09:41', '2023-12-12 17:09:41');
INSERT INTO `biz_business_device_measure_item_data_calibrator` VALUES (1734500754649026562, 1734496611381317634, 'DCV', 'U', 'mV', '/', '/', '100', '-100', 0.000100, '=a*示值 + b*量程', '0.0037', '0.0035', NULL, NULL, NULL, NULL, NULL, NULL, NULL, NULL, '2023-12-12 17:09:41', '2023-12-12 17:09:41');
INSERT INTO `biz_business_device_measure_item_data_calibrator` VALUES (1734500754653220866, 1734496611381317634, 'DCV', 'U', 'mV', '/', '/', '100', '50', 0.000100, '=a*示值 + b*量程', '0.0037', '0.0035', NULL, NULL, NULL, NULL, NULL, NULL, NULL, NULL, '2023-12-12 17:09:41', '2023-12-12 17:09:41');
INSERT INTO `biz_business_device_measure_item_data_calibrator` VALUES (1734500754653220867, 1734496611381317634, 'DCV', 'U', 'mV', '/', '/', '100', '10', 0.000100, '=a*示值 + b*量程', '0.0037', '0.0035', NULL, NULL, NULL, NULL, NULL, NULL, NULL, NULL, '2023-12-12 17:09:41', '2023-12-12 17:09:41');
INSERT INTO `biz_business_device_measure_item_data_calibrator` VALUES (1734500754653220868, 1734496611381317634, 'DCV', 'U', 'V', '/', '/', '1', '1', 0.000001, '=a*示值 + b*量程', '0.0037', '0.0035', NULL, NULL, NULL, NULL, NULL, NULL, NULL, NULL, '2023-12-12 17:09:41', '2023-12-12 17:09:41');
INSERT INTO `biz_business_device_measure_item_data_calibrator` VALUES (1734500754657415169, 1734496611381317634, 'DCV', 'U', 'V', '/', '/', '1', '-1', 0.000001, '=a*示值 + b*量程', '0.0025', '0.0007', NULL, NULL, NULL, NULL, NULL, NULL, NULL, NULL, '2023-12-12 17:09:41', '2023-12-12 17:09:41');
INSERT INTO `biz_business_device_measure_item_data_calibrator` VALUES (1734500754657415170, 1734496611381317634, 'DCV', 'U', 'V', '/', '/', '1', '0.5', 0.000001, '=a*示值 + b*量程', '0.0025', '0.0007', NULL, NULL, NULL, NULL, NULL, NULL, NULL, NULL, '2023-12-12 17:09:41', '2023-12-12 17:09:41');
INSERT INTO `biz_business_device_measure_item_data_calibrator` VALUES (1734500754657415171, 1734496611381317634, 'DCV', 'U', 'V', '/', '/', '1', '0.1', 0.000001, '=a*示值 + b*量程', '0.0025', '0.0007', NULL, NULL, NULL, NULL, NULL, NULL, NULL, NULL, '2023-12-12 17:09:41', '2023-12-12 17:09:41');
INSERT INTO `biz_business_device_measure_item_data_calibrator` VALUES (1734500754661609474, 1734496611381317634, 'DCV', 'U', 'V', '/', '/', '10', '10', 0.000010, '=a*示值 + b*量程', '0.0024', '0.0005', NULL, NULL, NULL, NULL, NULL, NULL, NULL, NULL, '2023-12-12 17:09:41', '2023-12-12 17:09:41');
INSERT INTO `biz_business_device_measure_item_data_calibrator` VALUES (1734500754661609475, 1734496611381317634, 'DCV', 'U', 'V', '/', '/', '10', '-10', 0.000010, '=a*示值 + b*量程', '0.0024', '0.0005', NULL, NULL, NULL, NULL, NULL, NULL, NULL, NULL, '2023-12-12 17:09:41', '2023-12-12 17:09:41');
INSERT INTO `biz_business_device_measure_item_data_calibrator` VALUES (1734500754661609476, 1734496611381317634, 'DCV', 'U', 'V', '/', '/', '10', '9', 0.000010, '=a*示值 + b*量程', '0.0024', '0.0005', NULL, NULL, NULL, NULL, NULL, NULL, NULL, NULL, '2023-12-12 17:09:41', '2023-12-12 17:09:41');
INSERT INTO `biz_business_device_measure_item_data_calibrator` VALUES (1734500754665803777, 1734496611381317634, 'DCV', 'U', 'V', '/', '/', '10', '8', 0.000010, '=a*示值 + b*量程', '0.0024', '0.0005', NULL, NULL, NULL, NULL, NULL, NULL, NULL, NULL, '2023-12-12 17:09:41', '2023-12-12 17:09:41');
INSERT INTO `biz_business_device_measure_item_data_calibrator` VALUES (1734500754665803778, 1734496611381317634, 'DCV', 'U', 'V', '/', '/', '10', '7', 0.000010, '=a*示值 + b*量程', '0.0024', '0.0005', NULL, NULL, NULL, NULL, NULL, NULL, NULL, NULL, '2023-12-12 17:09:41', '2023-12-12 17:09:41');
INSERT INTO `biz_business_device_measure_item_data_calibrator` VALUES (1734500754665803779, 1734496611381317634, 'DCV', 'U', 'V', '/', '/', '10', '6', 0.000010, '=a*示值 + b*量程', '0.0024', '0.0005', NULL, NULL, NULL, NULL, NULL, NULL, NULL, NULL, '2023-12-12 17:09:41', '2023-12-12 17:09:41');
INSERT INTO `biz_business_device_measure_item_data_calibrator` VALUES (1734500754669998082, 1734496611381317634, 'DCV', 'U', 'V', '/', '/', '10', '5', 0.000010, '=a*示值 + b*量程', '0.0024', '0.0005', NULL, NULL, NULL, NULL, NULL, NULL, NULL, NULL, '2023-12-12 17:09:41', '2023-12-12 17:09:41');
INSERT INTO `biz_business_device_measure_item_data_calibrator` VALUES (1734500754669998083, 1734496611381317634, 'DCV', 'U', 'V', '/', '/', '10', '4', 0.000010, '=a*示值 + b*量程', '0.0024', '0.0005', NULL, NULL, NULL, NULL, NULL, NULL, NULL, NULL, '2023-12-12 17:09:41', '2023-12-12 17:09:41');
INSERT INTO `biz_business_device_measure_item_data_calibrator` VALUES (1734500754674192386, 1734496611381317634, 'DCV', 'U', 'V', '/', '/', '10', '3', 0.000010, '=a*示值 + b*量程', '0.0024', '0.0005', NULL, NULL, NULL, NULL, NULL, NULL, NULL, NULL, '2023-12-12 17:09:41', '2023-12-12 17:09:41');
INSERT INTO `biz_business_device_measure_item_data_calibrator` VALUES (1734500754674192387, 1734496611381317634, 'DCV', 'U', 'V', '/', '/', '10', '2', 0.000010, '=a*示值 + b*量程', '0.0024', '0.0005', NULL, NULL, NULL, NULL, NULL, NULL, NULL, NULL, '2023-12-12 17:09:41', '2023-12-12 17:09:41');
INSERT INTO `biz_business_device_measure_item_data_calibrator` VALUES (1734500754674192388, 1734496611381317634, 'DCV', 'U', 'V', '/', '/', '10', '1', 0.000010, '=a*示值 + b*量程', '0.0024', '0.0005', NULL, NULL, NULL, NULL, NULL, NULL, NULL, NULL, '2023-12-12 17:09:41', '2023-12-12 17:09:41');
INSERT INTO `biz_business_device_measure_item_data_calibrator` VALUES (1734500754678386690, 1734496611381317634, 'DCV', 'U', 'V', '/', '/', '100', '100', 0.000100, '=a*示值 + b*量程', '0.0038', '0.0006', NULL, NULL, NULL, NULL, NULL, NULL, NULL, NULL, '2023-12-12 17:09:41', '2023-12-12 17:09:41');
INSERT INTO `biz_business_device_measure_item_data_calibrator` VALUES (1734500754678386691, 1734496611381317634, 'DCV', 'U', 'V', '/', '/', '100', '-100', 0.000100, '=a*示值 + b*量程', '0.0038', '0.0006', NULL, NULL, NULL, NULL, NULL, NULL, NULL, NULL, '2023-12-12 17:09:41', '2023-12-12 17:09:41');
INSERT INTO `biz_business_device_measure_item_data_calibrator` VALUES (1734500754678386692, 1734496611381317634, 'DCV', 'U', 'V', '/', '/', '100', '50', 0.000100, '=a*示值 + b*量程', '0.0038', '0.0006', NULL, NULL, NULL, NULL, NULL, NULL, NULL, NULL, '2023-12-12 17:09:41', '2023-12-12 17:09:41');
INSERT INTO `biz_business_device_measure_item_data_calibrator` VALUES (1734500754682580993, 1734496611381317634, 'DCV', 'U', 'V', '/', '/', '100', '10', 0.000100, '=a*示值 + b*量程', '0.0038', '0.0006', NULL, NULL, NULL, NULL, NULL, NULL, NULL, NULL, '2023-12-12 17:09:41', '2023-12-12 17:09:41');
INSERT INTO `biz_business_device_measure_item_data_calibrator` VALUES (1734500754682580994, 1734496611381317634, 'DCV', 'U', 'V', '/', '/', '1000', '1000', 0.001000, '=a*示值 + b*量程', '0.0041', '0.001', NULL, NULL, NULL, NULL, NULL, NULL, NULL, NULL, '2023-12-12 17:09:41', '2023-12-12 17:09:41');
INSERT INTO `biz_business_device_measure_item_data_calibrator` VALUES (1734500754682580995, 1734496611381317634, 'DCV', 'U', 'V', '/', '/', '1000', '-1000', 0.001000, '=a*示值 + b*量程', '0.0041', '0.001', NULL, NULL, NULL, NULL, NULL, NULL, NULL, NULL, '2023-12-12 17:09:41', '2023-12-12 17:09:41');
INSERT INTO `biz_business_device_measure_item_data_calibrator` VALUES (1734500754686775298, 1734496611381317634, 'DCV', 'U', 'V', '/', '/', '1000', '500', 0.001000, '=a*示值 + b*量程', '0.0041', '0.001', NULL, NULL, NULL, NULL, NULL, NULL, NULL, NULL, '2023-12-12 17:09:41', '2023-12-12 17:09:41');
INSERT INTO `biz_business_device_measure_item_data_calibrator` VALUES (1734500754686775299, 1734496611381317634, 'DCV', 'U', 'V', '/', '/', '1000', '100', 0.001000, '=a*示值 + b*量程', '0.0041', '0.001', NULL, NULL, NULL, NULL, NULL, NULL, NULL, NULL, '2023-12-12 17:09:41', '2023-12-12 17:09:41');
INSERT INTO `biz_business_device_measure_item_data_calibrator` VALUES (1734513152185372674, 1734496054168031234, 'DCV', 'U', 'mV', '/', '/', '50', '50', 0.001000, '=a*示值 + b*分辨力', '0.0005', '20', NULL, NULL, NULL, NULL, NULL, NULL, NULL, NULL, '2023-12-12 17:58:57', '2023-12-12 17:58:57');
INSERT INTO `biz_business_device_measure_item_data_calibrator` VALUES (1734513152189566977, 1734496054168031234, 'DCV', 'U', 'mV', '/', '/', '50', '-50', 0.001000, '=a*示值 + b*分辨力', '0.0005', '20', NULL, NULL, NULL, NULL, NULL, NULL, NULL, NULL, '2023-12-12 17:58:57', '2023-12-12 17:58:57');
INSERT INTO `biz_business_device_measure_item_data_calibrator` VALUES (1734513152189566978, 1734496054168031234, 'DCV', 'U', 'mV', '/', '/', '500', '500', 0.010000, '=a*示值 + b*分辨力', '0.00025', '2', NULL, NULL, NULL, NULL, NULL, NULL, NULL, NULL, '2023-12-12 17:58:57', '2023-12-12 17:58:57');
INSERT INTO `biz_business_device_measure_item_data_calibrator` VALUES (1734513152189566979, 1734496054168031234, 'DCV', 'U', 'mV', '/', '/', '500', '-500', 0.010000, '=a*示值 + b*分辨力', '0.00025', '2', NULL, NULL, NULL, NULL, NULL, NULL, NULL, NULL, '2023-12-12 17:58:57', '2023-12-12 17:58:57');
INSERT INTO `biz_business_device_measure_item_data_calibrator` VALUES (1734513152193761281, 1734496054168031234, 'DCV', 'U', 'V', '/', '/', '5', '5', 0.000100, '=a*示值 + b*分辨力', '0.00025', '2', NULL, NULL, NULL, NULL, NULL, NULL, NULL, NULL, '2023-12-12 17:58:57', '2023-12-12 17:58:57');
INSERT INTO `biz_business_device_measure_item_data_calibrator` VALUES (1734513152193761282, 1734496054168031234, 'DCV', 'U', 'V', '/', '/', '5', '-5', 0.000100, '=a*示值 + b*分辨力', '0.00025', '2', NULL, NULL, NULL, NULL, NULL, NULL, NULL, NULL, '2023-12-12 17:58:57', '2023-12-12 17:58:57');
INSERT INTO `biz_business_device_measure_item_data_calibrator` VALUES (1734513152193761283, 1734496054168031234, 'DCV', 'U', 'V', '/', '/', '50', '50', 0.001000, '=a*示值 + b*分辨力', '0.00025', '2', NULL, NULL, NULL, NULL, NULL, NULL, NULL, NULL, '2023-12-12 17:58:57', '2023-12-12 17:58:57');
INSERT INTO `biz_business_device_measure_item_data_calibrator` VALUES (1734513152193761284, 1734496054168031234, 'DCV', 'U', 'V', '/', '/', '50', '-50', 0.001000, '=a*示值 + b*分辨力', '0.00025', '2', NULL, NULL, NULL, NULL, NULL, NULL, NULL, NULL, '2023-12-12 17:58:57', '2023-12-12 17:58:57');
INSERT INTO `biz_business_device_measure_item_data_calibrator` VALUES (1734513152193761285, 1734496054168031234, 'DCV', 'U', 'V', '/', '/', '500', '500', 0.010000, '=a*示值 + b*分辨力', '0.003', '2', NULL, NULL, NULL, NULL, NULL, NULL, NULL, NULL, '2023-12-12 17:58:57', '2023-12-12 17:58:57');
INSERT INTO `biz_business_device_measure_item_data_calibrator` VALUES (1734513152197955585, 1734496054168031234, 'DCV', 'U', 'V', '/', '/', '500', '-500', 0.010000, '=a*示值 + b*分辨力', '0.003', '2', NULL, NULL, NULL, NULL, NULL, NULL, NULL, NULL, '2023-12-12 17:58:57', '2023-12-12 17:58:57');
INSERT INTO `biz_business_device_measure_item_data_calibrator` VALUES (1734513152197955586, 1734496054168031234, 'DCV', 'U', 'V', '/', '/', '1000', '1000', 0.100000, '=a*示值 + b*分辨力', '0.003', '2', NULL, NULL, NULL, NULL, NULL, NULL, NULL, NULL, '2023-12-12 17:58:57', '2023-12-12 17:58:57');
INSERT INTO `biz_business_device_measure_item_data_calibrator` VALUES (1734513152197955587, 1734496054168031234, 'DCV', 'U', 'V', '/', '/', '1000', '-1000', 0.100000, '=a*示值 + b*分辨力', '0.003', '2', NULL, NULL, NULL, NULL, NULL, NULL, NULL, NULL, '2023-12-12 17:58:57', '2023-12-12 17:58:57');
INSERT INTO `biz_business_device_measure_item_data_calibrator` VALUES (1734513152202149890, 1734496054168031234, 'ACV', 'U', 'mV', '50', '50', '50', '50', 0.001000, '=a*示值 + b*分辨力', '0.003', '25', NULL, NULL, NULL, NULL, NULL, NULL, NULL, NULL, '2023-12-12 17:58:57', '2023-12-12 17:58:57');
INSERT INTO `biz_business_device_measure_item_data_calibrator` VALUES (1734513633821495298, 1734496611381317634, 'DCI', 'I', 'μA', '/', '/', '100', '90', 0.000100, '=a*示值 + b*量程', '0.05', '0.025', NULL, NULL, NULL, NULL, NULL, NULL, NULL, NULL, '2023-12-12 18:00:52', '2023-12-12 18:00:52');
INSERT INTO `biz_business_device_measure_item_data_calibrator` VALUES (1734513633825689601, 1734496611381317634, 'DCI', 'I', 'μA', '/', '/', '100', '-90', 0.000100, '=a*示值 + b*量程', '0.05', '0.025', NULL, NULL, NULL, NULL, NULL, NULL, NULL, NULL, '2023-12-12 18:00:52', '2023-12-12 18:00:52');
INSERT INTO `biz_business_device_measure_item_data_calibrator` VALUES (1734513633825689602, 1734496611381317634, 'DCI', 'I', 'μA', '/', '/', '100', '50', 0.000100, '=a*示值 + b*量程', '0.05', '0.025', NULL, NULL, NULL, NULL, NULL, NULL, NULL, NULL, '2023-12-12 18:00:52', '2023-12-12 18:00:52');
INSERT INTO `biz_business_device_measure_item_data_calibrator` VALUES (1734513633825689603, 1734496611381317634, 'DCI', 'I', 'μA', '/', '/', '100', '10', 0.000100, '=a*示值 + b*量程', '0.05', '0.025', NULL, NULL, NULL, NULL, NULL, NULL, NULL, NULL, '2023-12-12 18:00:52', '2023-12-12 18:00:52');
INSERT INTO `biz_business_device_measure_item_data_calibrator` VALUES (1734513633829883906, 1734496611381317634, 'DCI', 'I', 'mA', '/', '/', '1', '0.9', 0.000001, '=a*示值 + b*量程', '0.05', '0.005', NULL, NULL, NULL, NULL, NULL, NULL, NULL, NULL, '2023-12-12 18:00:52', '2023-12-12 18:00:52');
INSERT INTO `biz_business_device_measure_item_data_calibrator` VALUES (1734513633829883907, 1734496611381317634, 'DCI', 'I', 'mA', '/', '/', '1', '-0.9', 0.000001, '=a*示值 + b*量程', '0.05', '0.005', NULL, NULL, NULL, NULL, NULL, NULL, NULL, NULL, '2023-12-12 18:00:52', '2023-12-12 18:00:52');
INSERT INTO `biz_business_device_measure_item_data_calibrator` VALUES (1734513633834078209, 1734496611381317634, 'DCI', 'I', 'mA', '/', '/', '1', '0.5', 0.000001, '=a*示值 + b*量程', '0.05', '0.005', NULL, NULL, NULL, NULL, NULL, NULL, NULL, NULL, '2023-12-12 18:00:52', '2023-12-12 18:00:52');
INSERT INTO `biz_business_device_measure_item_data_calibrator` VALUES (1734513633834078210, 1734496611381317634, 'DCI', 'I', 'mA', '/', '/', '1', '-0.5', 0.000001, '=a*示值 + b*量程', '0.05', '0.005', NULL, NULL, NULL, NULL, NULL, NULL, NULL, NULL, '2023-12-12 18:00:52', '2023-12-12 18:00:52');
INSERT INTO `biz_business_device_measure_item_data_calibrator` VALUES (1734513633834078211, 1734496611381317634, 'DCI', 'I', 'mA', '/', '/', '10', '9', 0.000010, '=a*示值 + b*量程', '0.05', '0.02', NULL, NULL, NULL, NULL, NULL, NULL, NULL, NULL, '2023-12-12 18:00:52', '2023-12-12 18:00:52');
INSERT INTO `biz_business_device_measure_item_data_calibrator` VALUES (1734513633838272514, 1734496611381317634, 'DCI', 'I', 'mA', '/', '/', '10', '-9', 0.000010, '=a*示值 + b*量程', '0.05', '0.02', NULL, NULL, NULL, NULL, NULL, NULL, NULL, NULL, '2023-12-12 18:00:52', '2023-12-12 18:00:52');
INSERT INTO `biz_business_device_measure_item_data_calibrator` VALUES (1734513633838272515, 1734496611381317634, 'DCI', 'I', 'mA', '/', '/', '10', '5', 0.000010, '=a*示值 + b*量程', '0.05', '0.02', NULL, NULL, NULL, NULL, NULL, NULL, NULL, NULL, '2023-12-12 18:00:52', '2023-12-12 18:00:52');
INSERT INTO `biz_business_device_measure_item_data_calibrator` VALUES (1734513633838272516, 1734496611381317634, 'DCI', 'I', 'mA', '/', '/', '10', '1', 0.000010, '=a*示值 + b*量程', '0.05', '0.02', NULL, NULL, NULL, NULL, NULL, NULL, NULL, NULL, '2023-12-12 18:00:52', '2023-12-12 18:00:52');
INSERT INTO `biz_business_device_measure_item_data_calibrator` VALUES (1734513633842466817, 1734496611381317634, 'DCI', 'I', 'mA', '/', '/', '100', '90', 0.000100, '=a*示值 + b*量程', '0.05', '0.005', NULL, NULL, NULL, NULL, NULL, NULL, NULL, NULL, '2023-12-12 18:00:52', '2023-12-12 18:00:52');
INSERT INTO `biz_business_device_measure_item_data_calibrator` VALUES (1734513633842466818, 1734496611381317634, 'DCI', 'I', 'mA', '/', '/', '100', '-90', 0.000100, '=a*示值 + b*量程', '0.05', '0.005', NULL, NULL, NULL, NULL, NULL, NULL, NULL, NULL, '2023-12-12 18:00:52', '2023-12-12 18:00:52');
INSERT INTO `biz_business_device_measure_item_data_calibrator` VALUES (1734513633846661121, 1734496611381317634, 'DCI', 'I', 'mA', '/', '/', '100', '70', 0.000100, '=a*示值 + b*量程', '0.05', '0.005', NULL, NULL, NULL, NULL, NULL, NULL, NULL, NULL, '2023-12-12 18:00:52', '2023-12-12 18:00:52');
INSERT INTO `biz_business_device_measure_item_data_calibrator` VALUES (1734513633846661122, 1734496611381317634, 'DCI', 'I', 'mA', '/', '/', '100', '50', 0.000100, '=a*示值 + b*量程', '0.05', '0.005', NULL, NULL, NULL, NULL, NULL, NULL, NULL, NULL, '2023-12-12 18:00:52', '2023-12-12 18:00:52');
INSERT INTO `biz_business_device_measure_item_data_calibrator` VALUES (1734513633846661123, 1734496611381317634, 'DCI', 'I', 'mA', '/', '/', '100', '30', 0.000100, '=a*示值 + b*量程', '0.05', '0.005', NULL, NULL, NULL, NULL, NULL, NULL, NULL, NULL, '2023-12-12 18:00:52', '2023-12-12 18:00:52');
INSERT INTO `biz_business_device_measure_item_data_calibrator` VALUES (1734513633850855425, 1734496611381317634, 'DCI', 'I', 'mA', '/', '/', '100', '10', 0.000100, '=a*示值 + b*量程', '0.05', '0.005', NULL, NULL, NULL, NULL, NULL, NULL, NULL, NULL, '2023-12-12 18:00:52', '2023-12-12 18:00:52');
INSERT INTO `biz_business_device_measure_item_data_calibrator` VALUES (1734513633850855426, 1734496611381317634, 'DCI', 'I', 'A', '/', '/', '1', '0.9', 0.000100, '=a*示值 + b*量程', '0.05', '0.02', NULL, NULL, NULL, NULL, NULL, NULL, NULL, NULL, '2023-12-12 18:00:52', '2023-12-12 18:00:52');
INSERT INTO `biz_business_device_measure_item_data_calibrator` VALUES (1734513633850855427, 1734496611381317634, 'DCI', 'I', 'A', '/', '/', '1', '-0.9', 0.000100, '=a*示值 + b*量程', '0.05', '0.02', NULL, NULL, NULL, NULL, NULL, NULL, NULL, NULL, '2023-12-12 18:00:52', '2023-12-12 18:00:52');
INSERT INTO `biz_business_device_measure_item_data_calibrator` VALUES (1734513633850855428, 1734496611381317634, 'DCI', 'I', 'A', '/', '/', '1', '0.5', 0.000100, '=a*示值 + b*量程', '0.05', '0.02', NULL, NULL, NULL, NULL, NULL, NULL, NULL, NULL, '2023-12-12 18:00:52', '2023-12-12 18:00:52');
INSERT INTO `biz_business_device_measure_item_data_calibrator` VALUES (1734513633855049729, 1734496611381317634, 'DCI', 'I', 'A', '/', '/', '1', '0.1', 0.000100, '=a*示值 + b*量程', '0.05', '0.02', NULL, NULL, NULL, NULL, NULL, NULL, NULL, NULL, '2023-12-12 18:00:52', '2023-12-12 18:00:52');
INSERT INTO `biz_business_device_measure_item_data_calibrator` VALUES (1734513633855049730, 1734496611381317634, 'DCI', 'I', 'A', '/', '/', '3', '2.9', 0.000001, '=a*示值 + b*量程', '0.1', '0.02', NULL, NULL, NULL, NULL, NULL, NULL, NULL, NULL, '2023-12-12 18:00:52', '2023-12-12 18:00:52');
INSERT INTO `biz_business_device_measure_item_data_calibrator` VALUES (1734513633855049731, 1734496611381317634, 'DCI', 'I', 'A', '/', '/', '3', '-2.9', 0.000001, '=a*示值 + b*量程', '0.1', '0.02', NULL, NULL, NULL, NULL, NULL, NULL, NULL, NULL, '2023-12-12 18:00:52', '2023-12-12 18:00:52');
INSERT INTO `biz_business_device_measure_item_data_calibrator` VALUES (1734513730512785410, 1734496054168031234, 'ACV', 'U', 'mV', '50', '50', '500', '500', 0.010000, '=a*示值 + b*分辨力', '0.003', '25', NULL, NULL, NULL, NULL, NULL, NULL, NULL, NULL, '2023-12-12 18:01:15', '2023-12-12 18:01:15');
INSERT INTO `biz_business_device_measure_item_data_calibrator` VALUES (1734741571632402434, 1734496054168031234, 'ACV', 'U', 'V', '50', '50', '5', '5', 0.000100, '=a*示值 + b*分辨力', '0.003', '25', NULL, NULL, NULL, NULL, NULL, NULL, NULL, NULL, '2023-12-13 09:06:37', '2023-12-13 09:06:37');
INSERT INTO `biz_business_device_measure_item_data_calibrator` VALUES (1734741571636596738, 1734496054168031234, 'ACV', 'U', 'V', '50', '50', '50', '50', 0.001000, '=a*示值 + b*分辨力', '0.003', '25', NULL, NULL, NULL, NULL, NULL, NULL, NULL, NULL, '2023-12-13 09:06:37', '2023-12-13 09:06:37');
INSERT INTO `biz_business_device_measure_item_data_calibrator` VALUES (1734741571636596739, 1734496054168031234, 'ACV', 'U', 'V', '50', '50', '500', '500', 0.010000, '=a*示值 + b*分辨力', '0.003', '25', NULL, NULL, NULL, NULL, NULL, NULL, NULL, NULL, '2023-12-13 09:06:37', '2023-12-13 09:06:37');
INSERT INTO `biz_business_device_measure_item_data_calibrator` VALUES (1734741571636596740, 1734496054168031234, 'ACV', 'U', 'V', '50', '50', '1000', '1000', 0.100000, '=a*示值 + b*分辨力', '0.003', '25', NULL, NULL, NULL, NULL, NULL, NULL, NULL, NULL, '2023-12-13 09:06:37', '2023-12-13 09:06:37');
INSERT INTO `biz_business_device_measure_item_data_calibrator` VALUES (1734741571640791041, 1734496054168031234, 'DCI', 'I', 'μA', '50', '50', '500', '500', 0.010000, '=a*示值 + b*分辨力', '0.00075', '20', NULL, NULL, NULL, NULL, NULL, NULL, NULL, NULL, '2023-12-13 09:06:37', '2023-12-13 09:06:37');
INSERT INTO `biz_business_device_measure_item_data_calibrator` VALUES (1734741571640791042, 1734496054168031234, 'DCI', 'I', 'μA', '50', '50', '500', '-500', 0.010000, '=a*示值 + b*分辨力', '0.00075', '20', NULL, NULL, NULL, NULL, NULL, NULL, NULL, NULL, '2023-12-13 09:06:37', '2023-12-13 09:06:37');
INSERT INTO `biz_business_device_measure_item_data_calibrator` VALUES (1734741571640791043, 1734496054168031234, 'DCI', 'I', 'μA', '50', '50', '5000', '5000', 0.100000, '=a*示值 + b*分辨力', '0.00075', '2', NULL, NULL, NULL, NULL, NULL, NULL, NULL, NULL, '2023-12-13 09:06:37', '2023-12-13 09:06:37');
INSERT INTO `biz_business_device_measure_item_data_calibrator` VALUES (1734741571640791044, 1734496054168031234, 'DCI', 'I', 'μA', '50', '50', '5000', '-5000', 0.100000, '=a*示值 + b*分辨力', '0.00075', '2', NULL, NULL, NULL, NULL, NULL, NULL, NULL, NULL, '2023-12-13 09:06:37', '2023-12-13 09:06:37');
INSERT INTO `biz_business_device_measure_item_data_calibrator` VALUES (1734741571644985346, 1734496054168031234, 'DCI', 'I', 'mA', '50', '50', '50', '50', 0.001000, '=a*示值 + b*分辨力', '0.0005', '10', NULL, NULL, NULL, NULL, NULL, NULL, NULL, NULL, '2023-12-13 09:06:37', '2023-12-13 09:06:37');
INSERT INTO `biz_business_device_measure_item_data_calibrator` VALUES (1734741571644985347, 1734496054168031234, 'DCI', 'I', 'mA', '50', '50', '50', '-50', 0.001000, '=a*示值 + b*分辨力', '0.0005', '10', NULL, NULL, NULL, NULL, NULL, NULL, NULL, NULL, '2023-12-13 09:06:37', '2023-12-13 09:06:37');
INSERT INTO `biz_business_device_measure_item_data_calibrator` VALUES (1734741571644985348, 1734496054168031234, 'DCI', 'I', 'mA', '50', '50', '400', '400', 0.010000, '=a*示值 + b*分辨力', '0.0015', '2', NULL, NULL, NULL, NULL, NULL, NULL, NULL, NULL, '2023-12-13 09:06:37', '2023-12-13 09:06:37');
INSERT INTO `biz_business_device_measure_item_data_calibrator` VALUES (1734741571644985349, 1734496054168031234, 'DCI', 'I', 'mA', '50', '50', '400', '-400', 0.010000, '=a*示值 + b*分辨力', '0.0015', '2', NULL, NULL, NULL, NULL, NULL, NULL, NULL, NULL, '2023-12-13 09:06:37', '2023-12-13 09:06:37');
INSERT INTO `biz_business_device_measure_item_data_calibrator` VALUES (1734741571649179649, 1734496054168031234, 'DCI', 'I', 'A', '50', '50', '5', '5', 0.000100, '=a*示值 + b*分辨力', '0.003', '10', NULL, NULL, NULL, NULL, NULL, NULL, NULL, NULL, '2023-12-13 09:06:37', '2023-12-13 09:06:37');
INSERT INTO `biz_business_device_measure_item_data_calibrator` VALUES (1734741571649179650, 1734496054168031234, 'DCI', 'I', 'A', '50', '50', '5', '-5', 0.000100, '=a*示值 + b*分辨力', '0.003', '10', NULL, NULL, NULL, NULL, NULL, NULL, NULL, NULL, '2023-12-13 09:06:37', '2023-12-13 09:06:37');
INSERT INTO `biz_business_device_measure_item_data_calibrator` VALUES (1734741571649179651, 1734496054168031234, 'DCI', 'I', 'A', '50', '50', '10', '10', 0.001000, '=a*示值 + b*分辨力', '0.003', '2', NULL, NULL, NULL, NULL, NULL, NULL, NULL, NULL, '2023-12-13 09:06:37', '2023-12-13 09:06:37');
INSERT INTO `biz_business_device_measure_item_data_calibrator` VALUES (1734741571649179652, 1734496054168031234, 'DCI', 'I', 'A', '50', '50', '10', '-10', 0.001000, '=a*示值 + b*分辨力', '0.003', '2', NULL, NULL, NULL, NULL, NULL, NULL, NULL, NULL, '2023-12-13 09:06:37', '2023-12-13 09:06:37');
INSERT INTO `biz_business_device_measure_item_data_calibrator` VALUES (1734741571649179653, 1734496054168031234, 'ACI', 'I', 'mA', '50', '50', '50', '50', 0.001000, '=a*示值 + b*分辨力', '0.006', '20', NULL, NULL, NULL, NULL, NULL, NULL, NULL, NULL, '2023-12-13 09:06:37', '2023-12-13 09:06:37');
INSERT INTO `biz_business_device_measure_item_data_calibrator` VALUES (1734741571653373954, 1734496054168031234, 'ACI', 'I', 'mA', '50', '50', '400', '400', 0.010000, '=a*示值 + b*分辨力', '0.006', '5', NULL, NULL, NULL, NULL, NULL, NULL, NULL, NULL, '2023-12-13 09:06:37', '2023-12-13 09:06:37');
INSERT INTO `biz_business_device_measure_item_data_calibrator` VALUES (1734741571653373955, 1734496054168031234, 'ACI', 'I', 'A', '50', '50', '5', '5', 0.000100, '=a*示值 + b*分辨力', '0.008', '20', NULL, NULL, NULL, NULL, NULL, NULL, NULL, NULL, '2023-12-13 09:06:37', '2023-12-13 09:06:37');
INSERT INTO `biz_business_device_measure_item_data_calibrator` VALUES (1734741571653373956, 1734496054168031234, 'ACI', 'I', 'A', '50', '50', '10', '10', 0.001000, '=a*示值 + b*分辨力', '0.008', '5', NULL, NULL, NULL, NULL, NULL, NULL, NULL, NULL, '2023-12-13 09:06:37', '2023-12-13 09:06:37');
INSERT INTO `biz_business_device_measure_item_data_calibrator` VALUES (1734741571653373957, 1734496054168031234, 'R', 'R', 'Ω', '50', '50', '500', '100', 0.010000, '=a*示值 + b*分辨力', '0.0005', '10', NULL, NULL, NULL, NULL, NULL, NULL, NULL, NULL, '2023-12-13 09:06:37', '2023-12-13 09:06:37');
INSERT INTO `biz_business_device_measure_item_data_calibrator` VALUES (1734741571653373958, 1734496054168031234, 'R', 'R', 'KΩ', '50', '50', '5', '1', 0.000100, '=a*示值 + b*分辨力', '0.0005', '2', NULL, NULL, NULL, NULL, NULL, NULL, NULL, NULL, '2023-12-13 09:06:37', '2023-12-13 09:06:37');
INSERT INTO `biz_business_device_measure_item_data_calibrator` VALUES (1734741571657568257, 1734496054168031234, 'R', 'R', 'KΩ', '50', '50', '50', '10', 0.001000, '=a*示值 + b*分辨力', '0.0005', '2', NULL, NULL, NULL, NULL, NULL, NULL, NULL, NULL, '2023-12-13 09:06:37', '2023-12-13 09:06:37');
INSERT INTO `biz_business_device_measure_item_data_calibrator` VALUES (1734741571657568258, 1734496054168031234, 'R', 'R', 'KΩ', '50', '50', '500', '100', 0.010000, '=a*示值 + b*分辨力', '0.0005', '2', NULL, NULL, NULL, NULL, NULL, NULL, NULL, NULL, '2023-12-13 09:06:37', '2023-12-13 09:06:37');
INSERT INTO `biz_business_device_measure_item_data_calibrator` VALUES (1734741571657568259, 1734496054168031234, 'R', 'R', 'MΩ', '50', '50', '5', '1', 0.000100, '=a*示值 + b*分辨力', '0.0015', '4', NULL, NULL, NULL, NULL, NULL, NULL, NULL, NULL, '2023-12-13 09:06:37', '2023-12-13 09:06:37');
INSERT INTO `biz_business_device_measure_item_data_calibrator` VALUES (1734741571657568260, 1734496054168031234, 'R', 'R', 'MΩ', '50', '50', '30', '10', 0.001000, '=a*示值 + b*分辨力', '0.015', '4', NULL, NULL, NULL, NULL, NULL, NULL, NULL, NULL, '2023-12-13 09:06:37', '2023-12-13 09:06:37');
INSERT INTO `biz_business_device_measure_item_data_calibrator` VALUES (1734745115227885570, 1734496611381317634, 'DCI', 'I', 'A', '/', '/', '3', '1.5', 0.000001, '=a*示值 + b*量程', '0.1', '0.02', NULL, NULL, NULL, NULL, NULL, NULL, NULL, NULL, '2023-12-13 09:20:41', '2023-12-13 09:20:41');
INSERT INTO `biz_business_device_measure_item_data_calibrator` VALUES (1734745115227885571, 1734496611381317634, 'DCI', 'I', 'A', '/', '/', '3', '0.3', 0.000001, '=a*示值 + b*量程', '0.1', '0.02', NULL, NULL, NULL, NULL, NULL, NULL, NULL, NULL, '2023-12-13 09:20:41', '2023-12-13 09:20:41');
INSERT INTO `biz_business_device_measure_item_data_calibrator` VALUES (1734745115227885572, 1734496611381317634, 'DCI', 'I', 'A', '/', '/', '10', '9', 0.000010, '=a*示值 + b*量程', '0.15', '0.008', NULL, NULL, NULL, NULL, NULL, NULL, NULL, NULL, '2023-12-13 09:20:41', '2023-12-13 09:20:41');
INSERT INTO `biz_business_device_measure_item_data_calibrator` VALUES (1734745115232079873, 1734496611381317634, 'DCI', 'I', 'A', '/', '/', '10', '-9', 0.000010, '=a*示值 + b*量程', '0.15', '0.008', NULL, NULL, NULL, NULL, NULL, NULL, NULL, NULL, '2023-12-13 09:20:41', '2023-12-13 09:20:41');
INSERT INTO `biz_business_device_measure_item_data_calibrator` VALUES (1734745115232079874, 1734496611381317634, 'DCI', 'I', 'A', '/', '/', '10', '5', 0.000010, '=a*示值 + b*量程', '0.15', '0.008', NULL, NULL, NULL, NULL, NULL, NULL, NULL, NULL, '2023-12-13 09:20:41', '2023-12-13 09:20:41');
INSERT INTO `biz_business_device_measure_item_data_calibrator` VALUES (1734745115232079875, 1734496611381317634, 'DCI', 'I', 'A', '/', '/', '10', '1', 0.000010, '=a*示值 + b*量程', '0.15', '0.008', NULL, NULL, NULL, NULL, NULL, NULL, NULL, NULL, '2023-12-13 09:20:41', '2023-12-13 09:20:41');
INSERT INTO `biz_business_device_measure_item_data_calibrator` VALUES (1734745115232079876, 1734496611381317634, 'ACV', 'U', 'mV', '10', '10', '100', '100', 0.000100, '=a*示值 + b*量程', '0.0035', '0.0004', NULL, NULL, NULL, NULL, NULL, NULL, NULL, NULL, '2023-12-13 09:20:41', '2023-12-13 09:20:41');
INSERT INTO `biz_business_device_measure_item_data_calibrator` VALUES (1734745115236274178, 1734496611381317634, 'ACV', 'U', 'mV', '50', '50', '100', '100', 0.000100, '=a*示值 + b*量程', '0.0006', '0.0004', NULL, NULL, NULL, NULL, NULL, NULL, NULL, NULL, '2023-12-13 09:20:41', '2023-12-13 09:20:41');
INSERT INTO `biz_business_device_measure_item_data_calibrator` VALUES (1734745115236274179, 1734496611381317634, 'ACV', 'U', 'mV', '1', '1', '100', '100', 0.000100, '=a*示值 + b*量程', '0.0006', '0.0004', NULL, NULL, NULL, NULL, NULL, NULL, NULL, NULL, '2023-12-13 09:20:41', '2023-12-13 09:20:41');
INSERT INTO `biz_business_device_measure_item_data_calibrator` VALUES (1734745115236274180, 1734496611381317634, 'ACV', 'U', 'mV', '20', '20', '100', '100', 0.000100, '=a*示值 + b*量程', '0.0006', '0.0004', NULL, NULL, NULL, NULL, NULL, NULL, NULL, NULL, '2023-12-13 09:20:41', '2023-12-13 09:20:41');
INSERT INTO `biz_business_device_measure_item_data_calibrator` VALUES (1734745115240468481, 1734496611381317634, 'ACV', 'U', 'mV', '50', '50', '100', '100', 0.000100, '=a*示值 + b*量程', '0.0012', '0.0005', NULL, NULL, NULL, NULL, NULL, NULL, NULL, NULL, '2023-12-13 09:20:41', '2023-12-13 09:20:41');
INSERT INTO `biz_business_device_measure_item_data_calibrator` VALUES (1734745115240468482, 1734496611381317634, 'ACV', 'U', 'mV', '100', '100', '100', '100', 0.000100, '=a*示值 + b*量程', '0.006', '0.0008', NULL, NULL, NULL, NULL, NULL, NULL, NULL, NULL, '2023-12-13 09:20:41', '2023-12-13 09:20:41');
INSERT INTO `biz_business_device_measure_item_data_calibrator` VALUES (1734745115240468483, 1734496611381317634, 'ACV', 'U', 'mV', '300', '300', '100', '100', 0.000100, '=a*示值 + b*量程', '0.006', '0.0008', NULL, NULL, NULL, NULL, NULL, NULL, NULL, NULL, '2023-12-13 09:20:41', '2023-12-13 09:20:41');
INSERT INTO `biz_business_device_measure_item_data_calibrator` VALUES (1734745115240468484, 1734496611381317634, 'ACV', 'U', 'mV', '10', '10', '100', '50', 0.000100, '=a*示值 + b*量程', '0.0035', '0.0004', NULL, NULL, NULL, NULL, NULL, NULL, NULL, NULL, '2023-12-13 09:20:41', '2023-12-13 09:20:41');
INSERT INTO `biz_business_device_measure_item_data_calibrator` VALUES (1734745115244662785, 1734496611381317634, 'ACV', 'U', 'mV', '50', '50', '100', '50', 0.000100, '=a*示值 + b*量程', '0.0006', '0.0004', NULL, NULL, NULL, NULL, NULL, NULL, NULL, NULL, '2023-12-13 09:20:41', '2023-12-13 09:20:41');
INSERT INTO `biz_business_device_measure_item_data_calibrator` VALUES (1734745115244662786, 1734496611381317634, 'ACV', 'U', 'mV', '1', '1', '100', '50', 0.000100, '=a*示值 + b*量程', '0.0006', '0.0004', NULL, NULL, NULL, NULL, NULL, NULL, NULL, NULL, '2023-12-13 09:20:41', '2023-12-13 09:20:41');
INSERT INTO `biz_business_device_measure_item_data_calibrator` VALUES (1734745115244662787, 1734496611381317634, 'ACV', 'U', 'mV', '20', '20', '100', '50', 0.000100, '=a*示值 + b*量程', '0.0006', '0.0004', NULL, NULL, NULL, NULL, NULL, NULL, NULL, NULL, '2023-12-13 09:20:41', '2023-12-13 09:20:41');
INSERT INTO `biz_business_device_measure_item_data_calibrator` VALUES (1734745115244662788, 1734496611381317634, 'ACV', 'U', 'mV', '50', '50', '100', '50', 0.000100, '=a*示值 + b*量程', '0.0012', '0.0005', NULL, NULL, NULL, NULL, NULL, NULL, NULL, NULL, '2023-12-13 09:20:41', '2023-12-13 09:20:41');
INSERT INTO `biz_business_device_measure_item_data_calibrator` VALUES (1734745115248857089, 1734496611381317634, 'ACV', 'U', 'mV', '100', '100', '100', '50', 0.000100, '=a*示值 + b*量程', '0.006', '0.0008', NULL, NULL, NULL, NULL, NULL, NULL, NULL, NULL, '2023-12-13 09:20:41', '2023-12-13 09:20:41');
INSERT INTO `biz_business_device_measure_item_data_calibrator` VALUES (1734745115248857090, 1734496611381317634, 'ACV', 'U', 'mV', '300', '300', '100', '50', 0.000100, '=a*示值 + b*量程', '0.04', '0.005', NULL, NULL, NULL, NULL, NULL, NULL, NULL, NULL, '2023-12-13 09:20:41', '2023-12-13 09:20:41');
INSERT INTO `biz_business_device_measure_item_data_calibrator` VALUES (1734745115248857091, 1734496611381317634, 'ACV', 'U', 'mV', '10', '10', '100', '10', 0.000100, '=a*示值 + b*量程', '0.0035', '0.0004', NULL, NULL, NULL, NULL, NULL, NULL, NULL, NULL, '2023-12-13 09:20:41', '2023-12-13 09:20:41');
INSERT INTO `biz_business_device_measure_item_data_calibrator` VALUES (1734751669230538754, 1734496611381317634, 'ACV', 'U', 'mV', '50', '50', '100', '10', 0.000100, '=a*示值 + b*量程', '0.0035', '0.0004', NULL, NULL, NULL, NULL, NULL, NULL, NULL, NULL, '2023-12-13 09:46:44', '2023-12-13 09:46:44');
INSERT INTO `biz_business_device_measure_item_data_calibrator` VALUES (1734751669230538755, 1734496611381317634, 'ACV', 'U', 'mV', '1', '1', '100', '10', 0.000100, '=a*示值 + b*量程', '0.0035', '0.0004', NULL, NULL, NULL, NULL, NULL, NULL, NULL, NULL, '2023-12-13 09:46:44', '2023-12-13 09:46:44');
INSERT INTO `biz_business_device_measure_item_data_calibrator` VALUES (1734752968101629953, 1734135521527001090, 'ACV', 'U', 'V', '50', 'Hz', '1000', '100', 0.000100, '=a*示值 + b*量程', '0.0035', '0.005', NULL, NULL, NULL, NULL, NULL, NULL, NULL, NULL, '2023-12-13 09:51:54', '2023-12-13 09:51:54');
INSERT INTO `biz_business_device_measure_item_data_calibrator` VALUES (1734752968101629954, 1734135521527001090, 'ACI', 'I', 'V', '50', 'Hz', '1000', '100', 0.000100, '=a*示值 + b*量程', '0.0035', '0.005', NULL, '2', NULL, NULL, NULL, NULL, NULL, NULL, '2023-12-13 09:51:54', '2023-12-13 09:51:54');
INSERT INTO `biz_business_device_measure_item_data_calibrator` VALUES (1734757344534892545, 1734496611381317634, 'ACV', 'U', 'mV', '20', '20', '100', '10', 0.000100, '=a*示值 + b*量程', '0.0035', '0.0004', NULL, NULL, NULL, NULL, NULL, NULL, NULL, NULL, '2023-12-13 10:09:17', '2023-12-13 10:09:17');
INSERT INTO `biz_business_device_measure_item_data_calibrator` VALUES (1734757344534892546, 1734496611381317634, 'ACV', 'U', 'mV', '50', '50', '100', '10', 0.000100, '=a*示值 + b*量程', '0.0035', '0.0004', NULL, NULL, NULL, NULL, NULL, NULL, NULL, NULL, '2023-12-13 10:09:17', '2023-12-13 10:09:17');
INSERT INTO `biz_business_device_measure_item_data_calibrator` VALUES (1734757344539086850, 1734496611381317634, 'ACV', 'U', 'mV', '100', '100', '100', '10', 0.000100, '=a*示值 + b*量程', '0.0035', '0.0004', NULL, NULL, NULL, NULL, NULL, NULL, NULL, NULL, '2023-12-13 10:09:17', '2023-12-13 10:09:17');
INSERT INTO `biz_business_device_measure_item_data_calibrator` VALUES (1734757344539086851, 1734496611381317634, 'ACV', 'U', 'mV', '300', '300', '100', '10', 0.000100, '=a*示值 + b*量程', '0.0035', '0.0004', NULL, NULL, NULL, NULL, NULL, NULL, NULL, NULL, '2023-12-13 10:09:17', '2023-12-13 10:09:17');
INSERT INTO `biz_business_device_measure_item_data_calibrator` VALUES (1734757344539086852, 1734496611381317634, 'ACV', 'U', 'V', '10', '10', '1', '1', 0.000001, '=a*示值 + b*量程', '0.0035', '0.0004', NULL, NULL, NULL, NULL, NULL, NULL, NULL, NULL, '2023-12-13 10:09:17', '2023-12-13 10:09:17');
INSERT INTO `biz_business_device_measure_item_data_calibrator` VALUES (1734757344539086853, 1734496611381317634, 'ACV', 'U', 'V', '50', '50', '1', '1', 0.000001, '=a*示值 + b*量程', '0.0035', '0.0004', NULL, NULL, NULL, NULL, NULL, NULL, NULL, NULL, '2023-12-13 10:09:17', '2023-12-13 10:09:17');
INSERT INTO `biz_business_device_measure_item_data_calibrator` VALUES (1734757344539086854, 1734496611381317634, 'ACV', 'U', 'V', '1', '1', '1', '1', 0.000001, '=a*示值 + b*量程', '0.0035', '0.0004', NULL, NULL, NULL, NULL, NULL, NULL, NULL, NULL, '2023-12-13 10:09:17', '2023-12-13 10:09:17');
INSERT INTO `biz_business_device_measure_item_data_calibrator` VALUES (1734757344543281154, 1734496611381317634, 'ACV', 'U', 'V', '20', '20', '1', '1', 0.000001, '=a*示值 + b*量程', '0.0035', '0.0004', NULL, NULL, NULL, NULL, NULL, NULL, NULL, NULL, '2023-12-13 10:09:17', '2023-12-13 10:09:17');
INSERT INTO `biz_business_device_measure_item_data_calibrator` VALUES (1734757344543281155, 1734496611381317634, 'ACV', 'U', 'V', '50', '50', '1', '1', 0.000001, '=a*示值 + b*量程', '0.0035', '0.0004', NULL, NULL, NULL, NULL, NULL, NULL, NULL, NULL, '2023-12-13 10:09:17', '2023-12-13 10:09:17');
INSERT INTO `biz_business_device_measure_item_data_calibrator` VALUES (1734757344543281156, 1734496611381317634, 'ACV', 'U', 'V', '100', '100', '1', '1', 0.000001, '=a*示值 + b*量程', '0.0035', '0.0004', NULL, NULL, NULL, NULL, NULL, NULL, NULL, NULL, '2023-12-13 10:09:17', '2023-12-13 10:09:17');
INSERT INTO `biz_business_device_measure_item_data_calibrator` VALUES (1734757344543281157, 1734496611381317634, 'ACV', 'U', 'V', '300', '300', '1', '1', 0.000001, '=a*示值 + b*量程', '0.0035', '0.0004', NULL, NULL, NULL, NULL, NULL, NULL, NULL, NULL, '2023-12-13 10:09:17', '2023-12-13 10:09:17');
INSERT INTO `biz_business_device_measure_item_data_calibrator` VALUES (1734757344543281158, 1734496611381317634, 'ACV', 'U', 'V', '10', '10', '1', '0.5', 0.000001, '=a*示值 + b*量程', '0.0035', '0.0004', NULL, NULL, NULL, NULL, NULL, NULL, NULL, NULL, '2023-12-13 10:09:17', '2023-12-13 10:09:17');
INSERT INTO `biz_business_device_measure_item_data_calibrator` VALUES (1734757344547475457, 1734496611381317634, 'ACV', 'U', 'V', '50', '50', '1', '0.5', 0.000001, '=a*示值 + b*量程', '0.0035', '0.0004', NULL, NULL, NULL, NULL, NULL, NULL, NULL, NULL, '2023-12-13 10:09:17', '2023-12-13 10:09:17');
INSERT INTO `biz_business_device_measure_item_data_calibrator` VALUES (1734757344547475458, 1734496611381317634, 'ACV', 'U', 'V', '1', '1', '1', '0.5', 0.000001, '=a*示值 + b*量程', '0.0035', '0.0004', NULL, NULL, NULL, NULL, NULL, NULL, NULL, NULL, '2023-12-13 10:09:17', '2023-12-13 10:09:17');
INSERT INTO `biz_business_device_measure_item_data_calibrator` VALUES (1734757344547475459, 1734496611381317634, 'ACV', 'U', 'V', '20', '20', '1', '0.5', 0.000001, '=a*示值 + b*量程', '0.0035', '0.0004', NULL, NULL, NULL, NULL, NULL, NULL, NULL, NULL, '2023-12-13 10:09:17', '2023-12-13 10:09:17');
INSERT INTO `biz_business_device_measure_item_data_calibrator` VALUES (1734757344547475460, 1734496611381317634, 'ACV', 'U', 'V', '50', '50', '1', '0.5', 0.000001, '=a*示值 + b*量程', '0.0035', '0.0004', NULL, NULL, NULL, NULL, NULL, NULL, NULL, NULL, '2023-12-13 10:09:17', '2023-12-13 10:09:17');
INSERT INTO `biz_business_device_measure_item_data_calibrator` VALUES (1734757344547475461, 1734496611381317634, 'ACV', 'U', 'V', '100', '100', '1', '0.5', 0.000001, '=a*示值 + b*量程', '0.0035', '0.0004', NULL, NULL, NULL, NULL, NULL, NULL, NULL, NULL, '2023-12-13 10:09:17', '2023-12-13 10:09:17');
INSERT INTO `biz_business_device_measure_item_data_calibrator` VALUES (1734757344551669762, 1734496611381317634, 'ACV', 'U', 'V', '300', '300', '1', '0.5', 0.000001, '=a*示值 + b*量程', '0.0035', '0.0004', NULL, NULL, NULL, NULL, NULL, NULL, NULL, NULL, '2023-12-13 10:09:17', '2023-12-13 10:09:17');
INSERT INTO `biz_business_device_measure_item_data_calibrator` VALUES (1734757344551669763, 1734496611381317634, 'ACV', 'U', 'V', '10', '10', '1', '0.1', 0.000001, '=a*示值 + b*量程', '0.0035', '0.0004', NULL, NULL, NULL, NULL, NULL, NULL, NULL, NULL, '2023-12-13 10:09:17', '2023-12-13 10:09:17');
INSERT INTO `biz_business_device_measure_item_data_calibrator` VALUES (1734757344551669764, 1734496611381317634, 'ACV', 'U', 'V', '50', '50', '1', '0.1', 0.000001, '=a*示值 + b*量程', '0.0035', '0.0004', NULL, NULL, NULL, NULL, NULL, NULL, NULL, NULL, '2023-12-13 10:09:17', '2023-12-13 10:09:17');
INSERT INTO `biz_business_device_measure_item_data_calibrator` VALUES (1734757344551669765, 1734496611381317634, 'ACV', 'U', 'V', '1', '1', '1', '0.1', 0.000001, '=a*示值 + b*量程', '0.0035', '0.0004', NULL, NULL, NULL, NULL, NULL, NULL, NULL, NULL, '2023-12-13 10:09:17', '2023-12-13 10:09:17');
INSERT INTO `biz_business_device_measure_item_data_calibrator` VALUES (1734757344551669766, 1734496611381317634, 'ACV', 'U', 'V', '20', '20', '1', '0.1', 0.000001, '=a*示值 + b*量程', '0.0035', '0.0004', NULL, NULL, NULL, NULL, NULL, NULL, NULL, NULL, '2023-12-13 10:09:17', '2023-12-13 10:09:17');
INSERT INTO `biz_business_device_measure_item_data_calibrator` VALUES (1734757344555864065, 1734496611381317634, 'ACV', 'U', 'V', '50', '50', '1', '0.1', 0.000001, '=a*示值 + b*量程', '0.0035', '0.0004', NULL, NULL, NULL, NULL, NULL, NULL, NULL, NULL, '2023-12-13 10:09:17', '2023-12-13 10:09:17');
INSERT INTO `biz_business_device_measure_item_data_calibrator` VALUES (1734757344555864066, 1734496611381317634, 'ACV', 'U', 'V', '100', '100', '1', '0.1', 0.000001, '=a*示值 + b*量程', '0.0035', '0.0004', NULL, NULL, NULL, NULL, NULL, NULL, NULL, NULL, '2023-12-13 10:09:17', '2023-12-13 10:09:17');
INSERT INTO `biz_business_device_measure_item_data_calibrator` VALUES (1734757344555864067, 1734496611381317634, 'ACV', 'U', 'V', '300', '300', '1', '0.1', 0.000001, '=a*示值 + b*量程', '0.0035', '0.0004', NULL, NULL, NULL, NULL, NULL, NULL, NULL, NULL, '2023-12-13 10:09:17', '2023-12-13 10:09:17');
INSERT INTO `biz_business_device_measure_item_data_calibrator` VALUES (1734757344555864068, 1734496611381317634, 'ACV', 'U', 'V', '10', '10', '10', '10', 0.000010, '=a*示值 + b*量程', '0.0035', '0.0004', NULL, NULL, NULL, NULL, NULL, NULL, NULL, NULL, '2023-12-13 10:09:17', '2023-12-13 10:09:17');
INSERT INTO `biz_business_device_measure_item_data_calibrator` VALUES (1734768308525240322, 1734496611381317634, 'ACV', 'U', 'V', '50', '10', '10', '10', 0.000010, '=a*示值 + b*量程', '0.0035', '0.0004', NULL, NULL, NULL, NULL, NULL, NULL, NULL, NULL, '2023-12-13 10:52:51', '2023-12-13 10:52:51');
INSERT INTO `biz_business_device_measure_item_data_calibrator` VALUES (1734768308529434625, 1734496611381317634, 'ACV', 'U', 'V', '1', '10', '10', '10', 0.000010, '=a*示值 + b*量程', '0.0035', '0.0004', NULL, NULL, NULL, NULL, NULL, NULL, NULL, NULL, '2023-12-13 10:52:51', '2023-12-13 10:52:51');
INSERT INTO `biz_business_device_measure_item_data_calibrator` VALUES (1734768308529434626, 1734496611381317634, 'ACV', 'U', 'V', '20', '10', '10', '10', 0.000010, '=a*示值 + b*量程', '0.0035', '0.0004', NULL, NULL, NULL, NULL, NULL, NULL, NULL, NULL, '2023-12-13 10:52:51', '2023-12-13 10:52:51');
INSERT INTO `biz_business_device_measure_item_data_calibrator` VALUES (1734768308529434627, 1734496611381317634, 'ACV', 'U', 'V', '50', '10', '10', '10', 0.000010, '=a*示值 + b*量程', '0.0035', '0.0004', NULL, NULL, NULL, NULL, NULL, NULL, NULL, NULL, '2023-12-13 10:52:51', '2023-12-13 10:52:51');
INSERT INTO `biz_business_device_measure_item_data_calibrator` VALUES (1734768308529434628, 1734496611381317634, 'ACV', 'U', 'V', '100', '10', '10', '10', 0.000010, '=a*示值 + b*量程', '0.0035', '0.0004', NULL, NULL, NULL, NULL, NULL, NULL, NULL, NULL, '2023-12-13 10:52:51', '2023-12-13 10:52:51');
INSERT INTO `biz_business_device_measure_item_data_calibrator` VALUES (1734768308529434629, 1734496611381317634, 'ACV', 'U', 'V', '300', '10', '10', '10', 0.000010, '=a*示值 + b*量程', '0.0035', '0.0004', NULL, NULL, NULL, NULL, NULL, NULL, NULL, NULL, '2023-12-13 10:52:51', '2023-12-13 10:52:51');
INSERT INTO `biz_business_device_measure_item_data_calibrator` VALUES (1734768308533628930, 1734496611381317634, 'ACV', 'U', 'V', '10', '10', '10', '8', 0.000010, '=a*示值 + b*量程', '0.0035', '0.0004', NULL, NULL, NULL, NULL, NULL, NULL, NULL, NULL, '2023-12-13 10:52:51', '2023-12-13 10:52:51');
INSERT INTO `biz_business_device_measure_item_data_calibrator` VALUES (1734768308533628931, 1734496611381317634, 'ACV', 'U', 'V', '50', '10', '10', '8', 0.000010, '=a*示值 + b*量程', '0.0035', '0.0004', NULL, NULL, NULL, NULL, NULL, NULL, NULL, NULL, '2023-12-13 10:52:51', '2023-12-13 10:52:51');
INSERT INTO `biz_business_device_measure_item_data_calibrator` VALUES (1734768308533628932, 1734496611381317634, 'ACV', 'U', 'V', '1', '10', '10', '8', 0.000010, '=a*示值 + b*量程', '0.0035', '0.0004', NULL, NULL, NULL, NULL, NULL, NULL, NULL, NULL, '2023-12-13 10:52:51', '2023-12-13 10:52:51');
INSERT INTO `biz_business_device_measure_item_data_calibrator` VALUES (1734768308533628933, 1734496611381317634, 'ACV', 'U', 'V', '20', '10', '10', '8', 0.000010, '=a*示值 + b*量程', '0.0035', '0.0004', NULL, NULL, NULL, NULL, NULL, NULL, NULL, NULL, '2023-12-13 10:52:51', '2023-12-13 10:52:51');
INSERT INTO `biz_business_device_measure_item_data_calibrator` VALUES (1734768308533628934, 1734496611381317634, 'ACV', 'U', 'V', '50', '10', '10', '8', 0.000010, '=a*示值 + b*量程', '0.0035', '0.0004', NULL, NULL, NULL, NULL, NULL, NULL, NULL, NULL, '2023-12-13 10:52:51', '2023-12-13 10:52:51');
INSERT INTO `biz_business_device_measure_item_data_calibrator` VALUES (1734768308537823233, 1734496611381317634, 'ACV', 'U', 'V', '100', '10', '10', '8', 0.000010, '=a*示值 + b*量程', '0.0035', '0.0004', NULL, NULL, NULL, NULL, NULL, NULL, NULL, NULL, '2023-12-13 10:52:51', '2023-12-13 10:52:51');
INSERT INTO `biz_business_device_measure_item_data_calibrator` VALUES (1734768308537823234, 1734496611381317634, 'ACV', 'U', 'V', '300', '10', '10', '8', 0.000010, '=a*示值 + b*量程', '0.0035', '0.0004', NULL, NULL, NULL, NULL, NULL, NULL, NULL, NULL, '2023-12-13 10:52:51', '2023-12-13 10:52:51');
INSERT INTO `biz_business_device_measure_item_data_calibrator` VALUES (1734768308537823235, 1734496611381317634, 'ACV', 'U', 'V', '10', '10', '10', '6', 0.000010, '=a*示值 + b*量程', '0.0035', '0.0004', NULL, NULL, NULL, NULL, NULL, NULL, NULL, NULL, '2023-12-13 10:52:51', '2023-12-13 10:52:51');
INSERT INTO `biz_business_device_measure_item_data_calibrator` VALUES (1734768308537823236, 1734496611381317634, 'ACV', 'U', 'V', '50', '10', '10', '6', 0.000010, '=a*示值 + b*量程', '0.0035', '0.0004', NULL, NULL, NULL, NULL, NULL, NULL, NULL, NULL, '2023-12-13 10:52:51', '2023-12-13 10:52:51');
INSERT INTO `biz_business_device_measure_item_data_calibrator` VALUES (1734768308537823237, 1734496611381317634, 'ACV', 'U', 'V', '1', '10', '10', '6', 0.000010, '=a*示值 + b*量程', '0.0035', '0.0004', NULL, NULL, NULL, NULL, NULL, NULL, NULL, NULL, '2023-12-13 10:52:51', '2023-12-13 10:52:51');
INSERT INTO `biz_business_device_measure_item_data_calibrator` VALUES (1734768308537823238, 1734496611381317634, 'ACV', 'U', 'V', '20', '10', '10', '6', 0.000010, '=a*示值 + b*量程', '0.0035', '0.0004', NULL, NULL, NULL, NULL, NULL, NULL, NULL, NULL, '2023-12-13 10:52:51', '2023-12-13 10:52:51');
INSERT INTO `biz_business_device_measure_item_data_calibrator` VALUES (1734768308542017537, 1734496611381317634, 'ACV', 'U', 'V', '50', '10', '10', '6', 0.000010, '=a*示值 + b*量程', '0.0035', '0.0004', NULL, NULL, NULL, NULL, NULL, NULL, NULL, NULL, '2023-12-13 10:52:51', '2023-12-13 10:52:51');
INSERT INTO `biz_business_device_measure_item_data_calibrator` VALUES (1734768308542017538, 1734496611381317634, 'ACV', 'U', 'V', '100', '10', '10', '6', 0.000010, '=a*示值 + b*量程', '0.0035', '0.0004', NULL, NULL, NULL, NULL, NULL, NULL, NULL, NULL, '2023-12-13 10:52:51', '2023-12-13 10:52:51');
INSERT INTO `biz_business_device_measure_item_data_calibrator` VALUES (1734768308542017539, 1734496611381317634, 'ACV', 'U', 'V', '300', '10', '10', '6', 0.000010, '=a*示值 + b*量程', '0.0035', '0.0004', NULL, NULL, NULL, NULL, NULL, NULL, NULL, NULL, '2023-12-13 10:52:51', '2023-12-13 10:52:51');
INSERT INTO `biz_business_device_measure_item_data_calibrator` VALUES (1734768308542017540, 1734496611381317634, 'ACV', 'U', 'V', '10', '10', '10', '4', 0.000010, '=a*示值 + b*量程', '0.0035', '0.0004', NULL, NULL, NULL, NULL, NULL, NULL, NULL, NULL, '2023-12-13 10:52:51', '2023-12-13 10:52:51');
INSERT INTO `biz_business_device_measure_item_data_calibrator` VALUES (1734768308542017541, 1734496611381317634, 'ACV', 'U', 'V', '50', '10', '10', '4', 0.000010, '=a*示值 + b*量程', '0.0035', '0.0004', NULL, NULL, NULL, NULL, NULL, NULL, NULL, NULL, '2023-12-13 10:52:51', '2023-12-13 10:52:51');
INSERT INTO `biz_business_device_measure_item_data_calibrator` VALUES (1734768308546211841, 1734496611381317634, 'ACV', 'U', 'V', '1', '10', '10', '4', 0.000010, '=a*示值 + b*量程', '0.0035', '0.0004', NULL, NULL, NULL, NULL, NULL, NULL, NULL, NULL, '2023-12-13 10:52:51', '2023-12-13 10:52:51');
INSERT INTO `biz_business_device_measure_item_data_calibrator` VALUES (1734768308546211842, 1734496611381317634, 'ACV', 'U', 'V', '20', '10', '10', '4', 0.000010, '=a*示值 + b*量程', '0.0035', '0.0004', NULL, NULL, NULL, NULL, NULL, NULL, NULL, NULL, '2023-12-13 10:52:51', '2023-12-13 10:52:51');
INSERT INTO `biz_business_device_measure_item_data_calibrator` VALUES (1734768308546211843, 1734496611381317634, 'ACV', 'U', 'V', '50', '10', '10', '4', 0.000010, '=a*示值 + b*量程', '0.0035', '0.0004', NULL, NULL, NULL, NULL, NULL, NULL, NULL, NULL, '2023-12-13 10:52:51', '2023-12-13 10:52:51');
INSERT INTO `biz_business_device_measure_item_data_calibrator` VALUES (1734768308546211844, 1734496611381317634, 'ACV', 'U', 'V', '100', '10', '10', '4', 0.000010, '=a*示值 + b*量程', '0.0035', '0.0004', NULL, NULL, NULL, NULL, NULL, NULL, NULL, NULL, '2023-12-13 10:52:51', '2023-12-13 10:52:51');
INSERT INTO `biz_business_device_measure_item_data_calibrator` VALUES (1734768308546211845, 1734496611381317634, 'ACV', 'U', 'V', '300', '10', '10', '4', 0.000010, '=a*示值 + b*量程', '0.0035', '0.0004', NULL, NULL, NULL, NULL, NULL, NULL, NULL, NULL, '2023-12-13 10:52:51', '2023-12-13 10:52:51');
INSERT INTO `biz_business_device_measure_item_data_calibrator` VALUES (1734768308550406145, 1734496611381317634, 'ACV', 'U', 'V', '10', '10', '10', '2', 0.000010, '=a*示值 + b*量程', '0.0035', '0.0004', NULL, NULL, NULL, NULL, NULL, NULL, NULL, NULL, '2023-12-13 10:52:51', '2023-12-13 10:52:51');
INSERT INTO `biz_business_device_measure_item_data_calibrator` VALUES (1734768308550406146, 1734496611381317634, 'ACV', 'U', 'V', '50', '10', '10', '2', 0.000010, '=a*示值 + b*量程', '0.0035', '0.0004', NULL, NULL, NULL, NULL, NULL, NULL, NULL, NULL, '2023-12-13 10:52:51', '2023-12-13 10:52:51');
INSERT INTO `biz_business_device_measure_item_data_calibrator` VALUES (1734768308550406147, 1734496611381317634, 'ACV', 'U', 'V', '1', '10', '10', '2', 0.000010, '=a*示值 + b*量程', '0.0035', '0.0004', NULL, NULL, NULL, NULL, NULL, NULL, NULL, NULL, '2023-12-13 10:52:51', '2023-12-13 10:52:51');
INSERT INTO `biz_business_device_measure_item_data_calibrator` VALUES (1734768308550406148, 1734496611381317634, 'ACV', 'U', 'V', '20', '10', '10', '2', 0.000010, '=a*示值 + b*量程', '0.0035', '0.0004', NULL, NULL, NULL, NULL, NULL, NULL, NULL, NULL, '2023-12-13 10:52:51', '2023-12-13 10:52:51');
INSERT INTO `biz_business_device_measure_item_data_calibrator` VALUES (1734768308550406149, 1734496611381317634, 'ACV', 'U', 'V', '50', '10', '10', '2', 0.000010, '=a*示值 + b*量程', '0.0035', '0.0004', NULL, NULL, NULL, NULL, NULL, NULL, NULL, NULL, '2023-12-13 10:52:51', '2023-12-13 10:52:51');
INSERT INTO `biz_business_device_measure_item_data_calibrator` VALUES (1734768308554600449, 1734496611381317634, 'ACV', 'U', 'V', '100', '10', '10', '2', 0.000010, '=a*示值 + b*量程', '0.0035', '0.0004', NULL, NULL, NULL, NULL, NULL, NULL, NULL, NULL, '2023-12-13 10:52:51', '2023-12-13 10:52:51');
INSERT INTO `biz_business_device_measure_item_data_calibrator` VALUES (1734768308554600450, 1734496611381317634, 'ACV', 'U', 'V', '30', '10', '10', '2', 0.000010, '=a*示值 + b*量程', '0.0035', '0.0004', NULL, NULL, NULL, NULL, NULL, NULL, NULL, NULL, '2023-12-13 10:52:51', '2023-12-13 10:52:51');
INSERT INTO `biz_business_device_measure_item_data_calibrator` VALUES (1734768308554600451, 1734496611381317634, 'ACV', 'U', 'V', '10', '10', '10', '1', 0.000010, '=a*示值 + b*量程', '0.0035', '0.0004', NULL, NULL, NULL, NULL, NULL, NULL, NULL, NULL, '2023-12-13 10:52:51', '2023-12-13 10:52:51');
INSERT INTO `biz_business_device_measure_item_data_calibrator` VALUES (1734768308554600452, 1734496611381317634, 'ACV', 'U', 'V', '50', '10', '10', '1', 0.000010, '=a*示值 + b*量程', '0.0035', '0.0004', NULL, NULL, NULL, NULL, NULL, NULL, NULL, NULL, '2023-12-13 10:52:51', '2023-12-13 10:52:51');
INSERT INTO `biz_business_device_measure_item_data_calibrator` VALUES (1734768308554600453, 1734496611381317634, 'ACV', 'U', 'V', '1', '10', '10', '1', 0.000010, '=a*示值 + b*量程', '0.0035', '0.0004', NULL, NULL, NULL, NULL, NULL, NULL, NULL, NULL, '2023-12-13 10:52:51', '2023-12-13 10:52:51');
INSERT INTO `biz_business_device_measure_item_data_calibrator` VALUES (1734768308554600454, 1734496611381317634, 'ACV', 'U', 'V', '20', '10', '10', '1', 0.000010, '=a*示值 + b*量程', '0.0035', '0.0004', NULL, NULL, NULL, NULL, NULL, NULL, NULL, NULL, '2023-12-13 10:52:51', '2023-12-13 10:52:51');
INSERT INTO `biz_business_device_measure_item_data_calibrator` VALUES (1734768308558794754, 1734496611381317634, 'ACV', 'U', 'V', '50', '10', '10', '1', 0.000010, '=a*示值 + b*量程', '0.0035', '0.0004', NULL, NULL, NULL, NULL, NULL, NULL, NULL, NULL, '2023-12-13 10:52:51', '2023-12-13 10:52:51');
INSERT INTO `biz_business_device_measure_item_data_calibrator` VALUES (1734768308558794755, 1734496611381317634, 'ACV', 'U', 'V', '100', '10', '10', '1', 0.000010, '=a*示值 + b*量程', '0.0035', '0.0004', NULL, NULL, NULL, NULL, NULL, NULL, NULL, NULL, '2023-12-13 10:52:51', '2023-12-13 10:52:51');
INSERT INTO `biz_business_device_measure_item_data_calibrator` VALUES (1734768308558794756, 1734496611381317634, 'ACV', 'U', 'V', '300', '10', '10', '1', 0.000010, '=a*示值 + b*量程', '0.0035', '0.0004', NULL, NULL, NULL, NULL, NULL, NULL, NULL, NULL, '2023-12-13 10:52:51', '2023-12-13 10:52:51');
INSERT INTO `biz_business_device_measure_item_data_calibrator` VALUES (1734768308558794757, 1734496611381317634, 'ACV', 'U', 'V', '10', '10', '100', '100', 0.000100, '=a*示值 + b*量程', '0.0035', '0.0004', NULL, NULL, NULL, NULL, NULL, NULL, NULL, NULL, '2023-12-13 10:52:51', '2023-12-13 10:52:51');
INSERT INTO `biz_business_device_measure_item_data_calibrator` VALUES (1734768308558794758, 1734496611381317634, 'ACV', 'U', 'V', '50', '10', '100', '100', 0.000100, '=a*示值 + b*量程', '0.0035', '0.0004', NULL, NULL, NULL, NULL, NULL, NULL, NULL, NULL, '2023-12-13 10:52:51', '2023-12-13 10:52:51');
INSERT INTO `biz_business_device_measure_item_data_calibrator` VALUES (1734768308562989057, 1734496611381317634, 'ACV', 'U', 'V', '1', '10', '100', '100', 0.000100, '=a*示值 + b*量程', '0.0035', '0.0004', NULL, NULL, NULL, NULL, NULL, NULL, NULL, NULL, '2023-12-13 10:52:51', '2023-12-13 10:52:51');
INSERT INTO `biz_business_device_measure_item_data_calibrator` VALUES (1734768308562989058, 1734496611381317634, 'ACV', 'U', 'V', '20', '10', '100', '100', 0.000100, '=a*示值 + b*量程', '0.0035', '0.0004', NULL, NULL, NULL, NULL, NULL, NULL, NULL, NULL, '2023-12-13 10:52:51', '2023-12-13 10:52:51');
INSERT INTO `biz_business_device_measure_item_data_calibrator` VALUES (1734768308562989059, 1734496611381317634, 'ACV', 'U', 'V', '50', '10', '100', '100', 0.000100, '=a*示值 + b*量程', '0.0035', '0.0004', NULL, NULL, NULL, NULL, NULL, NULL, NULL, NULL, '2023-12-13 10:52:51', '2023-12-13 10:52:51');
INSERT INTO `biz_business_device_measure_item_data_calibrator` VALUES (1734768308562989060, 1734496611381317634, 'ACV', 'U', 'V', '100', '10', '100', '100', 0.000100, '=a*示值 + b*量程', '0.0035', '0.0004', NULL, NULL, NULL, NULL, NULL, NULL, NULL, NULL, '2023-12-13 10:52:51', '2023-12-13 10:52:51');
INSERT INTO `biz_business_device_measure_item_data_calibrator` VALUES (1734768308562989061, 1734496611381317634, 'ACV', 'U', 'V', '10', '10', '100', '50', 0.000100, '=a*示值 + b*量程', '0.0035', '0.0004', NULL, NULL, NULL, NULL, NULL, NULL, NULL, NULL, '2023-12-13 10:52:51', '2023-12-13 10:52:51');
INSERT INTO `biz_business_device_measure_item_data_calibrator` VALUES (1734768308567183362, 1734496611381317634, 'ACV', 'U', 'V', '50', '10', '100', '50', 0.000100, '=a*示值 + b*量程', '0.0035', '0.0004', NULL, NULL, NULL, NULL, NULL, NULL, NULL, NULL, '2023-12-13 10:52:51', '2023-12-13 10:52:51');
INSERT INTO `biz_business_device_measure_item_data_calibrator` VALUES (1734768308567183363, 1734496611381317634, 'ACV', 'U', 'V', '1', '10', '100', '50', 0.000100, '=a*示值 + b*量程', '0.0035', '0.0004', NULL, NULL, NULL, NULL, NULL, NULL, NULL, NULL, '2023-12-13 10:52:51', '2023-12-13 10:52:51');
INSERT INTO `biz_business_device_measure_item_data_calibrator` VALUES (1734768308567183364, 1734496611381317634, 'ACV', 'U', 'V', '20', '10', '100', '50', 0.000100, '=a*示值 + b*量程', '0.0035', '0.0004', NULL, NULL, NULL, NULL, NULL, NULL, NULL, NULL, '2023-12-13 10:52:51', '2023-12-13 10:52:51');
INSERT INTO `biz_business_device_measure_item_data_calibrator` VALUES (1734768308567183365, 1734496611381317634, 'ACV', 'U', 'V', '50', '10', '100', '50', 0.000100, '=a*示值 + b*量程', '0.0035', '0.0004', NULL, NULL, NULL, NULL, NULL, NULL, NULL, NULL, '2023-12-13 10:52:51', '2023-12-13 10:52:51');
INSERT INTO `biz_business_device_measure_item_data_calibrator` VALUES (1734768308567183366, 1734496611381317634, 'ACV', 'U', 'V', '100', '10', '100', '50', 0.000100, '=a*示值 + b*量程', '0.0035', '0.0004', NULL, NULL, NULL, NULL, NULL, NULL, NULL, NULL, '2023-12-13 10:52:51', '2023-12-13 10:52:51');
INSERT INTO `biz_business_device_measure_item_data_calibrator` VALUES (1734768308571377666, 1734496611381317634, 'ACV', 'U', 'V', '300', '10', '100', '50', 0.000100, '=a*示值 + b*量程', '0.0035', '0.0004', NULL, NULL, NULL, NULL, NULL, NULL, NULL, NULL, '2023-12-13 10:52:51', '2023-12-13 10:52:51');
INSERT INTO `biz_business_device_measure_item_data_calibrator` VALUES (1734768308571377667, 1734496611381317634, 'ACV', 'U', 'V', '10', '10', '100', '10', 0.000100, '=a*示值 + b*量程', '0.0035', '0.0004', NULL, NULL, NULL, NULL, NULL, NULL, NULL, NULL, '2023-12-13 10:52:51', '2023-12-13 10:52:51');
INSERT INTO `biz_business_device_measure_item_data_calibrator` VALUES (1734768308571377668, 1734496611381317634, 'ACV', 'U', 'V', '50', '10', '100', '10', 0.000100, '=a*示值 + b*量程', '0.0035', '0.0004', NULL, NULL, NULL, NULL, NULL, NULL, NULL, NULL, '2023-12-13 10:52:51', '2023-12-13 10:52:51');
INSERT INTO `biz_business_device_measure_item_data_calibrator` VALUES (1734768308571377669, 1734496611381317634, 'ACV', 'U', 'V', '1', '10', '100', '10', 0.000100, '=a*示值 + b*量程', '0.0035', '0.0004', NULL, NULL, NULL, NULL, NULL, NULL, NULL, NULL, '2023-12-13 10:52:51', '2023-12-13 10:52:51');
INSERT INTO `biz_business_device_measure_item_data_calibrator` VALUES (1734768308571377670, 1734496611381317634, 'ACV', 'U', 'V', '20', '10', '100', '10', 0.000100, '=a*示值 + b*量程', '0.0035', '0.0004', NULL, NULL, NULL, NULL, NULL, NULL, NULL, NULL, '2023-12-13 10:52:51', '2023-12-13 10:52:51');
INSERT INTO `biz_business_device_measure_item_data_calibrator` VALUES (1734768308575571970, 1734496611381317634, 'ACV', 'U', 'V', '50', '10', '100', '10', 0.000100, '=a*示值 + b*量程', '0.0035', '0.0004', NULL, NULL, NULL, NULL, NULL, NULL, NULL, NULL, '2023-12-13 10:52:51', '2023-12-13 10:52:51');
INSERT INTO `biz_business_device_measure_item_data_calibrator` VALUES (1734768308575571971, 1734496611381317634, 'ACV', 'U', 'V', '100', '10', '100', '10', 0.000100, '=a*示值 + b*量程', '0.0035', '0.0004', NULL, NULL, NULL, NULL, NULL, NULL, NULL, NULL, '2023-12-13 10:52:51', '2023-12-13 10:52:51');
INSERT INTO `biz_business_device_measure_item_data_calibrator` VALUES (1734768308575571972, 1734496611381317634, 'ACV', 'U', 'V', '300', '10', '100', '10', 0.000100, '=a*示值 + b*量程', '0.0035', '0.0004', NULL, NULL, NULL, NULL, NULL, NULL, NULL, NULL, '2023-12-13 10:52:51', '2023-12-13 10:52:51');
INSERT INTO `biz_business_device_measure_item_data_calibrator` VALUES (1734768308575571973, 1734496611381317634, 'ACV', 'U', 'V', '50', '10', '1000', '1000', 0.001000, '=a*示值 + b*量程', '0.0035', '0.0004', NULL, NULL, NULL, NULL, NULL, NULL, NULL, NULL, '2023-12-13 10:52:51', '2023-12-13 10:52:51');
INSERT INTO `biz_business_device_measure_item_data_calibrator` VALUES (1734768308575571974, 1734496611381317634, 'ACV', 'U', 'V', '1', '10', '1000', '1000', 0.001000, '=a*示值 + b*量程', '0.0035', '0.0004', NULL, NULL, NULL, NULL, NULL, NULL, NULL, NULL, '2023-12-13 10:52:51', '2023-12-13 10:52:51');
INSERT INTO `biz_business_device_measure_item_data_calibrator` VALUES (1734768308579766273, 1734496611381317634, 'ACV', 'U', 'V', '20', '10', '1000', '1000', 0.001000, '=a*示值 + b*量程', '0.0035', '0.0004', NULL, NULL, NULL, NULL, NULL, NULL, NULL, NULL, '2023-12-13 10:52:51', '2023-12-13 10:52:51');
INSERT INTO `biz_business_device_measure_item_data_calibrator` VALUES (1734768308579766274, 1734496611381317634, 'ACV', 'U', 'V', '50', '10', '1000', '500', 0.001000, '=a*示值 + b*量程', '0.0035', '0.0004', NULL, NULL, NULL, NULL, NULL, NULL, NULL, NULL, '2023-12-13 10:52:51', '2023-12-13 10:52:51');
INSERT INTO `biz_business_device_measure_item_data_calibrator` VALUES (1734768308579766275, 1734496611381317634, 'ACV', 'U', 'V', '1', '10', '1000', '500', 0.001000, '=a*示值 + b*量程', '0.0035', '0.0004', NULL, NULL, NULL, NULL, NULL, NULL, NULL, NULL, '2023-12-13 10:52:51', '2023-12-13 10:52:51');
INSERT INTO `biz_business_device_measure_item_data_calibrator` VALUES (1734768308579766276, 1734496611381317634, 'ACV', 'U', 'V', '20', '10', '1000', '500', 0.001000, '=a*示值 + b*量程', '0.0035', '0.0004', NULL, NULL, NULL, NULL, NULL, NULL, NULL, NULL, '2023-12-13 10:52:51', '2023-12-13 10:52:51');
INSERT INTO `biz_business_device_measure_item_data_calibrator` VALUES (1734768308579766277, 1734496611381317634, 'ACV', 'U', 'V', '50', '10', '1000', '500', 0.001000, '=a*示值 + b*量程', '0.0035', '0.0004', NULL, NULL, NULL, NULL, NULL, NULL, NULL, NULL, '2023-12-13 10:52:51', '2023-12-13 10:52:51');
INSERT INTO `biz_business_device_measure_item_data_calibrator` VALUES (1734768308579766278, 1734496611381317634, 'ACV', 'U', 'V', '100', '10', '1000', '500', 0.001000, '=a*示值 + b*量程', '0.0035', '0.0004', NULL, NULL, NULL, NULL, NULL, NULL, NULL, NULL, '2023-12-13 10:52:51', '2023-12-13 10:52:51');
INSERT INTO `biz_business_device_measure_item_data_calibrator` VALUES (1734768308583960578, 1734496611381317634, 'ACV', 'U', 'V', '10', '10', '1000', '100', 0.001000, '=a*示值 + b*量程', '0.0035', '0.0004', NULL, NULL, NULL, NULL, NULL, NULL, NULL, NULL, '2023-12-13 10:52:51', '2023-12-13 10:52:51');
INSERT INTO `biz_business_device_measure_item_data_calibrator` VALUES (1734768308583960579, 1734496611381317634, 'ACV', 'U', 'V', '50', '10', '1000', '100', 0.001000, '=a*示值 + b*量程', '0.0035', '0.0004', NULL, NULL, NULL, NULL, NULL, NULL, NULL, NULL, '2023-12-13 10:52:51', '2023-12-13 10:52:51');
INSERT INTO `biz_business_device_measure_item_data_calibrator` VALUES (1734768308583960580, 1734496611381317634, 'ACV', 'U', 'V', '1', '10', '1000', '100', 0.001000, '=a*示值 + b*量程', '0.0035', '0.0004', NULL, NULL, NULL, NULL, NULL, NULL, NULL, NULL, '2023-12-13 10:52:51', '2023-12-13 10:52:51');
INSERT INTO `biz_business_device_measure_item_data_calibrator` VALUES (1734768308583960581, 1734496611381317634, 'ACV', 'U', 'V', '20', '10', '1000', '100', 0.001000, '=a*示值 + b*量程', '0.0035', '0.0004', NULL, NULL, NULL, NULL, NULL, NULL, NULL, NULL, '2023-12-13 10:52:51', '2023-12-13 10:52:51');
INSERT INTO `biz_business_device_measure_item_data_calibrator` VALUES (1734768308583960582, 1734496611381317634, 'ACV', 'U', 'V', '50', '10', '1000', '100', 0.001000, '=a*示值 + b*量程', '0.0035', '0.0004', NULL, NULL, NULL, NULL, NULL, NULL, NULL, NULL, '2023-12-13 10:52:51', '2023-12-13 10:52:51');
INSERT INTO `biz_business_device_measure_item_data_calibrator` VALUES (1734768308588154881, 1734496611381317634, 'ACV', 'U', 'V', '100', '10', '1000', '100', 0.001000, '=a*示值 + b*量程', '0.0035', '0.0004', NULL, NULL, NULL, NULL, NULL, NULL, NULL, NULL, '2023-12-13 10:52:51', '2023-12-13 10:52:51');
INSERT INTO `biz_business_device_measure_item_data_calibrator` VALUES (1734768308588154882, 1734496611381317634, 'ACI', 'I', 'mA', '10', '10', '10', '10', 0.000010, '=a*示值 + b*量程', '0.0035', '0.0004', NULL, NULL, NULL, NULL, NULL, NULL, NULL, NULL, '2023-12-13 10:52:51', '2023-12-13 10:52:51');
INSERT INTO `biz_business_device_measure_item_data_calibrator` VALUES (1734768308588154883, 1734496611381317634, 'ACI', 'I', 'mA', '50', '10', '10', '10', 0.000010, '=a*示值 + b*量程', '0.0035', '0.0004', NULL, NULL, NULL, NULL, NULL, NULL, NULL, NULL, '2023-12-13 10:52:51', '2023-12-13 10:52:51');
INSERT INTO `biz_business_device_measure_item_data_calibrator` VALUES (1734768308588154884, 1734496611381317634, 'ACI', 'I', 'mA', '1', '10', '10', '10', 0.000010, '=a*示值 + b*量程', '0.0035', '0.0004', NULL, NULL, NULL, NULL, NULL, NULL, NULL, NULL, '2023-12-13 10:52:51', '2023-12-13 10:52:51');
INSERT INTO `biz_business_device_measure_item_data_calibrator` VALUES (1734768308588154885, 1734496611381317634, 'ACI', 'I', 'mA', '5', '10', '10', '10', 0.000010, '=a*示值 + b*量程', '0.0035', '0.0004', NULL, NULL, NULL, NULL, NULL, NULL, NULL, NULL, '2023-12-13 10:52:51', '2023-12-13 10:52:51');
INSERT INTO `biz_business_device_measure_item_data_calibrator` VALUES (1734768308592349186, 1734496611381317634, 'ACI', 'I', 'mA', '10', '10', '10', '10', 0.000010, '=a*示值 + b*量程', '0.0035', '0.0004', NULL, NULL, NULL, NULL, NULL, NULL, NULL, NULL, '2023-12-13 10:52:51', '2023-12-13 10:52:51');
INSERT INTO `biz_business_device_measure_item_data_calibrator` VALUES (1734768308592349187, 1734496611381317634, 'ACI', 'I', 'mA', '10', '10', '100', '100', 0.000100, '=a*示值 + b*量程', '0.0035', '0.0004', NULL, NULL, NULL, NULL, NULL, NULL, NULL, NULL, '2023-12-13 10:52:51', '2023-12-13 10:52:51');
INSERT INTO `biz_business_device_measure_item_data_calibrator` VALUES (1734768308592349188, 1734496611381317634, 'ACI', 'I', 'mA', '50', '10', '100', '100', 0.000100, '=a*示值 + b*量程', '0.0035', '0.0004', NULL, NULL, NULL, NULL, NULL, NULL, NULL, NULL, '2023-12-13 10:52:51', '2023-12-13 10:52:51');
INSERT INTO `biz_business_device_measure_item_data_calibrator` VALUES (1734768308592349189, 1734496611381317634, 'ACI', 'I', 'mA', '1', '10', '100', '100', 0.000100, '=a*示值 + b*量程', '0.0035', '0.0004', NULL, NULL, NULL, NULL, NULL, NULL, NULL, NULL, '2023-12-13 10:52:51', '2023-12-13 10:52:51');
INSERT INTO `biz_business_device_measure_item_data_calibrator` VALUES (1734768308592349190, 1734496611381317634, 'ACI', 'I', 'mA', '5', '10', '100', '100', 0.000100, '=a*示值 + b*量程', '0.0035', '0.0004', NULL, NULL, NULL, NULL, NULL, NULL, NULL, NULL, '2023-12-13 10:52:51', '2023-12-13 10:52:51');
INSERT INTO `biz_business_device_measure_item_data_calibrator` VALUES (1734768308596543490, 1734496611381317634, 'ACI', 'I', 'mA', '10', '10', '100', '100', 0.000100, '=a*示值 + b*量程', '0.0035', '0.0004', NULL, NULL, NULL, NULL, NULL, NULL, NULL, NULL, '2023-12-13 10:52:51', '2023-12-13 10:52:51');
INSERT INTO `biz_business_device_measure_item_data_calibrator` VALUES (1734768308596543491, 1734496611381317634, 'ACI', 'I', 'mA', '10', '10', '100', '50', 0.000100, '=a*示值 + b*量程', '0.0035', '0.0004', NULL, NULL, NULL, NULL, NULL, NULL, NULL, NULL, '2023-12-13 10:52:51', '2023-12-13 10:52:51');
INSERT INTO `biz_business_device_measure_item_data_calibrator` VALUES (1734768308596543492, 1734496611381317634, 'ACI', 'I', 'mA', '50', '10', '100', '50', 0.000100, '=a*示值 + b*量程', '0.0035', '0.0004', NULL, NULL, NULL, NULL, NULL, NULL, NULL, NULL, '2023-12-13 10:52:51', '2023-12-13 10:52:51');
INSERT INTO `biz_business_device_measure_item_data_calibrator` VALUES (1734768308596543493, 1734496611381317634, 'ACI', 'I', 'mA', '1', '10', '100', '50', 0.000100, '=a*示值 + b*量程', '0.0035', '0.0004', NULL, NULL, NULL, NULL, NULL, NULL, NULL, NULL, '2023-12-13 10:52:51', '2023-12-13 10:52:51');
INSERT INTO `biz_business_device_measure_item_data_calibrator` VALUES (1734768308596543494, 1734496611381317634, 'ACI', 'I', 'mA', '5', '10', '100', '50', 0.000100, '=a*示值 + b*量程', '0.0035', '0.0004', NULL, NULL, NULL, NULL, NULL, NULL, NULL, NULL, '2023-12-13 10:52:51', '2023-12-13 10:52:51');
INSERT INTO `biz_business_device_measure_item_data_calibrator` VALUES (1734768308600737793, 1734496611381317634, 'ACI', 'I', 'mA', '10', '10', '100', '50', 0.000100, '=a*示值 + b*量程', '0.0035', '0.0004', NULL, NULL, NULL, NULL, NULL, NULL, NULL, NULL, '2023-12-13 10:52:51', '2023-12-13 10:52:51');
INSERT INTO `biz_business_device_measure_item_data_calibrator` VALUES (1734768308600737794, 1734496611381317634, 'ACI', 'I', 'mA', '10', '10', '100', '10', 0.000100, '=a*示值 + b*量程', '0.0035', '0.0004', NULL, NULL, NULL, NULL, NULL, NULL, NULL, NULL, '2023-12-13 10:52:51', '2023-12-13 10:52:51');
INSERT INTO `biz_business_device_measure_item_data_calibrator` VALUES (1734768308600737795, 1734496611381317634, 'ACI', 'I', 'mA', '50', '10', '100', '10', 0.000100, '=a*示值 + b*量程', '0.0035', '0.0004', NULL, NULL, NULL, NULL, NULL, NULL, NULL, NULL, '2023-12-13 10:52:51', '2023-12-13 10:52:51');
INSERT INTO `biz_business_device_measure_item_data_calibrator` VALUES (1734768308600737796, 1734496611381317634, 'ACI', 'I', 'mA', '1', '10', '100', '10', 0.000100, '=a*示值 + b*量程', '0.0035', '0.0004', NULL, NULL, NULL, NULL, NULL, NULL, NULL, NULL, '2023-12-13 10:52:51', '2023-12-13 10:52:51');
INSERT INTO `biz_business_device_measure_item_data_calibrator` VALUES (1734768308600737797, 1734496611381317634, 'ACI', 'I', 'mA', '5', '10', '100', '10', 0.000100, '=a*示值 + b*量程', '0.0035', '0.0004', NULL, NULL, NULL, NULL, NULL, NULL, NULL, NULL, '2023-12-13 10:52:51', '2023-12-13 10:52:51');
INSERT INTO `biz_business_device_measure_item_data_calibrator` VALUES (1734768308600737798, 1734496611381317634, 'ACI', 'I', 'mA', '10', '10', '100', '10', 0.000100, '=a*示值 + b*量程', '0.0035', '0.0004', NULL, NULL, NULL, NULL, NULL, NULL, NULL, NULL, '2023-12-13 10:52:51', '2023-12-13 10:52:51');
INSERT INTO `biz_business_device_measure_item_data_calibrator` VALUES (1734768308604932097, 1734496611381317634, 'ACI', 'I', 'mA', '50', '10', '400', '400', 0.000100, '=a*示值 + b*量程', '0.0035', '0.0004', NULL, NULL, NULL, NULL, NULL, NULL, NULL, NULL, '2023-12-13 10:52:51', '2023-12-13 10:52:51');
INSERT INTO `biz_business_device_measure_item_data_calibrator` VALUES (1734768308604932098, 1734496611381317634, 'ACI', 'I', 'mA', '1', '10', '400', '400', 0.000100, '=a*示值 + b*量程', '0.0035', '0.0004', NULL, NULL, NULL, NULL, NULL, NULL, NULL, NULL, '2023-12-13 10:52:51', '2023-12-13 10:52:51');
INSERT INTO `biz_business_device_measure_item_data_calibrator` VALUES (1734768308604932099, 1734496611381317634, 'ACI', 'I', 'mA', '5', '10', '400', '400', 0.000100, '=a*示值 + b*量程', '0.0035', '0.0004', NULL, NULL, NULL, NULL, NULL, NULL, NULL, NULL, '2023-12-13 10:52:51', '2023-12-13 10:52:51');
INSERT INTO `biz_business_device_measure_item_data_calibrator` VALUES (1734768308604932100, 1734496611381317634, 'ACI', 'I', 'mA', '10', '10', '400', '400', 0.000100, '=a*示值 + b*量程', '0.0035', '0.0004', NULL, NULL, NULL, NULL, NULL, NULL, NULL, NULL, '2023-12-13 10:52:51', '2023-12-13 10:52:51');
INSERT INTO `biz_business_device_measure_item_data_calibrator` VALUES (1734768308604932101, 1734496611381317634, 'ACI', 'I', 'mA', '10', '10', '400', '200', 0.000100, '=a*示值 + b*量程', '0.0035', '0.0004', NULL, NULL, NULL, NULL, NULL, NULL, NULL, NULL, '2023-12-13 10:52:51', '2023-12-13 10:52:51');
INSERT INTO `biz_business_device_measure_item_data_calibrator` VALUES (1734768308609126402, 1734496611381317634, 'ACI', 'I', 'mA', '50', '10', '400', '200', 0.000100, '=a*示值 + b*量程', '0.0035', '0.0004', NULL, NULL, NULL, NULL, NULL, NULL, NULL, NULL, '2023-12-13 10:52:51', '2023-12-13 10:52:51');
INSERT INTO `biz_business_device_measure_item_data_calibrator` VALUES (1734768308609126403, 1734496611381317634, 'ACI', 'I', 'mA', '1', '10', '400', '200', 0.000100, '=a*示值 + b*量程', '0.0035', '0.0004', NULL, NULL, NULL, NULL, NULL, NULL, NULL, NULL, '2023-12-13 10:52:51', '2023-12-13 10:52:51');
INSERT INTO `biz_business_device_measure_item_data_calibrator` VALUES (1734768308609126404, 1734496611381317634, 'ACI', 'I', 'mA', '5', '10', '400', '200', 0.000100, '=a*示值 + b*量程', '0.0035', '0.0004', NULL, NULL, NULL, NULL, NULL, NULL, NULL, NULL, '2023-12-13 10:52:51', '2023-12-13 10:52:51');
INSERT INTO `biz_business_device_measure_item_data_calibrator` VALUES (1734768308609126405, 1734496611381317634, 'ACI', 'I', 'mA', '10', '10', '400', '200', 0.000100, '=a*示值 + b*量程', '0.0035', '0.0004', NULL, NULL, NULL, NULL, NULL, NULL, NULL, NULL, '2023-12-13 10:52:51', '2023-12-13 10:52:51');
INSERT INTO `biz_business_device_measure_item_data_calibrator` VALUES (1734768308609126406, 1734496611381317634, 'ACI', 'I', 'mA', '10', '10', '400', '40', 0.000100, '=a*示值 + b*量程', '0.0035', '0.0004', NULL, NULL, NULL, NULL, NULL, NULL, NULL, NULL, '2023-12-13 10:52:51', '2023-12-13 10:52:51');
INSERT INTO `biz_business_device_measure_item_data_calibrator` VALUES (1734768308613320705, 1734496611381317634, 'ACI', 'I', 'mA', '50', '10', '400', '40', 0.000100, '=a*示值 + b*量程', '0.0035', '0.0004', NULL, NULL, NULL, NULL, NULL, NULL, NULL, NULL, '2023-12-13 10:52:51', '2023-12-13 10:52:51');
INSERT INTO `biz_business_device_measure_item_data_calibrator` VALUES (1734768308613320706, 1734496611381317634, 'ACI', 'I', 'mA', '1', '10', '400', '40', 0.000100, '=a*示值 + b*量程', '0.0035', '0.0004', NULL, NULL, NULL, NULL, NULL, NULL, NULL, NULL, '2023-12-13 10:52:51', '2023-12-13 10:52:51');
INSERT INTO `biz_business_device_measure_item_data_calibrator` VALUES (1734768308613320707, 1734496611381317634, 'ACI', 'I', 'mA', '5', '10', '400', '40', 0.000100, '=a*示值 + b*量程', '0.0035', '0.0004', NULL, NULL, NULL, NULL, NULL, NULL, NULL, NULL, '2023-12-13 10:52:51', '2023-12-13 10:52:51');
INSERT INTO `biz_business_device_measure_item_data_calibrator` VALUES (1734768308613320708, 1734496611381317634, 'ACI', 'I', 'mA', '10', '10', '400', '40', 0.000100, '=a*示值 + b*量程', '0.0035', '0.0004', NULL, NULL, NULL, NULL, NULL, NULL, NULL, NULL, '2023-12-13 10:52:51', '2023-12-13 10:52:51');
INSERT INTO `biz_business_device_measure_item_data_calibrator` VALUES (1734768308613320709, 1734496611381317634, 'ACI', 'I', 'A', '50', '10', '1', '1', 0.000001, '=a*示值 + b*量程', '0.0035', '0.0004', NULL, NULL, NULL, NULL, NULL, NULL, NULL, NULL, '2023-12-13 10:52:51', '2023-12-13 10:52:51');
INSERT INTO `biz_business_device_measure_item_data_calibrator` VALUES (1734768308617515010, 1734496611381317634, 'ACI', 'I', 'A', '1', '10', '1', '1', 0.000001, '=a*示值 + b*量程', '0.0035', '0.0004', NULL, NULL, NULL, NULL, NULL, NULL, NULL, NULL, '2023-12-13 10:52:51', '2023-12-13 10:52:51');
INSERT INTO `biz_business_device_measure_item_data_calibrator` VALUES (1734768308617515011, 1734496611381317634, 'ACI', 'I', 'A', '50', '10', '1', '1', 0.000001, '=a*示值 + b*量程', '0.0035', '0.0004', NULL, NULL, NULL, NULL, NULL, NULL, NULL, NULL, '2023-12-13 10:52:51', '2023-12-13 10:52:51');
INSERT INTO `biz_business_device_measure_item_data_calibrator` VALUES (1734768308617515012, 1734496611381317634, 'ACI', 'I', 'A', '10', '10', '1', '1', 0.000001, '=a*示值 + b*量程', '0.0035', '0.0004', NULL, NULL, NULL, NULL, NULL, NULL, NULL, NULL, '2023-12-13 10:52:51', '2023-12-13 10:52:51');
INSERT INTO `biz_business_device_measure_item_data_calibrator` VALUES (1734768308617515013, 1734496611381317634, 'ACI', 'I', 'A', '50', '10', '1', '0.5', 0.000001, '=a*示值 + b*量程', '0.0035', '0.0004', NULL, NULL, NULL, NULL, NULL, NULL, NULL, NULL, '2023-12-13 10:52:51', '2023-12-13 10:52:51');
INSERT INTO `biz_business_device_measure_item_data_calibrator` VALUES (1734768308617515014, 1734496611381317634, 'ACI', 'I', 'A', '1', '10', '1', '0.5', 0.000001, '=a*示值 + b*量程', '0.0035', '0.0004', NULL, NULL, NULL, NULL, NULL, NULL, NULL, NULL, '2023-12-13 10:52:51', '2023-12-13 10:52:51');
INSERT INTO `biz_business_device_measure_item_data_calibrator` VALUES (1734768308621709314, 1734496611381317634, 'ACI', 'I', 'A', '5', '10', '1', '0.5', 0.000001, '=a*示值 + b*量程', '0.0035', '0.0004', NULL, NULL, NULL, NULL, NULL, NULL, NULL, NULL, '2023-12-13 10:52:51', '2023-12-13 10:52:51');
INSERT INTO `biz_business_device_measure_item_data_calibrator` VALUES (1734768308621709315, 1734496611381317634, 'ACI', 'I', 'A', '10', '10', '1', '0.5', 0.000001, '=a*示值 + b*量程', '0.0035', '0.0004', NULL, NULL, NULL, NULL, NULL, NULL, NULL, NULL, '2023-12-13 10:52:51', '2023-12-13 10:52:51');
INSERT INTO `biz_business_device_measure_item_data_calibrator` VALUES (1734768308621709316, 1734496611381317634, 'ACI', 'I', 'A', '10', '10', '1', '0.1', 0.000001, '=a*示值 + b*量程', '0.0035', '0.0004', NULL, NULL, NULL, NULL, NULL, NULL, NULL, NULL, '2023-12-13 10:52:51', '2023-12-13 10:52:51');
INSERT INTO `biz_business_device_measure_item_data_calibrator` VALUES (1734768308621709317, 1734496611381317634, 'ACI', 'I', 'A', '50', '10', '1', '0.1', 0.000001, '=a*示值 + b*量程', '0.0035', '0.0004', NULL, NULL, NULL, NULL, NULL, NULL, NULL, NULL, '2023-12-13 10:52:51', '2023-12-13 10:52:51');
INSERT INTO `biz_business_device_measure_item_data_calibrator` VALUES (1734768308621709318, 1734496611381317634, 'ACI', 'I', 'A', '1', '10', '1', '0.1', 0.000001, '=a*示值 + b*量程', '0.0035', '0.0004', NULL, NULL, NULL, NULL, NULL, NULL, NULL, NULL, '2023-12-13 10:52:51', '2023-12-13 10:52:51');
INSERT INTO `biz_business_device_measure_item_data_calibrator` VALUES (1734768308625903617, 1734496611381317634, 'ACI', 'I', 'A', '5', '10', '1', '0.1', 0.000001, '=a*示值 + b*量程', '0.0035', '0.0004', NULL, NULL, NULL, NULL, NULL, NULL, NULL, NULL, '2023-12-13 10:52:51', '2023-12-13 10:52:51');
INSERT INTO `biz_business_device_measure_item_data_calibrator` VALUES (1734768308625903618, 1734496611381317634, 'ACI', 'I', 'A', '10', '10', '1', '0.1', 0.000001, '=a*示值 + b*量程', '0.0035', '0.0004', NULL, NULL, NULL, NULL, NULL, NULL, NULL, NULL, '2023-12-13 10:52:51', '2023-12-13 10:52:51');
INSERT INTO `biz_business_device_measure_item_data_calibrator` VALUES (1734768308625903619, 1734496611381317634, 'ACI', 'I', 'A', '50', '10', '3', '3', 0.000010, '=a*示值 + b*量程', '0.0035', '0.0004', NULL, NULL, NULL, NULL, NULL, NULL, NULL, NULL, '2023-12-13 10:52:51', '2023-12-13 10:52:51');
INSERT INTO `biz_business_device_measure_item_data_calibrator` VALUES (1734768308625903620, 1734496611381317634, 'ACI', 'I', 'A', '1', '10', '3', '3', 0.000010, '=a*示值 + b*量程', '0.0035', '0.0004', NULL, NULL, NULL, NULL, NULL, NULL, NULL, NULL, '2023-12-13 10:52:51', '2023-12-13 10:52:51');
INSERT INTO `biz_business_device_measure_item_data_calibrator` VALUES (1734768308625903621, 1734496611381317634, 'ACI', 'I', 'A', '5', '10', '3', '3', 0.000010, '=a*示值 + b*量程', '0.0035', '0.0004', NULL, NULL, NULL, NULL, NULL, NULL, NULL, NULL, '2023-12-13 10:52:51', '2023-12-13 10:52:51');
INSERT INTO `biz_business_device_measure_item_data_calibrator` VALUES (1734768308625903622, 1734496611381317634, 'ACI', 'I', 'A', '10', '10', '3', '3', 0.000010, '=a*示值 + b*量程', '0.0035', '0.0004', NULL, NULL, NULL, NULL, NULL, NULL, NULL, NULL, '2023-12-13 10:52:51', '2023-12-13 10:52:51');
INSERT INTO `biz_business_device_measure_item_data_calibrator` VALUES (1734768308630097921, 1734496611381317634, 'ACI', 'I', 'A', '50', '10', '3', '1.5', 0.000010, '=a*示值 + b*量程', '0.0035', '0.0004', NULL, NULL, NULL, NULL, NULL, NULL, NULL, NULL, '2023-12-13 10:52:51', '2023-12-13 10:52:51');
INSERT INTO `biz_business_device_measure_item_data_calibrator` VALUES (1734768308630097922, 1734496611381317634, 'ACI', 'I', 'A', '1', '10', '3', '1.5', 0.000010, '=a*示值 + b*量程', '0.0035', '0.0004', NULL, NULL, NULL, NULL, NULL, NULL, NULL, NULL, '2023-12-13 10:52:51', '2023-12-13 10:52:51');
INSERT INTO `biz_business_device_measure_item_data_calibrator` VALUES (1734768308630097923, 1734496611381317634, 'ACI', 'I', 'A', '5', '10', '3', '1.5', 0.000010, '=a*示值 + b*量程', '0.0035', '0.0004', NULL, NULL, NULL, NULL, NULL, NULL, NULL, NULL, '2023-12-13 10:52:51', '2023-12-13 10:52:51');
INSERT INTO `biz_business_device_measure_item_data_calibrator` VALUES (1734768308630097924, 1734496611381317634, 'ACI', 'I', 'A', '10', '10', '3', '1.5', 0.000010, '=a*示值 + b*量程', '0.0035', '0.0004', NULL, NULL, NULL, NULL, NULL, NULL, NULL, NULL, '2023-12-13 10:52:51', '2023-12-13 10:52:51');
INSERT INTO `biz_business_device_measure_item_data_calibrator` VALUES (1734768308630097925, 1734496611381317634, 'ACI', 'I', 'A', '50', '10', '3', '0.3', 0.000010, '=a*示值 + b*量程', '0.0035', '0.0004', NULL, NULL, NULL, NULL, NULL, NULL, NULL, NULL, '2023-12-13 10:52:51', '2023-12-13 10:52:51');
INSERT INTO `biz_business_device_measure_item_data_calibrator` VALUES (1734768308634292226, 1734496611381317634, 'ACI', 'I', 'A', '1', '10', '3', '0.3', 0.000010, '=a*示值 + b*量程', '0.0035', '0.0004', NULL, NULL, NULL, NULL, NULL, NULL, NULL, NULL, '2023-12-13 10:52:51', '2023-12-13 10:52:51');
INSERT INTO `biz_business_device_measure_item_data_calibrator` VALUES (1734768308634292227, 1734496611381317634, 'ACI', 'I', 'A', '5', '10', '3', '0.3', 0.000010, '=a*示值 + b*量程', '0.0035', '0.0004', NULL, NULL, NULL, NULL, NULL, NULL, NULL, NULL, '2023-12-13 10:52:51', '2023-12-13 10:52:51');
INSERT INTO `biz_business_device_measure_item_data_calibrator` VALUES (1734768308634292228, 1734496611381317634, 'ACI', 'I', 'A', '10', '10', '3', '0.3', 0.000010, '=a*示值 + b*量程', '0.0035', '0.0004', NULL, NULL, NULL, NULL, NULL, NULL, NULL, NULL, '2023-12-13 10:52:51', '2023-12-13 10:52:51');
INSERT INTO `biz_business_device_measure_item_data_calibrator` VALUES (1734768308634292229, 1734496611381317634, 'ACI', 'I', 'A', '50', '10', '10', '10', 0.000010, '=a*示值 + b*量程', '0.0035', '0.0004', NULL, NULL, NULL, NULL, NULL, NULL, NULL, NULL, '2023-12-13 10:52:51', '2023-12-13 10:52:51');
INSERT INTO `biz_business_device_measure_item_data_calibrator` VALUES (1734768308634292230, 1734496611381317634, 'ACI', 'I', 'A', '1', '10', '10', '10', 0.000010, '=a*示值 + b*量程', '0.0035', '0.0004', NULL, NULL, NULL, NULL, NULL, NULL, NULL, NULL, '2023-12-13 10:52:51', '2023-12-13 10:52:51');
INSERT INTO `biz_business_device_measure_item_data_calibrator` VALUES (1734768308638486529, 1734496611381317634, 'ACI', 'I', 'A', '5', '10', '10', '10', 0.000010, '=a*示值 + b*量程', '0.0035', '0.0004', NULL, NULL, NULL, NULL, NULL, NULL, NULL, NULL, '2023-12-13 10:52:51', '2023-12-13 10:52:51');
INSERT INTO `biz_business_device_measure_item_data_calibrator` VALUES (1734768308638486530, 1734496611381317634, 'ACI', 'I', 'A', '10', '10', '10', '10', 0.000010, '=a*示值 + b*量程', '0.0035', '0.0004', NULL, NULL, NULL, NULL, NULL, NULL, NULL, NULL, '2023-12-13 10:52:51', '2023-12-13 10:52:51');
INSERT INTO `biz_business_device_measure_item_data_calibrator` VALUES (1734768308638486531, 1734496611381317634, 'ACI', 'I', 'A', '50', '10', '10', '5', 0.000010, '=a*示值 + b*量程', '0.0035', '0.0004', NULL, NULL, NULL, NULL, NULL, NULL, NULL, NULL, '2023-12-13 10:52:51', '2023-12-13 10:52:51');
INSERT INTO `biz_business_device_measure_item_data_calibrator` VALUES (1734768308638486532, 1734496611381317634, 'ACI', 'I', 'A', '1', '10', '10', '5', 0.000010, '=a*示值 + b*量程', '0.0035', '0.0004', NULL, NULL, NULL, NULL, NULL, NULL, NULL, NULL, '2023-12-13 10:52:51', '2023-12-13 10:52:51');
INSERT INTO `biz_business_device_measure_item_data_calibrator` VALUES (1734768308638486533, 1734496611381317634, 'ACI', 'I', 'A', '5', '10', '10', '5', 0.000010, '=a*示值 + b*量程', '0.0035', '0.0004', NULL, NULL, NULL, NULL, NULL, NULL, NULL, NULL, '2023-12-13 10:52:51', '2023-12-13 10:52:51');
INSERT INTO `biz_business_device_measure_item_data_calibrator` VALUES (1734768308642680833, 1734496611381317634, 'ACI', 'I', 'A', '10', '10', '10', '5', 0.000010, '=a*示值 + b*量程', '0.0035', '0.0004', NULL, NULL, NULL, NULL, NULL, NULL, NULL, NULL, '2023-12-13 10:52:51', '2023-12-13 10:52:51');
INSERT INTO `biz_business_device_measure_item_data_calibrator` VALUES (1734768308642680834, 1734496611381317634, 'ACI', 'I', 'A', '50', '10', '10', '1', 0.000010, '=a*示值 + b*量程', '0.0035', '0.0004', NULL, NULL, NULL, NULL, NULL, NULL, NULL, NULL, '2023-12-13 10:52:51', '2023-12-13 10:52:51');
INSERT INTO `biz_business_device_measure_item_data_calibrator` VALUES (1734768308642680835, 1734496611381317634, 'ACI', 'I', 'A', '1', '10', '10', '1', 0.000010, '=a*示值 + b*量程', '0.0035', '0.0004', NULL, NULL, NULL, NULL, NULL, NULL, NULL, NULL, '2023-12-13 10:52:51', '2023-12-13 10:52:51');
INSERT INTO `biz_business_device_measure_item_data_calibrator` VALUES (1734768308642680836, 1734496611381317634, 'ACI', 'I', 'A', '5', '10', '10', '1', 0.000010, '=a*示值 + b*量程', '0.0035', '0.0004', NULL, NULL, NULL, NULL, NULL, NULL, NULL, NULL, '2023-12-13 10:52:51', '2023-12-13 10:52:51');
INSERT INTO `biz_business_device_measure_item_data_calibrator` VALUES (1734768308642680837, 1734496611381317634, 'ACI', 'I', 'A', '10', '10', '10', '1', 0.000010, '=a*示值 + b*量程', '0.0035', '0.0004', NULL, NULL, NULL, NULL, NULL, NULL, NULL, NULL, '2023-12-13 10:52:51', '2023-12-13 10:52:51');
INSERT INTO `biz_business_device_measure_item_data_calibrator` VALUES (1734768308646875137, 1734496611381317634, 'R', 'R', 'Ω', '50', '10', '10', '10', 0.000010, '=a*示值 + b*量程', '0.0035', '0.0004', '2', NULL, NULL, NULL, NULL, NULL, NULL, NULL, '2023-12-13 10:52:51', '2023-12-13 10:52:51');
INSERT INTO `biz_business_device_measure_item_data_calibrator` VALUES (1734768308646875138, 1734496611381317634, 'R', 'R', 'Ω', '50', '10', '100', '100', 0.000010, '=a*示值 + b*量程', '0.0035', '0.0004', '2', NULL, NULL, NULL, NULL, NULL, NULL, NULL, '2023-12-13 10:52:51', '2023-12-13 10:52:51');
INSERT INTO `biz_business_device_measure_item_data_calibrator` VALUES (1734768308646875139, 1734496611381317634, 'R', 'R', 'KΩ', '50', '10', '1', '1', 0.000010, '=a*示值 + b*量程', '0.0035', '0.0004', '2', NULL, NULL, NULL, NULL, NULL, NULL, NULL, '2023-12-13 10:52:51', '2023-12-13 10:52:51');
INSERT INTO `biz_business_device_measure_item_data_calibrator` VALUES (1734768308646875140, 1734496611381317634, 'R', 'R', 'KΩ', '50', '10', '10', '10', 0.000010, '=a*示值 + b*量程', '0.0035', '0.0004', '2', NULL, NULL, NULL, NULL, NULL, NULL, NULL, '2023-12-13 10:52:51', '2023-12-13 10:52:51');
INSERT INTO `biz_business_device_measure_item_data_calibrator` VALUES (1734768308651069442, 1734496611381317634, 'R', 'R', 'KΩ', '50', '10', '100', '100', 0.000010, '=a*示值 + b*量程', '0.0035', '0.0004', '2', NULL, NULL, NULL, NULL, NULL, NULL, NULL, '2023-12-13 10:52:51', '2023-12-13 10:52:51');
INSERT INTO `biz_business_device_measure_item_data_calibrator` VALUES (1734768308651069443, 1734496611381317634, 'R', 'R', 'MΩ', '50', '10', '1', '1', 0.000010, '=a*示值 + b*量程', '0.0035', '0.0004', '2', NULL, NULL, NULL, NULL, NULL, NULL, NULL, '2023-12-13 10:52:51', '2023-12-13 10:52:51');
INSERT INTO `biz_business_device_measure_item_data_calibrator` VALUES (1734768308651069444, 1734496611381317634, 'R', 'R', 'MΩ', '50', '10', '10', '10', 0.000010, '=a*示值 + b*量程', '0.0035', '0.0004', '2', NULL, NULL, NULL, NULL, NULL, NULL, NULL, '2023-12-13 10:52:51', '2023-12-13 10:52:51');
INSERT INTO `biz_business_device_measure_item_data_calibrator` VALUES (1734768308651069445, 1734496611381317634, 'R', 'R', 'MΩ', '50', '10', '100', '100', 0.000010, '=a*示值 + b*量程', '0.0035', '0.0004', '1', NULL, NULL, NULL, NULL, NULL, NULL, NULL, '2023-12-13 10:52:51', '2023-12-13 10:52:51');
INSERT INTO `biz_business_device_measure_item_data_calibrator` VALUES (1747176253129084929, 1747175971297021954, 'DCV', 'U', 'mV', NULL, NULL, '800', '700', 0.100000, '=a*示值 + b*量程', '0.005', '0.003', NULL, NULL, NULL, NULL, NULL, NULL, NULL, NULL, '2024-01-16 16:37:34', '2024-01-16 16:37:34');
INSERT INTO `biz_business_device_measure_item_data_calibrator` VALUES (1747176253133279234, 1747175971297021954, 'ACV', 'U', 'V', '50', 'Hz', '3', '2.9', 0.001000, '=a*示值 + b*量程', '0.005', '0.003', NULL, NULL, NULL, NULL, NULL, NULL, NULL, NULL, '2024-01-16 16:37:34', '2024-01-16 16:37:34');

-- ----------------------------
-- Table structure for biz_business_device_measure_item_data_electrical_safety
-- ----------------------------
CREATE TABLE `biz_business_device_measure_item_data_electrical_safety`  (
  `id` bigint NOT NULL,
  `item_id` bigint NOT NULL COMMENT '检定项id',
  `data_type` varchar(20) CHARACTER SET utf8mb3 COLLATE utf8mb3_general_ci NULL DEFAULT NULL COMMENT '检定项数据类型(一个检定项中区分两个表格)(字典code)',
  `nominal_value` varchar(255) CHARACTER SET utf8mb3 COLLATE utf8mb3_general_ci NULL DEFAULT NULL COMMENT '标称值',
  `minimum_allow_factor_a` varchar(255) CHARACTER SET utf8mb3 COLLATE utf8mb3_general_ci NULL DEFAULT NULL COMMENT '最小允许值相关系数a',
  `maximum_allow_factor_b` varchar(255) CHARACTER SET utf8mb3 COLLATE utf8mb3_general_ci NULL DEFAULT NULL COMMENT '最大允许值相关系数b',
  `minimum_allow_value` varchar(255) CHARACTER SET utf8mb3 COLLATE utf8mb3_general_ci NULL DEFAULT NULL COMMENT '最小允许值',
  `maximum_allow_value` varchar(255) CHARACTER SET utf8mb3 COLLATE utf8mb3_general_ci NULL DEFAULT NULL COMMENT '最大允许值',
  `terminal_voltage` varchar(255) CHARACTER SET utf8mb3 COLLATE utf8mb3_general_ci NULL DEFAULT NULL COMMENT '端钮电压',
  `measure_indication_value` varchar(255) CHARACTER SET utf8mb3 COLLATE utf8mb3_general_ci NULL DEFAULT NULL COMMENT '被检表示值',
  `accuracy_a` varchar(255) CHARACTER SET utf8mb3 COLLATE utf8mb3_general_ci NULL DEFAULT NULL COMMENT '准确度a',
  `unit` varchar(255) CHARACTER SET utf8mb3 COLLATE utf8mb3_general_ci NULL DEFAULT NULL COMMENT '单位',
  `range_range` varchar(255) CHARACTER SET utf8mb3 COLLATE utf8mb3_general_ci NULL DEFAULT NULL COMMENT '量程',
  `standard_value` varchar(255) CHARACTER SET utf8mb3 COLLATE utf8mb3_general_ci NULL DEFAULT NULL COMMENT '标准值',
  `resolution` decimal(11, 6) NULL DEFAULT NULL COMMENT '分辨力',
  `maximum_error` varchar(255) CHARACTER SET utf8mb3 COLLATE utf8mb3_general_ci NULL DEFAULT NULL COMMENT '最大允许误差',
  `error_param_a` varchar(255) CHARACTER SET utf8mb3 COLLATE utf8mb3_general_ci NULL DEFAULT NULL COMMENT '误差参数a',
  `error_param_b` varchar(255) CHARACTER SET utf8mb3 COLLATE utf8mb3_general_ci NULL DEFAULT NULL COMMENT '误差参数b',
  `auxiliary_ground_resistance` varchar(255) CHARACTER SET utf8mb3 COLLATE utf8mb3_general_ci NULL DEFAULT NULL COMMENT '辅助地阻',
  `create_time` timestamp(0) NULL DEFAULT CURRENT_TIMESTAMP(0) COMMENT '创建时间',
  `update_time` timestamp(0) NULL DEFAULT CURRENT_TIMESTAMP(0) ON UPDATE CURRENT_TIMESTAMP(0) COMMENT '更新时间',
  PRIMARY KEY (`id`) USING BTREE
) ENGINE = InnoDB CHARACTER SET = utf8mb3 COLLATE = utf8mb3_general_ci COMMENT = '计量检定业务-受检设备检定管理-多功能电气安全校准器标准装置(包含字典的字段未备注的都存为字典value)' ROW_FORMAT = DYNAMIC;

-- ----------------------------
-- Records of biz_business_device_measure_item_data_electrical_safety
-- ----------------------------
INSERT INTO `biz_business_device_measure_item_data_electrical_safety` VALUES (1747176788888506369, 1747176392430309378, '2', NULL, NULL, NULL, NULL, NULL, '1000', NULL, NULL, 'MΩ', '500', '100', 0.100000, '±（a * 被检示值 + b * 量程）', '0.005', '0.003', NULL, '2024-01-16 16:39:42', '2024-01-16 16:39:42');
INSERT INTO `biz_business_device_measure_item_data_electrical_safety` VALUES (1747176788892700674, 1747176392430309378, '1', '1000', '0', '0.1', '1000', '1100.0', NULL, NULL, NULL, NULL, NULL, NULL, NULL, NULL, NULL, NULL, NULL, '2024-01-16 16:39:42', '2024-01-16 16:39:42');

-- ----------------------------
-- Table structure for biz_business_device_measure_item_data_piston_gauge
-- ----------------------------
CREATE TABLE `biz_business_device_measure_item_data_piston_gauge`  (
  `id` bigint NOT NULL,
  `item_id` bigint NOT NULL COMMENT '检定项id',
  `indicating_value` varchar(255) CHARACTER SET utf8mb3 COLLATE utf8mb3_general_ci NULL DEFAULT NULL COMMENT '标准器示值',
  `return_error` varchar(255) CHARACTER SET utf8mb3 COLLATE utf8mb3_general_ci NULL DEFAULT NULL COMMENT '回程误差允许值',
  `friction_error` varchar(255) CHARACTER SET utf8mb3 COLLATE utf8mb3_general_ci NULL DEFAULT NULL COMMENT '轻敲位移允许值',
  `indicating_error` varchar(255) CHARACTER SET utf8mb3 COLLATE utf8mb3_general_ci NULL DEFAULT NULL COMMENT '示值误差允许值',
  `zero_position` tinyint(1) NULL DEFAULT NULL COMMENT '零位是否带止销',
  `measure_medium` varchar(255) CHARACTER SET utf8mb3 COLLATE utf8mb3_general_ci NULL DEFAULT NULL COMMENT '检定介质(字典value)',
  `accuracy_class` decimal(3, 2) NULL DEFAULT NULL COMMENT '准确度等级',
  `maximum_error` varchar(255) CHARACTER SET utf8mb3 COLLATE utf8mb3_general_ci NULL DEFAULT NULL COMMENT '最大允许误差',
  `theoretical_output_value` decimal(10, 3) NULL DEFAULT NULL COMMENT '理论输出值',
  `create_time` timestamp(0) NULL DEFAULT CURRENT_TIMESTAMP(0) COMMENT '创建时间',
  `update_time` timestamp(0) NULL DEFAULT CURRENT_TIMESTAMP(0) ON UPDATE CURRENT_TIMESTAMP(0) COMMENT '更新时间',
  PRIMARY KEY (`id`) USING BTREE
) ENGINE = InnoDB CHARACTER SET = utf8mb3 COLLATE = utf8mb3_general_ci COMMENT = '计量检定业务-受检设备检定管理-检定项0.02活塞式压力计数据(包含字典的字段都存为字典value)' ROW_FORMAT = Dynamic;

-- ----------------------------
-- Records of biz_business_device_measure_item_data_piston_gauge
-- ----------------------------
INSERT INTO `biz_business_device_measure_item_data_piston_gauge` VALUES (1734834270909796353, 1734784320746328065, '0', '0.9600', '0.4800', '±0.9600', 0, '氮气', 1.60, '±0.9600', NULL, '2023-12-13 15:14:58', '2023-12-13 15:14:58');
INSERT INTO `biz_business_device_measure_item_data_piston_gauge` VALUES (1734834270913990657, 1734784320746328065, '12', '0.9600', '0.4800', '±0.9600', 0, '氮气', 1.60, '±0.9600', NULL, '2023-12-13 15:14:58', '2023-12-13 15:14:58');
INSERT INTO `biz_business_device_measure_item_data_piston_gauge` VALUES (1734834270913990658, 1734784320746328065, '24', '0.9600', '0.4800', '±0.9600', 0, '氮气', 1.60, '±0.9600', NULL, '2023-12-13 15:14:58', '2023-12-13 15:14:58');
INSERT INTO `biz_business_device_measure_item_data_piston_gauge` VALUES (1734834270913990659, 1734784320746328065, '36', '0.9600', '0.4800', '±0.9600', 0, '氮气', 1.60, '±0.9600', NULL, '2023-12-13 15:14:58', '2023-12-13 15:14:58');
INSERT INTO `biz_business_device_measure_item_data_piston_gauge` VALUES (1734834270918184961, 1734784320746328065, '48', '0.9600', '0.4800', '±0.9600', 0, '氮气', 1.60, '±0.9600', NULL, '2023-12-13 15:14:58', '2023-12-13 15:14:58');
INSERT INTO `biz_business_device_measure_item_data_piston_gauge` VALUES (1734834270918184962, 1734784320746328065, '60', '1.5000', '0.7500', '±1.5000', 0, '氮气', 2.50, '±1.5000', NULL, '2023-12-13 15:14:58', '2023-12-13 15:14:58');
INSERT INTO `biz_business_device_measure_item_data_piston_gauge` VALUES (1734856579523579905, 1734856448086675458, '0', '0.4000', '0.2000', '±0.4000', 1, '氮气', 1.00, '±0.4000', NULL, '2023-12-13 16:43:37', '2023-12-13 16:43:37');
INSERT INTO `biz_business_device_measure_item_data_piston_gauge` VALUES (1734856579527774210, 1734856448086675458, '10', '0.4000', '0.2000', '±0.4000', 1, '氮气', 1.00, '±0.4000', NULL, '2023-12-13 16:43:37', '2023-12-13 16:43:37');
INSERT INTO `biz_business_device_measure_item_data_piston_gauge` VALUES (1734856579531968513, 1734856448086675458, '20', '0.4000', '0.2000', '±0.4000', 1, '氮气', 1.00, '±0.4000', NULL, '2023-12-13 16:43:37', '2023-12-13 16:43:37');
INSERT INTO `biz_business_device_measure_item_data_piston_gauge` VALUES (1734856579531968514, 1734856448086675458, '30', '0.4000', '0.2000', '±0.4000', 1, '氮气', 1.00, '±0.4000', NULL, '2023-12-13 16:43:37', '2023-12-13 16:43:37');
INSERT INTO `biz_business_device_measure_item_data_piston_gauge` VALUES (1734856579531968515, 1734856448086675458, '40', '0.6400', '0.3200', '±0.6400', 1, '氮气', 1.60, '±0.6400', NULL, '2023-12-13 16:43:37', '2023-12-13 16:43:37');
INSERT INTO `biz_business_device_measure_item_data_piston_gauge` VALUES (1734857787508297730, 1734857508368977922, '0', '0.6000', '0.3000', '±0.6000', 1, '氮气', 1.00, '±0.6000', NULL, '2023-12-13 16:48:25', '2023-12-13 16:48:25');
INSERT INTO `biz_business_device_measure_item_data_piston_gauge` VALUES (1734857787508297731, 1734857508368977922, '20', '0.6000', '0.3000', '±0.6000', 1, '氮气', 1.00, '±0.6000', NULL, '2023-12-13 16:48:25', '2023-12-13 16:48:25');
INSERT INTO `biz_business_device_measure_item_data_piston_gauge` VALUES (1734857787512492033, 1734857508368977922, '40', '0.6000', '0.3000', '±0.6000', 1, '氮气', 1.00, '±0.6000', NULL, '2023-12-13 16:48:25', '2023-12-13 16:48:25');
INSERT INTO `biz_business_device_measure_item_data_piston_gauge` VALUES (1734857787512492034, 1734857508368977922, '60', '0.9600', '0.4800', '±0.9600', 1, '氮气', 1.60, '±0.9600', NULL, '2023-12-13 16:48:25', '2023-12-13 16:48:25');
INSERT INTO `biz_business_device_measure_item_data_piston_gauge` VALUES (1734858743901884417, 1734858647093153794, '0', '0.0400', '0.0200', '±0.0400', 0, '氮气', 0.20, '±0.0400', 4.000, '2023-12-13 16:52:13', '2023-12-13 16:52:13');
INSERT INTO `biz_business_device_measure_item_data_piston_gauge` VALUES (1734858743901884418, 1734858647093153794, '4', '0.0400', '0.0200', '±0.0400', 0, '氮气', 0.20, '±0.0400', 7.200, '2023-12-13 16:52:13', '2023-12-13 16:52:13');
INSERT INTO `biz_business_device_measure_item_data_piston_gauge` VALUES (1734858743901884419, 1734858647093153794, '8', '0.0400', '0.0200', '±0.0400', 0, '氮气', 0.20, '±0.0400', 10.400, '2023-12-13 16:52:13', '2023-12-13 16:52:13');
INSERT INTO `biz_business_device_measure_item_data_piston_gauge` VALUES (1734858743901884420, 1734858647093153794, '12', '0.0400', '0.0200', '±0.0400', 0, '氮气', 0.20, '±0.0400', 13.600, '2023-12-13 16:52:13', '2023-12-13 16:52:13');
INSERT INTO `biz_business_device_measure_item_data_piston_gauge` VALUES (1734858743906078722, 1734858647093153794, '16', '0.0400', '0.0200', '±0.0400', 0, '氮气', 0.20, '±0.0400', 16.800, '2023-12-13 16:52:13', '2023-12-13 16:52:13');
INSERT INTO `biz_business_device_measure_item_data_piston_gauge` VALUES (1734858743906078723, 1734858647093153794, '20', '0.0400', '0.0200', '±0.0400', 0, '氮气', 0.20, '±0.0400', 20.000, '2023-12-13 16:52:13', '2023-12-13 16:52:13');
INSERT INTO `biz_business_device_measure_item_data_piston_gauge` VALUES (1734859053751898114, 1734858850735001602, '0', '0.0400', '0.0200', '±0.0400', 0, '氮气', 0.40, '±0.0400', NULL, '2023-12-13 16:53:27', '2023-12-13 16:53:27');
INSERT INTO `biz_business_device_measure_item_data_piston_gauge` VALUES (1734859053751898115, 1734858850735001602, '1', '0.0400', '0.0200', '±0.0400', 0, '氮气', 0.40, '±0.0400', NULL, '2023-12-13 16:53:27', '2023-12-13 16:53:27');
INSERT INTO `biz_business_device_measure_item_data_piston_gauge` VALUES (1734859053756092418, 1734858850735001602, '2', '0.0400', '0.0200', '±0.0400', 0, '氮气', 0.40, '±0.0400', NULL, '2023-12-13 16:53:27', '2023-12-13 16:53:27');
INSERT INTO `biz_business_device_measure_item_data_piston_gauge` VALUES (1734859053756092419, 1734858850735001602, '3', '0.0400', '0.0200', '±0.0400', 0, '氮气', 0.40, '±0.0400', NULL, '2023-12-13 16:53:27', '2023-12-13 16:53:27');
INSERT INTO `biz_business_device_measure_item_data_piston_gauge` VALUES (1734859053756092420, 1734858850735001602, '4', '0.0400', '0.0200', '±0.0400', 0, '氮气', 0.40, '±0.0400', NULL, '2023-12-13 16:53:27', '2023-12-13 16:53:27');
INSERT INTO `biz_business_device_measure_item_data_piston_gauge` VALUES (1734859053756092421, 1734858850735001602, '5', '0.0400', '0.0200', '±0.0400', 0, '氮气', 0.40, '±0.0400', NULL, '2023-12-13 16:53:27', '2023-12-13 16:53:27');
INSERT INTO `biz_business_device_measure_item_data_piston_gauge` VALUES (1734859053756092422, 1734858850735001602, '6', '0.0400', '0.0200', '±0.0400', 0, '氮气', 0.40, '±0.0400', NULL, '2023-12-13 16:53:27', '2023-12-13 16:53:27');
INSERT INTO `biz_business_device_measure_item_data_piston_gauge` VALUES (1734859053760286722, 1734858850735001602, '7', '0.0400', '0.0200', '±0.0400', 0, '氮气', 0.40, '±0.0400', NULL, '2023-12-13 16:53:27', '2023-12-13 16:53:27');
INSERT INTO `biz_business_device_measure_item_data_piston_gauge` VALUES (1734859053760286723, 1734858850735001602, '8', '0.0400', '0.0200', '±0.0400', 0, '氮气', 0.40, '±0.0400', NULL, '2023-12-13 16:53:27', '2023-12-13 16:53:27');
INSERT INTO `biz_business_device_measure_item_data_piston_gauge` VALUES (1734859053760286724, 1734858850735001602, '9', '0.0400', '0.0200', '±0.0400', 0, '氮气', 0.40, '±0.0400', NULL, '2023-12-13 16:53:27', '2023-12-13 16:53:27');
INSERT INTO `biz_business_device_measure_item_data_piston_gauge` VALUES (1734859053760286725, 1734858850735001602, '10', '0.0400', '0.0200', '±0.0400', 0, '氮气', 0.40, '±0.0400', NULL, '2023-12-13 16:53:27', '2023-12-13 16:53:27');
INSERT INTO `biz_business_device_measure_item_data_piston_gauge` VALUES (1734860063488643073, 1734859153899294721, '0', '0.1000', '0.0500', '±0.1000', 0, '氮气', 0.40, '±0.1000', NULL, '2023-12-13 16:57:27', '2023-12-13 16:57:27');
INSERT INTO `biz_business_device_measure_item_data_piston_gauge` VALUES (1734860063492837377, 1734859153899294721, '2.5', '0.1000', '0.0500', '±0.1000', 0, '氮气', 0.40, '±0.1000', NULL, '2023-12-13 16:57:27', '2023-12-13 16:57:27');
INSERT INTO `biz_business_device_measure_item_data_piston_gauge` VALUES (1734860063492837378, 1734859153899294721, '5', '0.1000', '0.0500', '±0.1000', 0, '氮气', 0.40, '±0.1000', NULL, '2023-12-13 16:57:27', '2023-12-13 16:57:27');
INSERT INTO `biz_business_device_measure_item_data_piston_gauge` VALUES (1734860063492837379, 1734859153899294721, '7.5', '0.1000', '0.0500', '±0.1000', 0, '氮气', 0.40, '±0.1000', NULL, '2023-12-13 16:57:27', '2023-12-13 16:57:27');
INSERT INTO `biz_business_device_measure_item_data_piston_gauge` VALUES (1734860063492837380, 1734859153899294721, '10', '0.1000', '0.0500', '±0.1000', 0, '氮气', 0.40, '±0.1000', NULL, '2023-12-13 16:57:27', '2023-12-13 16:57:27');
INSERT INTO `biz_business_device_measure_item_data_piston_gauge` VALUES (1734860063492837381, 1734859153899294721, '12.5', '0.1000', '0.0500', '±0.1000', 0, '氮气', 0.40, '±0.1000', NULL, '2023-12-13 16:57:27', '2023-12-13 16:57:27');
INSERT INTO `biz_business_device_measure_item_data_piston_gauge` VALUES (1734860063497031681, 1734859153899294721, '15', '0.1000', '0.0500', '±0.1000', 0, '氮气', 0.40, '±0.1000', NULL, '2023-12-13 16:57:27', '2023-12-13 16:57:27');
INSERT INTO `biz_business_device_measure_item_data_piston_gauge` VALUES (1734860063497031682, 1734859153899294721, '17.5', '0.1000', '0.0500', '±0.1000', 0, '氮气', 0.40, '±0.1000', NULL, '2023-12-13 16:57:27', '2023-12-13 16:57:27');
INSERT INTO `biz_business_device_measure_item_data_piston_gauge` VALUES (1734860063497031683, 1734859153899294721, '20', '0.1000', '0.0500', '±0.1000', 0, '氮气', 0.40, '±0.1000', NULL, '2023-12-13 16:57:27', '2023-12-13 16:57:27');
INSERT INTO `biz_business_device_measure_item_data_piston_gauge` VALUES (1734860063497031684, 1734859153899294721, '22.5', '0.1000', '0.0500', '±0.1000', 0, '氮气', 0.40, '±0.1000', NULL, '2023-12-13 16:57:27', '2023-12-13 16:57:27');
INSERT INTO `biz_business_device_measure_item_data_piston_gauge` VALUES (1734860063497031685, 1734859153899294721, '25', '0.1000', '0.0500', '±0.1000', 0, '氮气', 0.40, '±0.1000', NULL, '2023-12-13 16:57:27', '2023-12-13 16:57:27');
INSERT INTO `biz_business_device_measure_item_data_piston_gauge` VALUES (1734860517048094721, 1734860146309369858, '-0.1', '0.0064', '0.0032', '±0.0064', 0, '氮气', 0.40, '±0.0064', NULL, '2023-12-13 16:59:15', '2023-12-13 16:59:15');
INSERT INTO `biz_business_device_measure_item_data_piston_gauge` VALUES (1734860517048094722, 1734860146309369858, '0.1', '0.0064', '0.0032', '±0.0064', 0, '氮气', 0.40, '±0.0064', NULL, '2023-12-13 16:59:15', '2023-12-13 16:59:15');
INSERT INTO `biz_business_device_measure_item_data_piston_gauge` VALUES (1734860517048094723, 1734860146309369858, '0.3', '0.0064', '0.0032', '±0.0064', 0, '氮气', 0.40, '±0.0064', NULL, '2023-12-13 16:59:15', '2023-12-13 16:59:15');
INSERT INTO `biz_business_device_measure_item_data_piston_gauge` VALUES (1734860517048094724, 1734860146309369858, '0.5', '0.0064', '0.0032', '±0.0064', 0, '氮气', 0.40, '±0.0064', NULL, '2023-12-13 16:59:15', '2023-12-13 16:59:15');
INSERT INTO `biz_business_device_measure_item_data_piston_gauge` VALUES (1734860517052289026, 1734860146309369858, '0.7', '0.0064', '0.0032', '±0.0064', 0, '氮气', 0.40, '±0.0064', NULL, '2023-12-13 16:59:15', '2023-12-13 16:59:15');
INSERT INTO `biz_business_device_measure_item_data_piston_gauge` VALUES (1734860517052289027, 1734860146309369858, '0.9', '0.0064', '0.0032', '±0.0064', 0, '氮气', 0.40, '±0.0064', NULL, '2023-12-13 16:59:15', '2023-12-13 16:59:15');
INSERT INTO `biz_business_device_measure_item_data_piston_gauge` VALUES (1734860517052289028, 1734860146309369858, '1.1', '0.0064', '0.0032', '±0.0064', 0, '氮气', 0.40, '±0.0064', NULL, '2023-12-13 16:59:15', '2023-12-13 16:59:15');
INSERT INTO `biz_business_device_measure_item_data_piston_gauge` VALUES (1734860517052289029, 1734860146309369858, '1.3', '0.0064', '0.0032', '±0.0064', 0, '氮气', 0.40, '±0.0064', NULL, '2023-12-13 16:59:15', '2023-12-13 16:59:15');
INSERT INTO `biz_business_device_measure_item_data_piston_gauge` VALUES (1734860517052289030, 1734860146309369858, '1.5', '0.0064', '0.0032', '±0.0064', 0, '氮气', 0.40, '±0.0064', NULL, '2023-12-13 16:59:15', '2023-12-13 16:59:15');
INSERT INTO `biz_business_device_measure_item_data_piston_gauge` VALUES (1734860780500717569, 1734860664373022722, '0', '0.0600', '0.0300', '±0.0600', 0, '氮气', 0.40, '±0.0600', NULL, '2023-12-13 17:00:18', '2023-12-13 17:00:18');
INSERT INTO `biz_business_device_measure_item_data_piston_gauge` VALUES (1734860780500717570, 1734860664373022722, '1', '0.0600', '0.0300', '±0.0600', 0, '氮气', 0.40, '±0.0600', NULL, '2023-12-13 17:00:18', '2023-12-13 17:00:18');
INSERT INTO `biz_business_device_measure_item_data_piston_gauge` VALUES (1734860780500717571, 1734860664373022722, '2', '0.0600', '0.0300', '±0.0600', 0, '氮气', 0.40, '±0.0600', NULL, '2023-12-13 17:00:18', '2023-12-13 17:00:18');
INSERT INTO `biz_business_device_measure_item_data_piston_gauge` VALUES (1734860780500717572, 1734860664373022722, '3', '0.0600', '0.0300', '±0.0600', 0, '氮气', 0.40, '±0.0600', NULL, '2023-12-13 17:00:18', '2023-12-13 17:00:18');
INSERT INTO `biz_business_device_measure_item_data_piston_gauge` VALUES (1734860780504911874, 1734860664373022722, '4', '0.0600', '0.0300', '±0.0600', 0, '氮气', 0.40, '±0.0600', NULL, '2023-12-13 17:00:18', '2023-12-13 17:00:18');
INSERT INTO `biz_business_device_measure_item_data_piston_gauge` VALUES (1734860780504911875, 1734860664373022722, '5', '0.0600', '0.0300', '±0.0600', 0, '氮气', 0.40, '±0.0600', NULL, '2023-12-13 17:00:18', '2023-12-13 17:00:18');
INSERT INTO `biz_business_device_measure_item_data_piston_gauge` VALUES (1734860780504911876, 1734860664373022722, '6', '0.0600', '0.0300', '±0.0600', 0, '氮气', 0.40, '±0.0600', NULL, '2023-12-13 17:00:18', '2023-12-13 17:00:18');
INSERT INTO `biz_business_device_measure_item_data_piston_gauge` VALUES (1734860780504911877, 1734860664373022722, '7', '0.0600', '0.0300', '±0.0600', 0, '氮气', 0.40, '±0.0600', NULL, '2023-12-13 17:00:18', '2023-12-13 17:00:18');
INSERT INTO `biz_business_device_measure_item_data_piston_gauge` VALUES (1734860780504911878, 1734860664373022722, '8', '0.0600', '0.0300', '±0.0600', 0, '氮气', 0.40, '±0.0600', NULL, '2023-12-13 17:00:18', '2023-12-13 17:00:18');
INSERT INTO `biz_business_device_measure_item_data_piston_gauge` VALUES (1734860780509106177, 1734860664373022722, '9', '0.0600', '0.0300', '±0.0600', 0, '氮气', 0.40, '±0.0600', NULL, '2023-12-13 17:00:18', '2023-12-13 17:00:18');
INSERT INTO `biz_business_device_measure_item_data_piston_gauge` VALUES (1734860780509106178, 1734860664373022722, '10', '0.0600', '0.0300', '±0.0600', 0, '氮气', 0.40, '±0.0600', NULL, '2023-12-13 17:00:18', '2023-12-13 17:00:18');
INSERT INTO `biz_business_device_measure_item_data_piston_gauge` VALUES (1734860780509106179, 1734860664373022722, '11', '0.0600', '0.0300', '±0.0600', 0, '氮气', 0.40, '±0.0600', NULL, '2023-12-13 17:00:18', '2023-12-13 17:00:18');
INSERT INTO `biz_business_device_measure_item_data_piston_gauge` VALUES (1734860780509106180, 1734860664373022722, '12', '0.0600', '0.0300', '±0.0600', 0, '氮气', 0.40, '±0.0600', NULL, '2023-12-13 17:00:18', '2023-12-13 17:00:18');
INSERT INTO `biz_business_device_measure_item_data_piston_gauge` VALUES (1734860780509106181, 1734860664373022722, '13', '0.0600', '0.0300', '±0.0600', 0, '氮气', 0.40, '±0.0600', NULL, '2023-12-13 17:00:18', '2023-12-13 17:00:18');
INSERT INTO `biz_business_device_measure_item_data_piston_gauge` VALUES (1734860780509106182, 1734860664373022722, '14', '0.0600', '0.0300', '±0.0600', 0, '氮气', 0.40, '±0.0600', NULL, '2023-12-13 17:00:18', '2023-12-13 17:00:18');
INSERT INTO `biz_business_device_measure_item_data_piston_gauge` VALUES (1734860780513300482, 1734860664373022722, '15', '0.0600', '0.0300', '±0.0600', 0, '氮气', 0.40, '±0.0600', NULL, '2023-12-13 17:00:18', '2023-12-13 17:00:18');
INSERT INTO `biz_business_device_measure_item_data_piston_gauge` VALUES (1734860979239424002, 1734860858506383361, '0', '0.0064', '0.0032', '±0.0064', 0, '氮气', 0.40, '±0.0064', NULL, '2023-12-13 17:01:06', '2023-12-13 17:01:06');
INSERT INTO `biz_business_device_measure_item_data_piston_gauge` VALUES (1734860979243618306, 1734860858506383361, '0.2', '0.0064', '0.0032', '±0.0064', 0, '氮气', 0.40, '±0.0064', NULL, '2023-12-13 17:01:06', '2023-12-13 17:01:06');
INSERT INTO `biz_business_device_measure_item_data_piston_gauge` VALUES (1734860979243618307, 1734860858506383361, '0.4', '0.0064', '0.0032', '±0.0064', 0, '氮气', 0.40, '±0.0064', NULL, '2023-12-13 17:01:06', '2023-12-13 17:01:06');
INSERT INTO `biz_business_device_measure_item_data_piston_gauge` VALUES (1734860979243618308, 1734860858506383361, '0.6', '0.0064', '0.0032', '±0.0064', 0, '氮气', 0.40, '±0.0064', NULL, '2023-12-13 17:01:06', '2023-12-13 17:01:06');
INSERT INTO `biz_business_device_measure_item_data_piston_gauge` VALUES (1734860979243618309, 1734860858506383361, '0.8', '0.0064', '0.0032', '±0.0064', 0, '氮气', 0.40, '±0.0064', NULL, '2023-12-13 17:01:06', '2023-12-13 17:01:06');
INSERT INTO `biz_business_device_measure_item_data_piston_gauge` VALUES (1734860979247812610, 1734860858506383361, '1', '0.0064', '0.0032', '±0.0064', 0, '氮气', 0.40, '±0.0064', NULL, '2023-12-13 17:01:06', '2023-12-13 17:01:06');
INSERT INTO `biz_business_device_measure_item_data_piston_gauge` VALUES (1734860979247812611, 1734860858506383361, '1.2', '0.0064', '0.0032', '±0.0064', 0, '氮气', 0.40, '±0.0064', NULL, '2023-12-13 17:01:06', '2023-12-13 17:01:06');
INSERT INTO `biz_business_device_measure_item_data_piston_gauge` VALUES (1734860979247812612, 1734860858506383361, '1.4', '0.0064', '0.0032', '±0.0064', 0, '氮气', 0.40, '±0.0064', NULL, '2023-12-13 17:01:06', '2023-12-13 17:01:06');
INSERT INTO `biz_business_device_measure_item_data_piston_gauge` VALUES (1734860979247812613, 1734860858506383361, '1.6', '0.0064', '0.0032', '±0.0064', 0, '氮气', 0.40, '±0.0064', NULL, '2023-12-13 17:01:06', '2023-12-13 17:01:06');
INSERT INTO `biz_business_device_measure_item_data_piston_gauge` VALUES (1734861245464481793, 1734861074492067842, '0', '0.0800', '0.0400', '±0.0800', 0, '氮气', 0.40, '±0.0800', NULL, '2023-12-13 17:02:09', '2023-12-13 17:02:09');
INSERT INTO `biz_business_device_measure_item_data_piston_gauge` VALUES (1734861245464481794, 1734861074492067842, '2', '0.0800', '0.0400', '±0.0800', 0, '氮气', 0.40, '±0.0800', NULL, '2023-12-13 17:02:09', '2023-12-13 17:02:09');
INSERT INTO `biz_business_device_measure_item_data_piston_gauge` VALUES (1734861245464481795, 1734861074492067842, '4', '0.0800', '0.0400', '±0.0800', 0, '氮气', 0.40, '±0.0800', NULL, '2023-12-13 17:02:09', '2023-12-13 17:02:09');
INSERT INTO `biz_business_device_measure_item_data_piston_gauge` VALUES (1734861245468676097, 1734861074492067842, '6', '0.0800', '0.0400', '±0.0800', 0, '氮气', 0.40, '±0.0800', NULL, '2023-12-13 17:02:09', '2023-12-13 17:02:09');
INSERT INTO `biz_business_device_measure_item_data_piston_gauge` VALUES (1734861245468676098, 1734861074492067842, '8', '0.0800', '0.0400', '±0.0800', 0, '氮气', 0.40, '±0.0800', NULL, '2023-12-13 17:02:09', '2023-12-13 17:02:09');
INSERT INTO `biz_business_device_measure_item_data_piston_gauge` VALUES (1734861245468676099, 1734861074492067842, '10', '0.0800', '0.0400', '±0.0800', 0, '氮气', 0.40, '±0.0800', NULL, '2023-12-13 17:02:09', '2023-12-13 17:02:09');
INSERT INTO `biz_business_device_measure_item_data_piston_gauge` VALUES (1734861245468676100, 1734861074492067842, '12', '0.0800', '0.0400', '±0.0800', 0, '氮气', 0.40, '±0.0800', NULL, '2023-12-13 17:02:09', '2023-12-13 17:02:09');
INSERT INTO `biz_business_device_measure_item_data_piston_gauge` VALUES (1734861245468676101, 1734861074492067842, '14', '0.0800', '0.0400', '±0.0800', 0, '氮气', 0.40, '±0.0800', NULL, '2023-12-13 17:02:09', '2023-12-13 17:02:09');
INSERT INTO `biz_business_device_measure_item_data_piston_gauge` VALUES (1734861245472870401, 1734861074492067842, '16', '0.0800', '0.0400', '±0.0800', 0, '氮气', 0.40, '±0.0800', NULL, '2023-12-13 17:02:09', '2023-12-13 17:02:09');
INSERT INTO `biz_business_device_measure_item_data_piston_gauge` VALUES (1734861245472870402, 1734861074492067842, '18', '0.0800', '0.0400', '±0.0800', 0, '氮气', 0.40, '±0.0800', NULL, '2023-12-13 17:02:09', '2023-12-13 17:02:09');
INSERT INTO `biz_business_device_measure_item_data_piston_gauge` VALUES (1734861245472870403, 1734861074492067842, '20', '0.0800', '0.0400', '±0.0800', 0, '氮气', 0.40, '±0.0800', NULL, '2023-12-13 17:02:09', '2023-12-13 17:02:09');
INSERT INTO `biz_business_device_measure_item_data_piston_gauge` VALUES (1734863796700221442, 1734858018836746242, '0', '0.0100', '0.0050', '±0.0100', 0, '氮气', 0.20, '±0.0100', 4.000, '2023-12-13 17:12:17', '2023-12-13 17:12:17');
INSERT INTO `biz_business_device_measure_item_data_piston_gauge` VALUES (1734863796704415745, 1734858018836746242, '1', '0.0100', '0.0050', '±0.0100', 0, '氮气', 0.20, '±0.0100', 7.200, '2023-12-13 17:12:17', '2023-12-13 17:12:17');
INSERT INTO `biz_business_device_measure_item_data_piston_gauge` VALUES (1734863796704415746, 1734858018836746242, '2', '0.0100', '0.0050', '±0.0100', 0, '氮气', 0.20, '±0.0100', 10.400, '2023-12-13 17:12:17', '2023-12-13 17:12:17');
INSERT INTO `biz_business_device_measure_item_data_piston_gauge` VALUES (1734863796704415747, 1734858018836746242, '3', '0.0100', '0.0050', '±0.0100', 0, '氮气', 0.20, '±0.0100', 13.600, '2023-12-13 17:12:17', '2023-12-13 17:12:17');
INSERT INTO `biz_business_device_measure_item_data_piston_gauge` VALUES (1734863796704415748, 1734858018836746242, '4', '0.0100', '0.0050', '±0.0100', 0, '氮气', 0.20, '±0.0100', 16.800, '2023-12-13 17:12:17', '2023-12-13 17:12:17');
INSERT INTO `biz_business_device_measure_item_data_piston_gauge` VALUES (1734863796704415749, 1734858018836746242, '5', '0.0100', '0.0050', '±0.0100', 0, '氮气', 0.20, '±0.0100', 20.000, '2023-12-13 17:12:17', '2023-12-13 17:12:17');
INSERT INTO `biz_business_device_measure_item_data_piston_gauge` VALUES (1735116259684552705, 1735116063584063490, '0', '0.0096', '0.0048', '±0.0096', 1, '氮气', 1.60, '±0.0096', NULL, '2023-12-14 09:55:29', '2023-12-14 09:55:29');
INSERT INTO `biz_business_device_measure_item_data_piston_gauge` VALUES (1735116259684552706, 1735116063584063490, '0.2', '0.0096', '0.0048', '±0.0096', 1, '氮气', 1.60, '±0.0096', NULL, '2023-12-14 09:55:29', '2023-12-14 09:55:29');
INSERT INTO `biz_business_device_measure_item_data_piston_gauge` VALUES (1735116259688747009, 1735116063584063490, '0.4', '0.0096', '0.0048', '±0.0096', 1, '氮气', 1.60, '±0.0096', NULL, '2023-12-14 09:55:29', '2023-12-14 09:55:29');
INSERT INTO `biz_business_device_measure_item_data_piston_gauge` VALUES (1735116259688747010, 1735116063584063490, '0.6', '0.0150', '0.0075', '±0.0150', 1, '氮气', 2.50, '±0.0150', NULL, '2023-12-14 09:55:29', '2023-12-14 09:55:29');
INSERT INTO `biz_business_device_measure_item_data_piston_gauge` VALUES (1735116618716975105, 1735116473006854145, '0', '0.0400', '0.0200', '±0.0400', 0, '氮气', 0.20, '±0.0400', NULL, '2023-12-14 09:56:55', '2023-12-14 09:56:55');
INSERT INTO `biz_business_device_measure_item_data_piston_gauge` VALUES (1735116618716975106, 1735116473006854145, '5', '0.0400', '0.0200', '±0.0400', 0, '氮气', 0.20, '±0.0400', NULL, '2023-12-14 09:56:55', '2023-12-14 09:56:55');
INSERT INTO `biz_business_device_measure_item_data_piston_gauge` VALUES (1735116618716975107, 1735116473006854145, '10', '0.0400', '0.0200', '±0.0400', 0, '氮气', 0.20, '±0.0400', NULL, '2023-12-14 09:56:55', '2023-12-14 09:56:55');
INSERT INTO `biz_business_device_measure_item_data_piston_gauge` VALUES (1735116618716975108, 1735116473006854145, '15', '0.0400', '0.0200', '±0.0400', 0, '氮气', 0.20, '±0.0400', NULL, '2023-12-14 09:56:55', '2023-12-14 09:56:55');
INSERT INTO `biz_business_device_measure_item_data_piston_gauge` VALUES (1735116618721169409, 1735116473006854145, '20', '0.0400', '0.0200', '±0.0400', 0, '氮气', 0.20, '±0.0400', NULL, '2023-12-14 09:56:55', '2023-12-14 09:56:55');
INSERT INTO `biz_business_device_measure_item_data_piston_gauge` VALUES (1735117419652878337, 1735117239163588610, '0', '0.0400', '0.0200', '±0.0400', 1, '氮气', 1.60, '±0.0400', NULL, '2023-12-14 10:00:06', '2023-12-14 10:00:06');
INSERT INTO `biz_business_device_measure_item_data_piston_gauge` VALUES (1735117419652878338, 1735117239163588610, '0.5', '0.0400', '0.0200', '±0.0400', 1, '氮气', 1.60, '±0.0400', NULL, '2023-12-14 10:00:06', '2023-12-14 10:00:06');
INSERT INTO `biz_business_device_measure_item_data_piston_gauge` VALUES (1735117419652878339, 1735117239163588610, '1', '0.0400', '0.0200', '±0.0400', 1, '氮气', 1.60, '±0.0400', NULL, '2023-12-14 10:00:06', '2023-12-14 10:00:06');
INSERT INTO `biz_business_device_measure_item_data_piston_gauge` VALUES (1735117419657072641, 1735117239163588610, '1.5', '0.0400', '0.0200', '±0.0400', 1, '氮气', 1.60, '±0.0400', NULL, '2023-12-14 10:00:06', '2023-12-14 10:00:06');
INSERT INTO `biz_business_device_measure_item_data_piston_gauge` VALUES (1735117419657072642, 1735117239163588610, '2', '0.0400', '0.0200', '±0.0400', 1, '氮气', 1.60, '±0.0400', NULL, '2023-12-14 10:00:06', '2023-12-14 10:00:06');
INSERT INTO `biz_business_device_measure_item_data_piston_gauge` VALUES (1735117419657072643, 1735117239163588610, '2.5', '0.0625', '0.0312', '±0.0625', 1, '氮气', 2.50, '±0.0625', NULL, '2023-12-14 10:00:06', '2023-12-14 10:00:06');
INSERT INTO `biz_business_device_measure_item_data_piston_gauge` VALUES (1735117863020171265, 1735117572728197122, '0', '0.0300', '0.0150', '±0.0300', 0, '氮气', 0.10, '±0.0300', NULL, '2023-12-14 10:01:52', '2023-12-14 10:01:52');
INSERT INTO `biz_business_device_measure_item_data_piston_gauge` VALUES (1735117863020171266, 1735117572728197122, '5', '0.0300', '0.0150', '±0.0300', 0, '氮气', 0.10, '±0.0300', NULL, '2023-12-14 10:01:52', '2023-12-14 10:01:52');
INSERT INTO `biz_business_device_measure_item_data_piston_gauge` VALUES (1735117863024365570, 1735117572728197122, '10', '0.0300', '0.0150', '±0.0300', 0, '氮气', 0.10, '±0.0300', NULL, '2023-12-14 10:01:52', '2023-12-14 10:01:52');
INSERT INTO `biz_business_device_measure_item_data_piston_gauge` VALUES (1735117863024365571, 1735117572728197122, '15', '0.0300', '0.0150', '±0.0300', 0, '氮气', 0.10, '±0.0300', NULL, '2023-12-14 10:01:52', '2023-12-14 10:01:52');
INSERT INTO `biz_business_device_measure_item_data_piston_gauge` VALUES (1735117863024365572, 1735117572728197122, '20', '0.0300', '0.0150', '±0.0300', 0, '氮气', 0.10, '±0.0300', NULL, '2023-12-14 10:01:52', '2023-12-14 10:01:52');
INSERT INTO `biz_business_device_measure_item_data_piston_gauge` VALUES (1735117863024365573, 1735117572728197122, '25', '0.0300', '0.0150', '±0.0300', 0, '氮气', 0.10, '±0.0300', NULL, '2023-12-14 10:01:52', '2023-12-14 10:01:52');
INSERT INTO `biz_business_device_measure_item_data_piston_gauge` VALUES (1735117863024365574, 1735117572728197122, '30', '0.0300', '0.0150', '±0.0300', 0, '氮气', 0.10, '±0.0300', NULL, '2023-12-14 10:01:52', '2023-12-14 10:01:52');
INSERT INTO `biz_business_device_measure_item_data_piston_gauge` VALUES (1735123082999271425, 1734511787274964993, '0', '0.0256', '0.0128', '±0.0256', 1, '氮气', 1.60, '±0.0256', NULL, '2023-12-14 10:22:36', '2023-12-14 10:22:36');
INSERT INTO `biz_business_device_measure_item_data_piston_gauge` VALUES (1735123082999271426, 1734511787274964993, '0.4', '0.0256', '0.0128', '±0.0256', 1, '氮气', 1.60, '±0.0256', NULL, '2023-12-14 10:22:36', '2023-12-14 10:22:36');
INSERT INTO `biz_business_device_measure_item_data_piston_gauge` VALUES (1735123082999271427, 1734511787274964993, '0.8', '0.0256', '0.0128', '±0.0256', 1, '氮气', 1.60, '±0.0256', NULL, '2023-12-14 10:22:36', '2023-12-14 10:22:36');
INSERT INTO `biz_business_device_measure_item_data_piston_gauge` VALUES (1735123083003465730, 1734511787274964993, '1.2', '0.0256', '0.0128', '±0.0256', 1, '氮气', 1.60, '±0.0256', NULL, '2023-12-14 10:22:36', '2023-12-14 10:22:36');
INSERT INTO `biz_business_device_measure_item_data_piston_gauge` VALUES (1735123083003465731, 1734511787274964993, '1.6', '0.0400', '0.0200', '±0.0400', 1, '氮气', 2.50, '±0.0400', NULL, '2023-12-14 10:22:36', '2023-12-14 10:22:36');
INSERT INTO `biz_business_device_measure_item_data_piston_gauge` VALUES (1735128276789137409, 1735117010926342146, '0', '0.0900', '0.0450', '±0.0900', 0, '氮气', 0.20, '±0.0900', NULL, '2023-12-14 10:43:14', '2023-12-14 10:43:14');
INSERT INTO `biz_business_device_measure_item_data_piston_gauge` VALUES (1735128276789137410, 1735117010926342146, '5', '0.0900', '0.0450', '±0.0900', 0, '氮气', 0.20, '±0.0900', NULL, '2023-12-14 10:43:14', '2023-12-14 10:43:14');
INSERT INTO `biz_business_device_measure_item_data_piston_gauge` VALUES (1735128276789137411, 1735117010926342146, '10', '0.0900', '0.0450', '±0.0900', 0, '氮气', 0.20, '±0.0900', NULL, '2023-12-14 10:43:14', '2023-12-14 10:43:14');
INSERT INTO `biz_business_device_measure_item_data_piston_gauge` VALUES (1735128276789137412, 1735117010926342146, '15', '0.0900', '0.0450', '±0.0900', 0, '氮气', 0.20, '±0.0900', NULL, '2023-12-14 10:43:14', '2023-12-14 10:43:14');
INSERT INTO `biz_business_device_measure_item_data_piston_gauge` VALUES (1735128276793331713, 1735117010926342146, '20', '0.0900', '0.0450', '±0.0900', 0, '氮气', 0.20, '±0.0900', NULL, '2023-12-14 10:43:14', '2023-12-14 10:43:14');
INSERT INTO `biz_business_device_measure_item_data_piston_gauge` VALUES (1735128276793331714, 1735117010926342146, '25', '0.0900', '0.0450', '±0.0900', 0, '氮气', 0.20, '±0.0900', NULL, '2023-12-14 10:43:14', '2023-12-14 10:43:14');
INSERT INTO `biz_business_device_measure_item_data_piston_gauge` VALUES (1735128276793331715, 1735117010926342146, '30', '0.0900', '0.0450', '±0.0900', 0, '氮气', 0.20, '±0.0900', NULL, '2023-12-14 10:43:14', '2023-12-14 10:43:14');
INSERT INTO `biz_business_device_measure_item_data_piston_gauge` VALUES (1735128276793331716, 1735117010926342146, '35', '0.0900', '0.0450', '±0.0900', 0, '氮气', 0.20, '±0.0900', NULL, '2023-12-14 10:43:14', '2023-12-14 10:43:14');
INSERT INTO `biz_business_device_measure_item_data_piston_gauge` VALUES (1735128276793331717, 1735117010926342146, '40', '0.0900', '0.0450', '±0.0900', 0, '氮气', 0.20, '±0.0900', NULL, '2023-12-14 10:43:14', '2023-12-14 10:43:14');
INSERT INTO `biz_business_device_measure_item_data_piston_gauge` VALUES (1735128276793331718, 1735117010926342146, '45', '0.0900', '0.0450', '±0.0900', 0, '氮气', 0.20, '±0.0900', NULL, '2023-12-14 10:43:14', '2023-12-14 10:43:14');
INSERT INTO `biz_business_device_measure_item_data_piston_gauge` VALUES (1735128532922699778, 1734509767889555458, '0', '0.0640', '0.0200', '±0.0640', 0, '氮气', 0.40, '±0.0400', 4.000, '2023-12-14 10:44:15', '2023-12-14 10:44:15');
INSERT INTO `biz_business_device_measure_item_data_piston_gauge` VALUES (1735128532922699779, 1734509767889555458, '2', '0.0640', '0.0200', '±0.0640', 0, '氮气', 0.40, '±0.0400', 7.200, '2023-12-14 10:44:15', '2023-12-14 10:44:15');
INSERT INTO `biz_business_device_measure_item_data_piston_gauge` VALUES (1735128532926894081, 1734509767889555458, '4', '0.0640', '0.0200', '±0.0640', 0, '氮气', 0.40, '±0.0400', 10.400, '2023-12-14 10:44:15', '2023-12-14 10:44:15');
INSERT INTO `biz_business_device_measure_item_data_piston_gauge` VALUES (1735128532926894082, 1734509767889555458, '6', '0.0640', '0.0200', '±0.0640', 0, '氮气', 0.40, '±0.0400', 13.600, '2023-12-14 10:44:15', '2023-12-14 10:44:15');
INSERT INTO `biz_business_device_measure_item_data_piston_gauge` VALUES (1735128532926894083, 1734509767889555458, '8', '0.0640', '0.0200', '±0.0640', 0, '氮气', 0.40, '±0.0400', 16.800, '2023-12-14 10:44:15', '2023-12-14 10:44:15');
INSERT INTO `biz_business_device_measure_item_data_piston_gauge` VALUES (1735128532926894084, 1734509767889555458, '10', '0.0640', '0.0200', '±0.0640', 0, '氮气', 0.40, '±0.0400', 20.000, '2023-12-14 10:44:15', '2023-12-14 10:44:15');
INSERT INTO `biz_business_device_measure_item_data_piston_gauge` VALUES (1735147374025760770, 1735116660613877762, '0', '0.0320', '0.0150', '±0.0320', 0, '氮气', 0.20, '±0.0300', 4.000, '2023-12-14 11:59:08', '2023-12-14 11:59:08');
INSERT INTO `biz_business_device_measure_item_data_piston_gauge` VALUES (1735147374029955074, 1735116660613877762, '3', '0.0320', '0.0150', '±0.0320', 0, '氮气', 0.20, '±0.0300', 7.200, '2023-12-14 11:59:08', '2023-12-14 11:59:08');
INSERT INTO `biz_business_device_measure_item_data_piston_gauge` VALUES (1735147374029955075, 1735116660613877762, '6', '0.0320', '0.0150', '±0.0320', 0, '氮气', 0.20, '±0.0300', 10.400, '2023-12-14 11:59:08', '2023-12-14 11:59:08');
INSERT INTO `biz_business_device_measure_item_data_piston_gauge` VALUES (1735147374034149378, 1735116660613877762, '9', '0.0320', '0.0150', '±0.0320', 0, '氮气', 0.20, '±0.0300', 13.599, '2023-12-14 11:59:08', '2023-12-14 11:59:08');
INSERT INTO `biz_business_device_measure_item_data_piston_gauge` VALUES (1735147374042537986, 1735116660613877762, '12', '0.0320', '0.0150', '±0.0320', 0, '氮气', 0.20, '±0.0300', 16.799, '2023-12-14 11:59:08', '2023-12-14 11:59:08');
INSERT INTO `biz_business_device_measure_item_data_piston_gauge` VALUES (1735147374046732290, 1735116660613877762, '15', '0.0320', '0.0150', '±0.0320', 0, '氮气', 0.20, '±0.0300', 19.999, '2023-12-14 11:59:08', '2023-12-14 11:59:08');
INSERT INTO `biz_business_device_measure_item_data_piston_gauge` VALUES (1740203589944569857, 1740203111416426497, '1', NULL, NULL, NULL, 0, '其他', NULL, NULL, NULL, '2023-12-28 10:50:45', '2023-12-28 10:50:45');
INSERT INTO `biz_business_device_measure_item_data_piston_gauge` VALUES (1740203589948764161, 1740203111416426497, '1', NULL, NULL, NULL, 0, '其他', NULL, NULL, NULL, '2023-12-28 10:50:45', '2023-12-28 10:50:45');
INSERT INTO `biz_business_device_measure_item_data_piston_gauge` VALUES (1740203589948764162, 1740203111416426497, '1', NULL, NULL, NULL, 0, '其他', NULL, NULL, NULL, '2023-12-28 10:50:45', '2023-12-28 10:50:45');
INSERT INTO `biz_business_device_measure_item_data_piston_gauge` VALUES (1744548232400302081, 1734856783261896705, '0', '0.3200', '0.1600', '±0.3200', 1, '氮气', 1.60, '±0.3200', NULL, '2024-01-09 10:34:50', '2024-01-09 10:34:50');
INSERT INTO `biz_business_device_measure_item_data_piston_gauge` VALUES (1744548232404496385, 1734856783261896705, '5', '0.3200', '0.1600', '±0.3200', 1, '氮气', 1.60, '±0.3200', NULL, '2024-01-09 10:34:50', '2024-01-09 10:34:50');
INSERT INTO `biz_business_device_measure_item_data_piston_gauge` VALUES (1744548232408690689, 1734856783261896705, '10', '0.3200', '0.1600', '±0.3200', 1, '氮气', 1.60, '±0.3200', NULL, '2024-01-09 10:34:50', '2024-01-09 10:34:50');
INSERT INTO `biz_business_device_measure_item_data_piston_gauge` VALUES (1744548232412884993, 1734856783261896705, '15', '0.3200', '0.1600', '±0.3200', 1, '氮气', 1.60, '±0.3200', NULL, '2024-01-09 10:34:50', '2024-01-09 10:34:50');
INSERT INTO `biz_business_device_measure_item_data_piston_gauge` VALUES (1744548232417079297, 1734856783261896705, '20', '0.5000', '0.2500', '±0.5000', 1, '氮气', 2.50, '±0.5000', NULL, '2024-01-09 10:34:50', '2024-01-09 10:34:50');
INSERT INTO `biz_business_device_measure_item_data_piston_gauge` VALUES (1744548909444853761, 1744548624257347586, '0', '0.1600', '0.0800', '±0.1600', 0, '氮气', 0.40, '±0.1600', NULL, '2024-01-09 10:37:32', '2024-01-09 10:37:32');
INSERT INTO `biz_business_device_measure_item_data_piston_gauge` VALUES (1744548909444853762, 1744548624257347586, '4', '0.1600', '0.0800', '±0.1600', 0, '氮气', 0.40, '±0.1600', NULL, '2024-01-09 10:37:32', '2024-01-09 10:37:32');
INSERT INTO `biz_business_device_measure_item_data_piston_gauge` VALUES (1744548909449048066, 1744548624257347586, '8', '0.1600', '0.0800', '±0.1600', 0, '氮气', 0.40, '±0.1600', NULL, '2024-01-09 10:37:32', '2024-01-09 10:37:32');
INSERT INTO `biz_business_device_measure_item_data_piston_gauge` VALUES (1744548909449048067, 1744548624257347586, '12', '0.1600', '0.0800', '±0.1600', 0, '氮气', 0.40, '±0.1600', NULL, '2024-01-09 10:37:32', '2024-01-09 10:37:32');
INSERT INTO `biz_business_device_measure_item_data_piston_gauge` VALUES (1744548909449048068, 1744548624257347586, '16', '0.1600', '0.0800', '±0.1600', 0, '氮气', 0.40, '±0.1600', NULL, '2024-01-09 10:37:32', '2024-01-09 10:37:32');
INSERT INTO `biz_business_device_measure_item_data_piston_gauge` VALUES (1744548909449048069, 1744548624257347586, '20', '0.1600', '0.0800', '±0.1600', 0, '氮气', 0.40, '±0.1600', NULL, '2024-01-09 10:37:32', '2024-01-09 10:37:32');
INSERT INTO `biz_business_device_measure_item_data_piston_gauge` VALUES (1744548909453242369, 1744548624257347586, '24', '0.1600', '0.0800', '±0.1600', 0, '氮气', 0.40, '±0.1600', NULL, '2024-01-09 10:37:32', '2024-01-09 10:37:32');
INSERT INTO `biz_business_device_measure_item_data_piston_gauge` VALUES (1744548909453242370, 1744548624257347586, '28', '0.1600', '0.0800', '±0.1600', 0, '氮气', 0.40, '±0.1600', NULL, '2024-01-09 10:37:32', '2024-01-09 10:37:32');
INSERT INTO `biz_business_device_measure_item_data_piston_gauge` VALUES (1744548909453242371, 1744548624257347586, '32', '0.1600', '0.0800', '±0.1600', 0, '氮气', 0.40, '±0.1600', NULL, '2024-01-09 10:37:32', '2024-01-09 10:37:32');
INSERT INTO `biz_business_device_measure_item_data_piston_gauge` VALUES (1744548909453242372, 1744548624257347586, '36', '0.1600', '0.0800', '±0.1600', 0, '氮气', 0.40, '±0.1600', NULL, '2024-01-09 10:37:32', '2024-01-09 10:37:32');
INSERT INTO `biz_business_device_measure_item_data_piston_gauge` VALUES (1744548909453242373, 1744548624257347586, '40', '0.1600', '0.0800', '±0.1600', 0, '氮气', 0.40, '±0.1600', NULL, '2024-01-09 10:37:32', '2024-01-09 10:37:32');
INSERT INTO `biz_business_device_measure_item_data_piston_gauge` VALUES (1744549432252264449, 1744549078085234690, '0', '0.0032', '0.0016', '±0.0032', 0, '氮气', 0.20, '±0.0032', 4.000, '2024-01-09 10:39:37', '2024-01-09 10:39:37');
INSERT INTO `biz_business_device_measure_item_data_piston_gauge` VALUES (1744549432252264450, 1744549078085234690, '0.32', '0.0032', '0.0016', '±0.0032', 0, '氮气', 0.20, '±0.0032', 7.200, '2024-01-09 10:39:37', '2024-01-09 10:39:37');
INSERT INTO `biz_business_device_measure_item_data_piston_gauge` VALUES (1744549432256458754, 1744549078085234690, '0.64', '0.0032', '0.0016', '±0.0032', 0, '氮气', 0.20, '±0.0032', 10.400, '2024-01-09 10:39:37', '2024-01-09 10:39:37');
INSERT INTO `biz_business_device_measure_item_data_piston_gauge` VALUES (1744549432256458755, 1744549078085234690, '0.96', '0.0032', '0.0016', '±0.0032', 0, '氮气', 0.20, '±0.0032', 13.600, '2024-01-09 10:39:37', '2024-01-09 10:39:37');
INSERT INTO `biz_business_device_measure_item_data_piston_gauge` VALUES (1744549432256458756, 1744549078085234690, '1.28', '0.0032', '0.0016', '±0.0032', 0, '氮气', 0.20, '±0.0032', 16.800, '2024-01-09 10:39:37', '2024-01-09 10:39:37');
INSERT INTO `biz_business_device_measure_item_data_piston_gauge` VALUES (1744549432256458757, 1744549078085234690, '1.6', '0.0032', '0.0016', '±0.0032', 0, '氮气', 0.20, '±0.0032', 20.000, '2024-01-09 10:39:37', '2024-01-09 10:39:37');
INSERT INTO `biz_business_device_measure_item_data_piston_gauge` VALUES (1744549701430112258, 1744549549520809986, '0', '0.0320', '0.0250', '±0.0320', 0, '氮气', 0.20, '±0.0500', 4.000, '2024-01-09 10:40:41', '2024-01-09 10:40:41');
INSERT INTO `biz_business_device_measure_item_data_piston_gauge` VALUES (1744549701434306562, 1744549549520809986, '6.25', '0.0320', '0.0250', '±0.0320', 0, '氮气', 0.20, '±0.0500', 8.000, '2024-01-09 10:40:41', '2024-01-09 10:40:41');
INSERT INTO `biz_business_device_measure_item_data_piston_gauge` VALUES (1744549701434306563, 1744549549520809986, '12.5', '0.0320', '0.0250', '±0.0320', 0, '氮气', 0.20, '±0.0500', 12.000, '2024-01-09 10:40:41', '2024-01-09 10:40:41');
INSERT INTO `biz_business_device_measure_item_data_piston_gauge` VALUES (1744549701438500865, 1744549549520809986, '18.75', '0.0320', '0.0250', '±0.0320', 0, '氮气', 0.20, '±0.0500', 16.000, '2024-01-09 10:40:41', '2024-01-09 10:40:41');
INSERT INTO `biz_business_device_measure_item_data_piston_gauge` VALUES (1744549701438500866, 1744549549520809986, '25', '0.0320', '0.0250', '±0.0320', 0, '氮气', 0.20, '±0.0500', 20.000, '2024-01-09 10:40:41', '2024-01-09 10:40:41');
INSERT INTO `biz_business_device_measure_item_data_piston_gauge` VALUES (1744551268002656257, 1744550888581722113, '0', '0.0040', '0.0020', '±0.0040', 1, '氮气', 2.50, '±0.0040', NULL, '2024-01-09 10:46:54', '2024-01-09 10:46:54');
INSERT INTO `biz_business_device_measure_item_data_piston_gauge` VALUES (1744551268002656258, 1744550888581722113, '0.04', '0.0040', '0.0020', '±0.0040', 1, '氮气', 2.50, '±0.0040', NULL, '2024-01-09 10:46:54', '2024-01-09 10:46:54');
INSERT INTO `biz_business_device_measure_item_data_piston_gauge` VALUES (1744551268006850562, 1744550888581722113, '0.08', '0.0040', '0.0020', '±0.0040', 1, '氮气', 2.50, '±0.0040', NULL, '2024-01-09 10:46:54', '2024-01-09 10:46:54');
INSERT INTO `biz_business_device_measure_item_data_piston_gauge` VALUES (1744551268006850563, 1744550888581722113, '0.12', '0.0040', '0.0020', '±0.0040', 1, '氮气', 2.50, '±0.0040', NULL, '2024-01-09 10:46:54', '2024-01-09 10:46:54');
INSERT INTO `biz_business_device_measure_item_data_piston_gauge` VALUES (1744551268006850564, 1744550888581722113, '0.16', '0.0064', '0.0032', '±0.0064', 1, '氮气', 4.00, '±0.0064', NULL, '2024-01-09 10:46:54', '2024-01-09 10:46:54');
INSERT INTO `biz_business_device_measure_item_data_piston_gauge` VALUES (1744556637747769345, 1734508638086664194, '0', '0.0200', '0.0100', '±0.0200', 0, '氮气', 0.20, '±0.0200', 4.000, '2024-01-09 11:08:14', '2024-01-09 11:08:14');
INSERT INTO `biz_business_device_measure_item_data_piston_gauge` VALUES (1744556637747769346, 1734508638086664194, '2', '0.0200', '0.0100', '±0.0200', 0, '氮气', 0.20, '±0.0200', 7.200, '2024-01-09 11:08:14', '2024-01-09 11:08:14');
INSERT INTO `biz_business_device_measure_item_data_piston_gauge` VALUES (1744556637747769347, 1734508638086664194, '4', '0.0200', '0.0100', '±0.0200', 0, '氮气', 0.20, '±0.0200', 10.400, '2024-01-09 11:08:14', '2024-01-09 11:08:14');
INSERT INTO `biz_business_device_measure_item_data_piston_gauge` VALUES (1744556637751963649, 1734508638086664194, '6', '0.0200', '0.0100', '±0.0200', 0, '氮气', 0.20, '±0.0200', 13.600, '2024-01-09 11:08:14', '2024-01-09 11:08:14');
INSERT INTO `biz_business_device_measure_item_data_piston_gauge` VALUES (1744556637751963650, 1734508638086664194, '8', '0.0200', '0.0100', '±0.0200', 0, '氮气', 0.20, '±0.0200', 16.800, '2024-01-09 11:08:14', '2024-01-09 11:08:14');
INSERT INTO `biz_business_device_measure_item_data_piston_gauge` VALUES (1744556637751963651, 1734508638086664194, '10', '0.0200', '0.0100', '±0.0200', 0, '氮气', 0.20, '±0.0200', 20.000, '2024-01-09 11:08:14', '2024-01-09 11:08:14');
INSERT INTO `biz_business_device_measure_item_data_piston_gauge` VALUES (1744557687380733954, 1734509677942706178, '1', '0.0090', '0.0045', '±0.0090', 0, '氮气', 0.10, '±0.0090', NULL, '2024-01-09 11:12:25', '2024-01-09 11:12:25');
INSERT INTO `biz_business_device_measure_item_data_piston_gauge` VALUES (1744557687380733955, 1734509677942706178, '2', '0.0090', '0.0045', '±0.0090', 0, '氮气', 0.10, '±0.0090', NULL, '2024-01-09 11:12:25', '2024-01-09 11:12:25');
INSERT INTO `biz_business_device_measure_item_data_piston_gauge` VALUES (1744557687384928257, 1734509677942706178, '3', '0.0090', '0.0045', '±0.0090', 0, '氮气', 0.10, '±0.0090', NULL, '2024-01-09 11:12:25', '2024-01-09 11:12:25');
INSERT INTO `biz_business_device_measure_item_data_piston_gauge` VALUES (1744557687384928258, 1734509677942706178, '4', '0.0090', '0.0045', '±0.0090', 0, '氮气', 0.10, '±0.0090', NULL, '2024-01-09 11:12:25', '2024-01-09 11:12:25');
INSERT INTO `biz_business_device_measure_item_data_piston_gauge` VALUES (1744557687384928259, 1734509677942706178, '5', '0.0090', '0.0045', '±0.0090', 0, '氮气', 0.10, '±0.0090', NULL, '2024-01-09 11:12:25', '2024-01-09 11:12:25');
INSERT INTO `biz_business_device_measure_item_data_piston_gauge` VALUES (1744557687389122561, 1734509677942706178, '6', '0.0090', '0.0045', '±0.0090', 0, '氮气', 0.10, '±0.0090', NULL, '2024-01-09 11:12:25', '2024-01-09 11:12:25');
INSERT INTO `biz_business_device_measure_item_data_piston_gauge` VALUES (1744557687389122562, 1734509677942706178, '7', '0.0090', '0.0045', '±0.0090', 0, '氮气', 0.10, '±0.0090', NULL, '2024-01-09 11:12:25', '2024-01-09 11:12:25');
INSERT INTO `biz_business_device_measure_item_data_piston_gauge` VALUES (1744557687389122563, 1734509677942706178, '8', '0.0090', '0.0045', '±0.0090', 0, '氮气', 0.10, '±0.0090', NULL, '2024-01-09 11:12:25', '2024-01-09 11:12:25');
INSERT INTO `biz_business_device_measure_item_data_piston_gauge` VALUES (1744557687393316865, 1734509677942706178, '9', '0.0090', '0.0045', '±0.0090', 0, '氮气', 0.10, '±0.0090', NULL, '2024-01-09 11:12:25', '2024-01-09 11:12:25');
INSERT INTO `biz_business_device_measure_item_data_piston_gauge` VALUES (1744557687393316866, 1734509677942706178, '10', '0.0090', '0.0045', '±0.0090', 0, '氮气', 0.10, '±0.0090', NULL, '2024-01-09 11:12:25', '2024-01-09 11:12:25');

-- ----------------------------
-- Table structure for biz_business_device_measure_item_info
-- ----------------------------
CREATE TABLE `biz_business_device_measure_item_info`  (
  `id` bigint NOT NULL,
  `device_model_id` bigint NOT NULL COMMENT '受检设备规格型号表id',
  `device_type` varchar(20) CHARACTER SET utf8mb3 COLLATE utf8mb3_general_ci NULL DEFAULT NULL COMMENT '设备分类(eqptDeviceType字典code)',
  `belong_standard_equipment` varchar(20) CHARACTER SET utf8mb3 COLLATE utf8mb3_general_ci NULL DEFAULT NULL COMMENT '检校标准装置(字典code)',
  `help_field_instruction` varchar(255) CHARACTER SET utf8mb3 COLLATE utf8mb3_general_ci NULL DEFAULT NULL COMMENT '辅助字段说明',
  `item_category_id` bigint NOT NULL COMMENT '设备检定项分类表id',
  `item_category_name` varchar(255) CHARACTER SET utf8mb3 COLLATE utf8mb3_general_ci NULL DEFAULT NULL COMMENT '设备检定项分类名字',
  `data_sync` tinyint(1) NULL DEFAULT NULL COMMENT '检定项数据是否同步(1/0)',
  `sync_time` timestamp(0) NULL DEFAULT NULL COMMENT '自动检定系统最新同步时间',
  `appearance_function_check` tinyint(1) NULL DEFAULT NULL COMMENT '外观及功能性检查(1/0)',
  `sealing_test` tinyint(1) NULL DEFAULT 0 COMMENT '密封试验(1/0)(安全阀)',
  `voltage_regulation` tinyint(1) NULL DEFAULT 0 COMMENT '电源电压调整率(1/0)(直流稳压电源)',
  `load_regulation` tinyint(1) NULL DEFAULT 0 COMMENT '负载调整率(1/0)(直流稳压电源)',
  `voltage_represent_error` tinyint(1) NULL DEFAULT 0 COMMENT '电压表示值误差(1/0)(直流稳压电源)',
  `current_represent_error_direct` tinyint(1) NULL DEFAULT 0 COMMENT '电流表示值误差(直接测量)(1/0)(直流稳压电源)',
  `current_represent_error_indirect` tinyint(1) NULL DEFAULT 0 COMMENT '电流表示值误差(间接测量)(1/0)(直流稳压电源)',
  `ripple_voltage` tinyint(1) NULL DEFAULT 0 COMMENT '纹波电压(1/0)(直流稳压电源)',
  `voltage_output_stability` tinyint(1) NULL DEFAULT 0 COMMENT '输出电压短期稳定性(1/0)(直流稳压电源)',
  `wave_even_test` tinyint(1) NULL DEFAULT 0 COMMENT '波动性测试和均匀性测试(二等铂)',
  `insulate_resistance` tinyint(1) NULL DEFAULT 0 COMMENT '绝缘电阻(二等铂)',
  `angle_adjust_error` tinyint(1) NULL DEFAULT 0 COMMENT '角度调整误差(二等铂)',
  `indication_error` tinyint(1) NULL DEFAULT 0 COMMENT '示值误差(二等铂)',
  `allow_error` tinyint(1) NULL DEFAULT 0 COMMENT '允差(二等铂)',
  `frequency_display` tinyint(1) NULL DEFAULT 0 COMMENT '频率显示(频谱分析仪)',
  `sweep_width` tinyint(1) NULL DEFAULT 0 COMMENT '扫频宽度(频谱分析仪)',
  `middle_frequency_width` tinyint(1) NULL DEFAULT 0 COMMENT '中频宽度(频谱分析仪)',
  `middle_conversion_deviation` tinyint(1) NULL DEFAULT 0 COMMENT '中频带宽转换偏差(频谱分析仪)',
  `reference_level` tinyint(1) NULL DEFAULT 0 COMMENT '参考电平(频谱分析仪)',
  `vertical_scale` tinyint(1) NULL DEFAULT 0 COMMENT '垂直刻度(频谱分析仪)',
  `input_frequency` tinyint(1) NULL DEFAULT 0 COMMENT '输入频响(频谱分析仪)',
  `average_noise_level` tinyint(1) NULL DEFAULT 0 COMMENT '平均噪声电平(频谱分析仪)',
  `harmonic_distortion` tinyint(1) NULL DEFAULT 0 COMMENT '谐波失真(频谱分析仪)',
  `input_attenuation` tinyint(1) NULL DEFAULT 0 COMMENT '输入衰减(频谱分析仪)',
  `gain_compression` tinyint(1) NULL DEFAULT 0 COMMENT '1dB增益压缩点(频谱分析仪)',
  `item_remark` varchar(1024) CHARACTER SET utf8mb3 COLLATE utf8mb3_general_ci NULL DEFAULT NULL COMMENT '检定项备注',
  `as_template` tinyint(1) NULL DEFAULT NULL COMMENT '是否存为模板',
  `create_time` timestamp(0) NULL DEFAULT CURRENT_TIMESTAMP(0) COMMENT '创建时间',
  `update_time` timestamp(0) NULL DEFAULT CURRENT_TIMESTAMP(0) ON UPDATE CURRENT_TIMESTAMP(0) COMMENT '更新时间',
  PRIMARY KEY (`id`) USING BTREE
) ENGINE = InnoDB CHARACTER SET = utf8mb3 COLLATE = utf8mb3_general_ci COMMENT = '计量检定业务-受检设备检定管理-检定项' ROW_FORMAT = Dynamic;

-- ----------------------------
-- Records of biz_business_device_measure_item_info
-- ----------------------------
INSERT INTO `biz_business_device_measure_item_info` VALUES (1733040646677098497, 1730408575831928833, '1', '1', NULL, 1733040594852278274, '数字多用表(手持)', 0, NULL, 0, NULL, NULL, NULL, NULL, NULL, NULL, NULL, NULL, NULL, NULL, NULL, NULL, NULL, NULL, NULL, NULL, NULL, NULL, NULL, NULL, NULL, NULL, NULL, NULL, NULL, 1, '2023-12-08 16:27:44', '2023-12-12 11:54:03');
INSERT INTO `biz_business_device_measure_item_info` VALUES (1733043135862304769, 1732563238979162114, '1', '1', NULL, 1733042914533076993, '交流电压表', 0, NULL, 1, NULL, NULL, NULL, NULL, NULL, NULL, NULL, NULL, NULL, NULL, NULL, NULL, NULL, NULL, NULL, NULL, NULL, NULL, NULL, NULL, NULL, NULL, NULL, NULL, NULL, 0, '2023-12-08 16:37:37', '2023-12-08 16:41:45');
INSERT INTO `biz_business_device_measure_item_info` VALUES (1734023904881602562, 1731876771571220482, '2', '4', NULL, 1734023479440764930, '一般压力表', 0, NULL, NULL, NULL, NULL, NULL, NULL, NULL, NULL, NULL, NULL, NULL, NULL, NULL, NULL, NULL, NULL, NULL, NULL, NULL, NULL, NULL, NULL, NULL, NULL, NULL, NULL, NULL, 0, '2023-12-11 09:34:51', '2023-12-11 09:43:28');
INSERT INTO `biz_business_device_measure_item_info` VALUES (1734122443779403778, 1732246409618423809, '1', '1', NULL, 1733042914533076993, '交流电压表', 0, NULL, 1, NULL, NULL, NULL, NULL, NULL, NULL, NULL, NULL, NULL, NULL, NULL, NULL, NULL, NULL, NULL, NULL, NULL, NULL, NULL, NULL, NULL, NULL, NULL, NULL, NULL, 0, '2023-12-11 16:06:25', '2023-12-11 16:55:27');
INSERT INTO `biz_business_device_measure_item_info` VALUES (1734128176830935042, 1734115513904201730, '1', '1', NULL, 1733040594852278274, '数字多用表(手持)', 0, NULL, 1, NULL, NULL, NULL, NULL, NULL, NULL, NULL, NULL, NULL, NULL, NULL, NULL, NULL, NULL, NULL, NULL, NULL, NULL, NULL, NULL, NULL, NULL, NULL, NULL, NULL, 0, '2023-12-11 16:29:12', '2023-12-11 16:30:20');
INSERT INTO `biz_business_device_measure_item_info` VALUES (1734132379313827841, 1734127094083944450, '1', '1', NULL, 1733042914533076993, '交流电压表', 0, NULL, 1, NULL, NULL, NULL, NULL, NULL, NULL, NULL, NULL, NULL, NULL, NULL, NULL, NULL, NULL, NULL, NULL, NULL, NULL, NULL, NULL, NULL, NULL, NULL, NULL, NULL, 0, '2023-12-11 16:45:54', '2023-12-11 16:46:27');
INSERT INTO `biz_business_device_measure_item_info` VALUES (1734134059954663425, 1734126020275011586, '1', '1', NULL, 1734496887278440449, '数字多用表(台式)', 0, NULL, 1, NULL, NULL, NULL, NULL, NULL, NULL, NULL, NULL, NULL, NULL, NULL, NULL, NULL, NULL, NULL, NULL, NULL, NULL, NULL, NULL, NULL, NULL, NULL, NULL, NULL, 0, '2023-12-11 16:52:34', '2023-12-11 16:53:16');
INSERT INTO `biz_business_device_measure_item_info` VALUES (1734135103858208770, 1734124953319571458, '1', '1', NULL, 1733044485270564865, '交流电流表', NULL, NULL, NULL, NULL, NULL, NULL, NULL, NULL, NULL, NULL, NULL, NULL, NULL, NULL, NULL, NULL, NULL, NULL, NULL, NULL, NULL, NULL, NULL, NULL, NULL, NULL, NULL, NULL, NULL, '2023-12-11 16:56:43', '2023-12-11 16:56:43');
INSERT INTO `biz_business_device_measure_item_info` VALUES (1734135521527001090, 1734117848361533442, '1', '1', NULL, 1733057271149129729, '钳形电流表', 0, NULL, 1, NULL, NULL, NULL, NULL, NULL, NULL, NULL, NULL, NULL, NULL, NULL, NULL, NULL, NULL, NULL, NULL, NULL, NULL, NULL, NULL, NULL, NULL, NULL, NULL, NULL, 0, '2023-12-11 16:58:23', '2023-12-13 09:51:54');
INSERT INTO `biz_business_device_measure_item_info` VALUES (1734136268977139713, 1734125227924848641, '1', '1', NULL, 1733056555605061634, '直流电流表', NULL, NULL, NULL, NULL, NULL, NULL, NULL, NULL, NULL, NULL, NULL, NULL, NULL, NULL, NULL, NULL, NULL, NULL, NULL, NULL, NULL, NULL, NULL, NULL, NULL, NULL, NULL, NULL, NULL, '2023-12-11 17:01:21', '2023-12-11 17:01:21');
INSERT INTO `biz_business_device_measure_item_info` VALUES (1734136700533272577, 1730410692202229762, '1', '1', NULL, 1733058105983397890, '多功能电力参数测量仪', 0, NULL, 1, NULL, NULL, NULL, NULL, NULL, NULL, NULL, NULL, NULL, NULL, NULL, NULL, NULL, NULL, NULL, NULL, NULL, NULL, NULL, NULL, NULL, NULL, NULL, NULL, NULL, 0, '2023-12-11 17:03:04', '2023-12-11 17:19:26');
INSERT INTO `biz_business_device_measure_item_info` VALUES (1734140990324797442, 1731502315241840641, '1', '1', NULL, 1733058105983397890, '多功能电力参数测量仪', 0, NULL, 1, NULL, NULL, NULL, NULL, NULL, NULL, NULL, NULL, NULL, NULL, NULL, NULL, NULL, NULL, NULL, NULL, NULL, NULL, NULL, NULL, NULL, NULL, NULL, NULL, NULL, 0, '2023-12-11 17:20:07', '2023-12-11 17:22:55');
INSERT INTO `biz_business_device_measure_item_info` VALUES (1734142814951895041, 1734118025289859074, '1', '1', NULL, 1733057271149129729, '钳形电流表', 0, NULL, 1, NULL, NULL, NULL, NULL, NULL, NULL, NULL, NULL, NULL, NULL, NULL, NULL, NULL, NULL, NULL, NULL, NULL, NULL, NULL, NULL, NULL, NULL, NULL, NULL, NULL, 0, '2023-12-11 17:27:22', '2023-12-12 11:29:25');
INSERT INTO `biz_business_device_measure_item_info` VALUES (1734377314361339905, 1734118365229809665, '1', '1', NULL, 1733058609375375362, '指针式万用表', 0, NULL, 1, NULL, NULL, NULL, NULL, NULL, NULL, NULL, NULL, NULL, NULL, NULL, NULL, NULL, NULL, NULL, NULL, NULL, NULL, NULL, NULL, NULL, NULL, NULL, NULL, NULL, 0, '2023-12-12 08:59:11', '2023-12-12 11:37:45');
INSERT INTO `biz_business_device_measure_item_info` VALUES (1734415543953297409, 1734118241149714433, '1', '1', NULL, 1733058609375375362, '指针式万用表', 0, NULL, 1, NULL, NULL, NULL, NULL, NULL, NULL, NULL, NULL, NULL, NULL, NULL, NULL, NULL, NULL, NULL, NULL, NULL, NULL, NULL, NULL, NULL, NULL, NULL, NULL, NULL, 0, '2023-12-12 11:31:05', '2023-12-12 11:33:41');
INSERT INTO `biz_business_device_measure_item_info` VALUES (1734419162282889218, 1734125418706960386, '1', '1', NULL, 1733056349626986497, '直流电压表', 0, NULL, 1, NULL, NULL, NULL, NULL, NULL, NULL, NULL, NULL, NULL, NULL, NULL, NULL, NULL, NULL, NULL, NULL, NULL, NULL, NULL, NULL, NULL, NULL, NULL, NULL, NULL, 0, '2023-12-12 11:45:28', '2023-12-12 11:47:02');
INSERT INTO `biz_business_device_measure_item_info` VALUES (1734421529761976322, 1734116162578481153, '1', '1', NULL, 1733040594852278274, '数字多用表(手持)', 0, NULL, 0, NULL, NULL, NULL, NULL, NULL, NULL, NULL, NULL, NULL, NULL, NULL, NULL, NULL, NULL, NULL, NULL, NULL, NULL, NULL, NULL, NULL, NULL, NULL, NULL, NULL, 1, '2023-12-12 11:54:52', '2023-12-13 16:55:57');
INSERT INTO `biz_business_device_measure_item_info` VALUES (1734496054168031234, 1732238765826514946, '1', '1', NULL, 1733040594852278274, '数字多用表(手持)', 0, NULL, 1, NULL, NULL, NULL, NULL, NULL, NULL, NULL, NULL, NULL, NULL, NULL, NULL, NULL, NULL, NULL, NULL, NULL, NULL, NULL, NULL, NULL, NULL, NULL, NULL, NULL, 0, '2023-12-12 16:51:01', '2023-12-12 17:58:57');
INSERT INTO `biz_business_device_measure_item_info` VALUES (1734496611381317634, 1730410345547198465, '1', '1', NULL, 1734496887278440449, '数字多用表(台式)', 0, NULL, 1, NULL, NULL, NULL, NULL, NULL, NULL, NULL, NULL, NULL, NULL, NULL, NULL, NULL, NULL, NULL, NULL, NULL, NULL, NULL, NULL, NULL, NULL, NULL, NULL, NULL, 0, '2023-12-12 16:53:13', '2023-12-12 18:00:52');
INSERT INTO `biz_business_device_measure_item_info` VALUES (1734504985321836545, 1731876901535924226, '2', '4', NULL, 1734023479440764930, '一般压力表', 0, NULL, NULL, NULL, NULL, NULL, NULL, NULL, NULL, NULL, NULL, NULL, NULL, NULL, NULL, NULL, NULL, NULL, NULL, NULL, NULL, NULL, NULL, NULL, NULL, NULL, NULL, NULL, 0, '2023-12-12 17:26:30', '2023-12-12 17:27:05');
INSERT INTO `biz_business_device_measure_item_info` VALUES (1734508638086664194, 1734506931604750338, '2', '4', NULL, 1734508288751472642, '压力传感器', 0, NULL, NULL, NULL, NULL, NULL, NULL, NULL, NULL, NULL, NULL, NULL, NULL, NULL, NULL, NULL, NULL, NULL, NULL, NULL, NULL, NULL, NULL, NULL, NULL, NULL, NULL, '禁油', 0, '2023-12-12 17:41:01', '2023-12-13 16:28:05');
INSERT INTO `biz_business_device_measure_item_info` VALUES (1734509677942706178, 1734507361374109697, '2', '4', NULL, 1734508480577966081, '数字压力计', 0, NULL, NULL, NULL, NULL, NULL, NULL, NULL, NULL, NULL, NULL, NULL, NULL, NULL, NULL, NULL, NULL, NULL, NULL, NULL, NULL, NULL, NULL, NULL, NULL, NULL, NULL, NULL, 0, '2023-12-12 17:45:09', '2023-12-12 17:45:33');
INSERT INTO `biz_business_device_measure_item_info` VALUES (1734509767889555458, 1734506694119063553, '2', '4', NULL, 1734508378228559873, '压力变送器', 0, NULL, NULL, NULL, NULL, NULL, NULL, NULL, NULL, NULL, NULL, NULL, NULL, NULL, NULL, NULL, NULL, NULL, NULL, NULL, NULL, NULL, NULL, NULL, NULL, NULL, NULL, NULL, 0, '2023-12-12 17:45:30', '2023-12-14 10:44:15');
INSERT INTO `biz_business_device_measure_item_info` VALUES (1734510180583903233, 1731877173184217090, '2', '4', NULL, 1734508149324419073, '精密压力表', 0, NULL, NULL, NULL, NULL, NULL, NULL, NULL, NULL, NULL, NULL, NULL, NULL, NULL, NULL, NULL, NULL, NULL, NULL, NULL, NULL, NULL, NULL, NULL, NULL, NULL, NULL, NULL, 0, '2023-12-12 17:47:09', '2023-12-12 17:47:47');
INSERT INTO `biz_business_device_measure_item_info` VALUES (1734511787274964993, 1734507175142817794, '2', '4', NULL, 1734508028134199298, '电接点一般压力表', 0, NULL, NULL, NULL, NULL, NULL, NULL, NULL, NULL, NULL, NULL, NULL, NULL, NULL, NULL, NULL, NULL, NULL, NULL, NULL, NULL, NULL, NULL, NULL, NULL, NULL, NULL, NULL, 0, '2023-12-12 17:53:32', '2023-12-12 17:54:22');
INSERT INTO `biz_business_device_measure_item_info` VALUES (1734742668136714242, 1734124555456282625, '1', '1', NULL, 1733044485270564865, '交流电流表', NULL, NULL, NULL, NULL, NULL, NULL, NULL, NULL, NULL, NULL, NULL, NULL, NULL, NULL, NULL, NULL, NULL, NULL, NULL, NULL, NULL, NULL, NULL, NULL, NULL, NULL, NULL, NULL, NULL, '2023-12-13 09:10:58', '2023-12-13 09:10:58');
INSERT INTO `biz_business_device_measure_item_info` VALUES (1734784320746328065, 1734784067209068545, '2', '4', NULL, 1734023479440764930, '一般压力表', 0, NULL, NULL, NULL, NULL, NULL, NULL, NULL, NULL, NULL, NULL, NULL, NULL, NULL, NULL, NULL, NULL, NULL, NULL, NULL, NULL, NULL, NULL, NULL, NULL, NULL, NULL, NULL, 0, '2023-12-13 11:56:29', '2023-12-13 15:14:58');
INSERT INTO `biz_business_device_measure_item_info` VALUES (1734856448086675458, 1734854483264995329, '2', '4', NULL, 1734023479440764930, '一般压力表', 0, NULL, 0, NULL, NULL, NULL, NULL, NULL, NULL, NULL, NULL, NULL, NULL, NULL, NULL, NULL, NULL, NULL, NULL, NULL, NULL, NULL, NULL, NULL, NULL, NULL, NULL, NULL, 1, '2023-12-13 16:43:05', '2023-12-13 16:43:52');
INSERT INTO `biz_business_device_measure_item_info` VALUES (1734856783261896705, 1734854275743416322, '2', '4', NULL, 1734023479440764930, '一般压力表', 0, NULL, 0, NULL, NULL, NULL, NULL, NULL, NULL, NULL, NULL, NULL, NULL, NULL, NULL, NULL, NULL, NULL, NULL, NULL, NULL, NULL, NULL, NULL, NULL, NULL, NULL, NULL, 0, '2023-12-13 16:44:25', '2024-01-09 10:34:50');
INSERT INTO `biz_business_device_measure_item_info` VALUES (1734857508368977922, 1734784177921916929, '2', '4', NULL, 1734023479440764930, '一般压力表', 0, NULL, NULL, NULL, NULL, NULL, NULL, NULL, NULL, NULL, NULL, NULL, NULL, NULL, NULL, NULL, NULL, NULL, NULL, NULL, NULL, NULL, NULL, NULL, NULL, NULL, NULL, '能力受限，检定至60MPa', 0, '2023-12-13 16:47:18', '2023-12-13 16:48:25');
INSERT INTO `biz_business_device_measure_item_info` VALUES (1734858018836746242, 1734853607032946690, '2', '4', NULL, 1734508288751472642, '压力传感器', 0, NULL, 0, NULL, NULL, NULL, NULL, NULL, NULL, NULL, NULL, NULL, NULL, NULL, NULL, NULL, NULL, NULL, NULL, NULL, NULL, NULL, NULL, NULL, NULL, NULL, NULL, NULL, 0, '2023-12-13 16:49:20', '2023-12-14 11:41:15');
INSERT INTO `biz_business_device_measure_item_info` VALUES (1734858647093153794, 1734853308104900610, '2', '4', NULL, 1734508288751472642, '压力传感器', 0, NULL, 0, NULL, NULL, NULL, NULL, NULL, NULL, NULL, NULL, NULL, NULL, NULL, NULL, NULL, NULL, NULL, NULL, NULL, NULL, NULL, NULL, NULL, NULL, NULL, NULL, NULL, 1, '2023-12-13 16:51:50', '2023-12-13 16:52:14');
INSERT INTO `biz_business_device_measure_item_info` VALUES (1734858850735001602, 1734507515422507009, '2', '4', NULL, 1734508149324419073, '精密压力表', 0, NULL, 0, NULL, NULL, NULL, NULL, NULL, NULL, NULL, NULL, NULL, NULL, NULL, NULL, NULL, NULL, NULL, NULL, NULL, NULL, NULL, NULL, NULL, NULL, NULL, NULL, NULL, 0, '2023-12-13 16:52:38', '2024-01-09 11:06:48');
INSERT INTO `biz_business_device_measure_item_info` VALUES (1734859153899294721, 1734855378228805634, '2', '4', NULL, 1734508149324419073, '精密压力表', 0, NULL, 0, NULL, NULL, NULL, NULL, NULL, NULL, NULL, NULL, NULL, NULL, NULL, NULL, NULL, NULL, NULL, NULL, NULL, NULL, NULL, NULL, NULL, NULL, NULL, NULL, NULL, 1, '2023-12-13 16:53:50', '2023-12-13 16:57:29');
INSERT INTO `biz_business_device_measure_item_info` VALUES (1734859749167501314, 1734117525064581122, '1', '1', NULL, 1733040594852278274, '数字多用表(手持)', 0, NULL, 1, NULL, NULL, NULL, NULL, NULL, NULL, NULL, NULL, NULL, NULL, NULL, NULL, NULL, NULL, NULL, NULL, NULL, NULL, NULL, NULL, NULL, NULL, NULL, NULL, NULL, 0, '2023-12-13 16:56:12', '2023-12-13 16:56:42');
INSERT INTO `biz_business_device_measure_item_info` VALUES (1734860146309369858, 1734855604419231746, '2', '4', NULL, 1734508149324419073, '精密压力表', 0, NULL, 0, NULL, NULL, NULL, NULL, NULL, NULL, NULL, NULL, NULL, NULL, NULL, NULL, NULL, NULL, NULL, NULL, NULL, NULL, NULL, NULL, NULL, NULL, NULL, NULL, NULL, 1, '2023-12-13 16:57:47', '2023-12-13 16:59:17');
INSERT INTO `biz_business_device_measure_item_info` VALUES (1734860664373022722, 1734854777034047490, '2', '4', NULL, 1734508149324419073, '精密压力表', 0, NULL, 0, NULL, NULL, NULL, NULL, NULL, NULL, NULL, NULL, NULL, NULL, NULL, NULL, NULL, NULL, NULL, NULL, NULL, NULL, NULL, NULL, NULL, NULL, NULL, NULL, NULL, 1, '2023-12-13 16:59:51', '2023-12-13 17:00:19');
INSERT INTO `biz_business_device_measure_item_info` VALUES (1734860858506383361, 1734855191167041538, '2', '4', NULL, 1734508149324419073, '精密压力表', 0, NULL, 0, NULL, NULL, NULL, NULL, NULL, NULL, NULL, NULL, NULL, NULL, NULL, NULL, NULL, NULL, NULL, NULL, NULL, NULL, NULL, NULL, NULL, NULL, NULL, NULL, NULL, 1, '2023-12-13 17:00:37', '2023-12-13 17:01:07');
INSERT INTO `biz_business_device_measure_item_info` VALUES (1734861074492067842, 1734854987755880450, '2', '4', NULL, 1734508149324419073, '精密压力表', 0, NULL, NULL, NULL, NULL, NULL, NULL, NULL, NULL, NULL, NULL, NULL, NULL, NULL, NULL, NULL, NULL, NULL, NULL, NULL, NULL, NULL, NULL, NULL, NULL, NULL, NULL, NULL, 0, '2023-12-13 17:01:28', '2023-12-13 17:02:09');
INSERT INTO `biz_business_device_measure_item_info` VALUES (1735116063584063490, 1734862725344985089, '2', '4', NULL, 1734508028134199298, '电接点一般压力表', 0, NULL, NULL, NULL, NULL, NULL, NULL, NULL, NULL, NULL, NULL, NULL, NULL, NULL, NULL, NULL, NULL, NULL, NULL, NULL, NULL, NULL, NULL, NULL, NULL, NULL, NULL, NULL, 0, '2023-12-14 09:54:43', '2023-12-14 09:55:29');
INSERT INTO `biz_business_device_measure_item_info` VALUES (1735116473006854145, 1734862108056682498, '2', '4', NULL, 1734508480577966081, '数字压力计', 0, NULL, 0, NULL, NULL, NULL, NULL, NULL, NULL, NULL, NULL, NULL, NULL, NULL, NULL, NULL, NULL, NULL, NULL, NULL, NULL, NULL, NULL, NULL, NULL, NULL, NULL, NULL, 0, '2023-12-14 09:56:20', '2023-12-14 11:41:38');
INSERT INTO `biz_business_device_measure_item_info` VALUES (1735116660613877762, 1734861494870409218, '2', '4', NULL, 1734508378228559873, '压力变送器', 0, NULL, NULL, NULL, NULL, NULL, NULL, NULL, NULL, NULL, NULL, NULL, NULL, NULL, NULL, NULL, NULL, NULL, NULL, NULL, NULL, NULL, NULL, NULL, NULL, NULL, NULL, NULL, 0, '2023-12-14 09:57:05', '2023-12-14 09:58:16');
INSERT INTO `biz_business_device_measure_item_info` VALUES (1735117010926342146, 1734861702706561025, '2', '4', NULL, 1734508378228559873, '压力变送器', 0, NULL, NULL, NULL, NULL, NULL, NULL, NULL, NULL, NULL, NULL, NULL, NULL, NULL, NULL, NULL, NULL, NULL, NULL, NULL, NULL, NULL, NULL, NULL, NULL, NULL, NULL, NULL, 0, '2023-12-14 09:58:28', '2023-12-14 09:58:57');
INSERT INTO `biz_business_device_measure_item_info` VALUES (1735117239163588610, 1734863110696665089, '2', '4', NULL, 1734508028134199298, '电接点一般压力表', 0, NULL, NULL, NULL, NULL, NULL, NULL, NULL, NULL, NULL, NULL, NULL, NULL, NULL, NULL, NULL, NULL, NULL, NULL, NULL, NULL, NULL, NULL, NULL, NULL, NULL, NULL, NULL, 0, '2023-12-14 09:59:23', '2023-12-14 10:00:06');
INSERT INTO `biz_business_device_measure_item_info` VALUES (1735117572728197122, 1734862262969106434, '2', '4', NULL, 1734508480577966081, '数字压力计', 0, NULL, NULL, NULL, NULL, NULL, NULL, NULL, NULL, NULL, NULL, NULL, NULL, NULL, NULL, NULL, NULL, NULL, NULL, NULL, NULL, NULL, NULL, NULL, NULL, NULL, NULL, NULL, 0, '2023-12-14 10:00:42', '2023-12-14 10:01:52');
INSERT INTO `biz_business_device_measure_item_info` VALUES (1735580065518956545, 1734112486635929601, '1', '1', NULL, 1733040594852278274, '数字多用表(手持)', 0, NULL, 1, NULL, NULL, NULL, NULL, NULL, NULL, NULL, NULL, NULL, NULL, NULL, NULL, NULL, NULL, NULL, NULL, NULL, NULL, NULL, NULL, NULL, NULL, NULL, NULL, NULL, 0, '2023-12-15 16:38:29', '2023-12-15 16:38:37');
INSERT INTO `biz_business_device_measure_item_info` VALUES (1736595870113181698, 1736556921667829761, '1', '1', NULL, 1733057271149129729, '钳形电流表', NULL, NULL, NULL, NULL, NULL, NULL, NULL, NULL, NULL, NULL, NULL, NULL, NULL, NULL, NULL, NULL, NULL, NULL, NULL, NULL, NULL, NULL, NULL, NULL, NULL, NULL, NULL, NULL, NULL, '2023-12-18 11:54:57', '2023-12-18 11:54:57');
INSERT INTO `biz_business_device_measure_item_info` VALUES (1736745911138189314, 1734125847847174146, '1', '1', NULL, 1733056349626986497, '直流电压表', NULL, NULL, NULL, NULL, NULL, NULL, NULL, NULL, NULL, NULL, NULL, NULL, NULL, NULL, NULL, NULL, NULL, NULL, NULL, NULL, NULL, NULL, NULL, NULL, NULL, NULL, NULL, NULL, NULL, '2023-12-18 21:51:09', '2023-12-18 21:51:09');
INSERT INTO `biz_business_device_measure_item_info` VALUES (1737020221237059585, 1734118479721725953, '1', '1', NULL, 1733058609375375362, '指针式万用表', NULL, NULL, NULL, NULL, NULL, NULL, NULL, NULL, NULL, NULL, NULL, NULL, NULL, NULL, NULL, NULL, NULL, NULL, NULL, NULL, NULL, NULL, NULL, NULL, NULL, NULL, NULL, NULL, NULL, '2023-12-19 16:01:10', '2023-12-19 16:01:10');
INSERT INTO `biz_business_device_measure_item_info` VALUES (1738012114397786114, 1737297681316900865, '1', '1', NULL, 1733042914533076993, '交流电压表', NULL, NULL, NULL, NULL, NULL, NULL, NULL, NULL, NULL, NULL, NULL, NULL, NULL, NULL, NULL, NULL, NULL, NULL, NULL, NULL, NULL, NULL, NULL, NULL, NULL, NULL, NULL, NULL, NULL, '2023-12-22 09:42:36', '2023-12-22 09:42:36');
INSERT INTO `biz_business_device_measure_item_info` VALUES (1739471277070053378, 1737070795466772482, '1', '1', NULL, 1734496887278440449, '数字多用表(台式)', NULL, NULL, NULL, NULL, NULL, NULL, NULL, NULL, NULL, NULL, NULL, NULL, NULL, NULL, NULL, NULL, NULL, NULL, NULL, NULL, NULL, NULL, NULL, NULL, NULL, NULL, NULL, NULL, NULL, '2023-12-26 10:20:48', '2023-12-26 10:20:48');
INSERT INTO `biz_business_device_measure_item_info` VALUES (1740202920533651457, 1739808131694768131, '2', '4', NULL, 1734508480577966081, '数字压力计', NULL, NULL, NULL, NULL, NULL, NULL, NULL, NULL, NULL, NULL, NULL, NULL, NULL, NULL, NULL, NULL, NULL, NULL, NULL, NULL, NULL, NULL, NULL, NULL, NULL, NULL, NULL, NULL, NULL, '2023-12-28 10:48:06', '2023-12-28 10:48:06');
INSERT INTO `biz_business_device_measure_item_info` VALUES (1740203111416426497, 1739858427053649922, '2', '4', NULL, 1734023479440764930, '一般压力表', 0, NULL, NULL, NULL, NULL, NULL, NULL, NULL, NULL, NULL, NULL, NULL, NULL, NULL, NULL, NULL, NULL, NULL, NULL, NULL, NULL, NULL, NULL, NULL, NULL, NULL, NULL, NULL, 0, '2023-12-28 10:48:51', '2023-12-28 10:50:45');
INSERT INTO `biz_business_device_measure_item_info` VALUES (1742013708105773058, 1739548208171888644, '1', '1', NULL, 1733042914533076993, '交流电压表', 0, NULL, 1, NULL, NULL, NULL, NULL, NULL, NULL, NULL, NULL, NULL, NULL, NULL, NULL, NULL, NULL, NULL, NULL, NULL, NULL, NULL, NULL, NULL, NULL, NULL, NULL, NULL, 0, '2024-01-02 10:43:32', '2024-01-02 10:44:32');
INSERT INTO `biz_business_device_measure_item_info` VALUES (1744548394468208641, 1739808131845763074, '2', '4', NULL, 1734508149324419073, '精密压力表', NULL, NULL, NULL, NULL, NULL, NULL, NULL, NULL, NULL, NULL, NULL, NULL, NULL, NULL, NULL, NULL, NULL, NULL, NULL, NULL, NULL, NULL, NULL, NULL, NULL, NULL, NULL, NULL, NULL, '2024-01-09 10:35:29', '2024-01-09 10:35:29');
INSERT INTO `biz_business_device_measure_item_info` VALUES (1744548624257347586, 1739808131854151682, '2', '4', NULL, 1734508149324419073, '精密压力表', 0, NULL, NULL, NULL, NULL, NULL, NULL, NULL, NULL, NULL, NULL, NULL, NULL, NULL, NULL, NULL, NULL, NULL, NULL, NULL, NULL, NULL, NULL, NULL, NULL, NULL, NULL, NULL, 0, '2024-01-09 10:36:24', '2024-01-09 10:37:32');
INSERT INTO `biz_business_device_measure_item_info` VALUES (1744549078085234690, 1742885412168314882, '2', '4', NULL, 1734508288751472642, '压力传感器', 0, NULL, NULL, NULL, NULL, NULL, NULL, NULL, NULL, NULL, NULL, NULL, NULL, NULL, NULL, NULL, NULL, NULL, NULL, NULL, NULL, NULL, NULL, NULL, NULL, NULL, NULL, NULL, 0, '2024-01-09 10:38:12', '2024-01-09 10:39:37');
INSERT INTO `biz_business_device_measure_item_info` VALUES (1744549549520809986, 1744199355717480453, '2', '4', NULL, 1734508378228559873, '压力变送器', 0, NULL, NULL, NULL, NULL, NULL, NULL, NULL, NULL, NULL, NULL, NULL, NULL, NULL, NULL, NULL, NULL, NULL, NULL, NULL, NULL, NULL, NULL, NULL, NULL, NULL, NULL, NULL, 0, '2024-01-09 10:40:04', '2024-01-09 10:40:41');
INSERT INTO `biz_business_device_measure_item_info` VALUES (1744550379644874753, 1744199355675537410, '2', '6', NULL, 1744550250913296385, '安全阀校验', NULL, NULL, NULL, NULL, NULL, NULL, NULL, NULL, NULL, NULL, NULL, NULL, NULL, NULL, NULL, NULL, NULL, NULL, NULL, NULL, NULL, NULL, NULL, NULL, NULL, NULL, NULL, NULL, NULL, '2024-01-09 10:43:22', '2024-01-09 10:43:22');
INSERT INTO `biz_business_device_measure_item_info` VALUES (1744550888581722113, 1739808131854151685, '2', '4', NULL, 1734508028134199298, '电接点一般压力表', 0, NULL, NULL, NULL, NULL, NULL, NULL, NULL, NULL, NULL, NULL, NULL, NULL, NULL, NULL, NULL, NULL, NULL, NULL, NULL, NULL, NULL, NULL, NULL, NULL, NULL, NULL, NULL, 0, '2024-01-09 10:45:24', '2024-01-09 10:46:54');
INSERT INTO `biz_business_device_measure_item_info` VALUES (1747175971297021954, 1747175394827677697, '1', '1', NULL, 1733040594852278274, '数字多用表(手持)', 0, NULL, 1, 0, 0, 0, 0, 0, 0, NULL, 0, 0, 0, 0, 0, 0, NULL, NULL, NULL, NULL, NULL, NULL, NULL, NULL, NULL, NULL, NULL, NULL, 0, '2024-01-16 16:36:27', '2024-01-16 18:03:32');
INSERT INTO `biz_business_device_measure_item_info` VALUES (1747176392430309378, 1747175394827677697, '1', '3', NULL, 1729037460187652098, '电子式绝缘电阻表(数字式)', 0, NULL, 0, 0, 0, 0, 0, 0, 0, NULL, 0, 0, 0, 0, 0, 0, NULL, NULL, NULL, NULL, NULL, NULL, NULL, NULL, NULL, NULL, NULL, NULL, 0, '2024-01-16 16:38:07', '2024-01-16 16:38:07');

-- ----------------------------
